{"file_id":"F37","vid":"V2052","name":"P1686","var_intrvl":"discrete","var_dcml":"0","var_wgt":null,"var_is_wgt":null,"loc_start_pos":"185","loc_end_pos":"186","loc_width":"2","loc_rec_seg_no":"1","labl":"\u00bfCuantos meses tom\u00f3 la resoluci\u00f3n de su problema, desde el momento en que hizo algo para solucionarlo?","var_imputation":null,"var_security":"El acceso a microdatos y Mam-up se considera como de tratamiento especial respecto a la reserva estad\u00edstica por tanto estar\u00e1 sujeto a la reglamentaci\u00f3n que para el efecto defina el Comit\u00e9 de Aseguramiento de la reserva estad\u00edstica. Resoluci\u00f3n 173 de 2008.","var_resp_unit":"Las personas de 18 a\u00f1os y m\u00e1s suministrar\u00e1n la informaci\u00f3n directamente","var_analysis_unit":null,"var_qstn_preqtxt":"16. \u00bfEl problema de  ...  se solucion\u00f3?\n\n1\tS\u00ed\t\n2\tNo","var_qstn_qstnlit":"17.  \u00bfCuantos meses tom\u00f3 la resoluci\u00f3n de su problema, desde el momento en que hizo algo para solucionarlo?","var_qstn_postqtxt":"18. \u00bfSi le sucediera de nuevo este problema  ...  volver\u00eda a tomar el mismo camino para solucionarlo?\n\n1\tS\u00ed\t\n2\tNo","var_qstn_ivuinstr":"Busca determinar el tiempo que tard\u00f3 en resolverse el problema desde el momento en el cual la persona decidi\u00f3 hacer algo para resolverlo. Es importante tener en cuenta que esta fecha puede ser diferente al momento en el cual surgi\u00f3 el problema.\n\nLa respuesta est\u00e1 planteada en meses y es de car\u00e1cter num\u00e9rico. Si el tiempo de resoluci\u00f3n de un problema es inferior a un mes, por ejemplo 15 d\u00edas, registre 1 mes en la respuesta. Los valores aceptados para la respuesta est\u00e1n en el rango de 1 a 30.  Cuando el entrevistado no recuerde o no sepa este tiempo asigne el c\u00f3digo 99.","var_universe":"El universo para la Encuesta de Calidad de Vida est\u00e1 conformado por la poblaci\u00f3n civil no institucional residente en todo el territorio nacional. \n\nEste cap\u00edtulo va dirigido a todas las personas las personas de 18 a\u00f1os y m\u00e1s.","var_universe_clusion":"I","var_sumstat":[{"value":"0","type":"vald","wgtd":null},{"value":"0","type":"invd","wgtd":null}],"var_txt":null,"var_catgry":[],"var_codinstr":null,"var_concept":[],"var_format":{"type":"numeric","schema":"other","category":null,"name":null},"var_notes":null,"var_val_range":{"min":null,"max":null},"fid":"F37","sid":"456","survey_idno":"DANE-DIMPE-ECV-2016"}

¿Cuantos meses tomó la resolución de su problema, desde el momento en que hizo algo para solucionarlo?

El acceso a microdatos y Mam-up se considera como de tratamiento especial respecto a la reserva estadística por tanto estará sujeto a la reglamentación que para el efecto defina el Comité de Aseguramiento de la reserva estadística. Resolución 173 de 2008.

Las personas de 18 años y más suministrarán la información directamente

16. ¿El problema de  ...  se solucionó?

1	Sí	
2	No

17.  ¿Cuantos meses tomó la resolución de su problema, desde el momento en que hizo algo para solucionarlo?

18. ¿Si le sucediera de nuevo este problema  ...  volvería a tomar el mismo camino para solucionarlo?

1	Sí	
2	No

Busca determinar el tiempo que tardó en resolverse el problema desde el momento en el cual la persona decidió hacer algo para resolverlo. Es importante tener en cuenta que esta fecha puede ser diferente al momento en el cual surgió el problema.

La respuesta está planteada en meses y es de carácter numérico. Si el tiempo de resolución de un problema es inferior a un mes, por ejemplo 15 días, registre 1 mes en la respuesta. Los valores aceptados para la respuesta están en el rango de 1 a 30.  Cuando el entrevistado no recuerde o no sepa este tiempo asigne el código 99.

El universo para la Encuesta de Calidad de Vida está conformado por la población civil no institucional residente en todo el territorio nacional. 

Este capítulo va dirigido a todas las personas las personas de 18 años y más.
