{"file_id":"F37","vid":"V2058","name":"P1676S2","var_intrvl":"discrete","var_dcml":"0","var_wgt":null,"var_is_wgt":null,"loc_start_pos":"174","loc_end_pos":"175","loc_width":"2","loc_rec_seg_no":"1","labl":"En cu\u00e1ntos meses se produjo la decisi\u00f3n o el acuerdo?","var_imputation":null,"var_security":"El acceso a microdatos y Mam-up se considera como de tratamiento especial respecto a la reserva estad\u00edstica por tanto estar\u00e1 sujeto a la reglamentaci\u00f3n que para el efecto defina el Comit\u00e9 de Aseguramiento de la reserva estad\u00edstica. Resoluci\u00f3n 173 de 2008.","var_resp_unit":"Las personas de 18 a\u00f1os y m\u00e1s suministrar\u00e1n la informaci\u00f3n directamente","var_analysis_unit":null,"var_qstn_preqtxt":"7. \u00bfCu\u00e1l fue el resultado de acudir a esta persona, instituci\u00f3n o autoridad?\n\n1\tSe produjo decisi\u00f3n.\t\n2\tSe lleg\u00f3 a un acuerdo.\t\n3\t El caso no se ha resuelto o sigue en tr\u00e1mite\t\n4\tRetir\u00f3 la solicitud.\t\n5\tOtro","var_qstn_qstnlit":"7. \u00bfCu\u00e1l fue el resultado de acudir a esta persona, instituci\u00f3n o autoridad?\n\n1\tSe produjo decisi\u00f3n.\t\n2\tSe lleg\u00f3 a un acuerdo.\n\nEn cu\u00e1ntos meses se produjo la decisi\u00f3n o el acuerdo?","var_qstn_postqtxt":"8. \u00bfCu\u00e1l es la raz\u00f3n principal por la que el caso no se ha resuelto o sigue en tr\u00e1mite?\n\n1\tNo hab\u00eda en ese momento qui\u00e9n lo atendiera  -El establecimiento estaba cerrado.\t\n2\tFalta de pruebas u otros requisitos.\t\n3\tSe rechaz\u00f3 la solicitud.\t\n4\tNo era competencia de esa persona, autoridad o instituci\u00f3n\t\n5\tLa solicitud fue enviada a otra entidad (traslado)\t\n6\tEst\u00e1 pendiente\t\n7\tOtra\t\n9\tNo sabe \/ no ha recibido respuesta.","var_qstn_ivuinstr":"En caso de que la respuesta corresponda a una decisi\u00f3n o a un acuerdo, a continuaci\u00f3n se preguntar\u00e1 por el n\u00famero de meses que tard\u00f3 esa instancia o autoridad en llegar a la decisi\u00f3n o acuerdo. Si el tiempo es inferior a un mes, por ejemplo 15 d\u00edas, registre 1 mes en la respuesta. Los valores aceptados para la respuesta est\u00e1n en el rango de 1 a 24.","var_universe":"El universo para la Encuesta de Calidad de Vida est\u00e1 conformado por la poblaci\u00f3n civil no institucional residente en todo el territorio nacional. \n\nEste cap\u00edtulo va dirigido a todas las personas las personas de 18 a\u00f1os y m\u00e1s.","var_universe_clusion":"I","var_sumstat":[{"value":"0","type":"vald","wgtd":null},{"value":"0","type":"invd","wgtd":null}],"var_txt":null,"var_catgry":[],"var_codinstr":null,"var_concept":[],"var_format":{"type":"numeric","schema":"other","category":null,"name":null},"var_notes":null,"var_val_range":{"min":null,"max":null},"fid":"F37","sid":"456","survey_idno":"DANE-DIMPE-ECV-2016"}

En cuántos meses se produjo la decisión o el acuerdo?

El acceso a microdatos y Mam-up se considera como de tratamiento especial respecto a la reserva estadística por tanto estará sujeto a la reglamentación que para el efecto defina el Comité de Aseguramiento de la reserva estadística. Resolución 173 de 2008.

Las personas de 18 años y más suministrarán la información directamente

7. ¿Cuál fue el resultado de acudir a esta persona, institución o autoridad?

1	Se produjo decisión.	
2	Se llegó a un acuerdo.	
3	 El caso no se ha resuelto o sigue en trámite	
4	Retiró la solicitud.	
5	Otro

7. ¿Cuál fue el resultado de acudir a esta persona, institución o autoridad?

1	Se produjo decisión.	
2	Se llegó a un acuerdo.

En cuántos meses se produjo la decisión o el acuerdo?

8. ¿Cuál es la razón principal por la que el caso no se ha resuelto o sigue en trámite?

1	No había en ese momento quién lo atendiera  -El establecimiento estaba cerrado.	
2	Falta de pruebas u otros requisitos.	
3	Se rechazó la solicitud.	
4	No era competencia de esa persona, autoridad o institución	
5	La solicitud fue enviada a otra entidad (traslado)	
6	Está pendiente	
7	Otra	
9	No sabe / no ha recibido respuesta.

En caso de que la respuesta corresponda a una decisión o a un acuerdo, a continuación se preguntará por el número de meses que tardó esa instancia o autoridad en llegar a la decisión o acuerdo. Si el tiempo es inferior a un mes, por ejemplo 15 días, registre 1 mes en la respuesta. Los valores aceptados para la respuesta están en el rango de 1 a 24.

El universo para la Encuesta de Calidad de Vida está conformado por la población civil no institucional residente en todo el territorio nacional. 

Este capítulo va dirigido a todas las personas las personas de 18 años y más.
