{"file_id":"F4","vid":"V170","name":"QH78","var_intrvl":"discrete","var_dcml":"0","var_wgt":null,"var_is_wgt":null,"loc_start_pos":"129","loc_end_pos":"129","loc_width":"1","loc_rec_seg_no":"1","labl":"Alguna persona estuvo hospitalizada en el \u00faltimo a\u00f1o","var_imputation":null,"var_security":null,"var_resp_unit":"Directo","var_analysis_unit":null,"var_qstn_preqtxt":"En los ultimos treinta d\u00edas,alguna persona de este hogar estuvo enferma, tuvo un accidente, tuvo alg\u00fan problema odontol\u00f3gico u otro problema de salud, que no haya implicado hospitalizaci\u00f3n?\n\n1\tSi\n2\tNo","var_qstn_qstnlit":"Durante los \u00faltimos 12 meses, alguna persona de este hogar estuvo hospitalizada? \n\n1\tSi\n2\tNo","var_qstn_postqtxt":"Cu\u00e1l fue la causa m\u00e1s importante\/grave por la que estuvo hospitalizado?\n\n1\tEmbarazo\n2\tCirug\u00eda\n3\tEnfermedad\n4\tAccidente de trabajo\n5\tAccidente de tr\u00e1nsito\n6\tOtro accidente\n7\tHerida de arma\n8\tViolencia intrafamiliar\n96\tOtra","var_qstn_ivuinstr":"Alguna persona del hogar  estuvo hospitalizada, es decir, que estuvo por al menos und\u00eda en un hospital o cl\u00ednica para tratarse la causa de la hospitalizaci\u00f3n, ya sea embarazo, cirug\u00eda, enfermedad, accidente de trabajo, accidente de transito. otro tipo de accidente, heridas con arma de fuego o arma blanca, violencia intrafamiliar u otra causa.","var_universe":"Est\u00e1 constituido por el 99 por ciento de la poblaci\u00f3n civil residente en hogares particulares de las zonas urbana y rural de los 32 departamentos del pa\u00eds y Bogot\u00e1. Por motivo de los costos elevados, se excluy\u00f3 del universo, a la poblaci\u00f3n rural dispersa de los departamentos de la Amazon\u00eda y Orinoqu\u00eda que representa menos del 1 por ciento de la poblaci\u00f3n total del pa\u00eds.","var_universe_clusion":"I","var_sumstat":[{"value":"0","type":"vald","wgtd":null},{"value":"0","type":"invd","wgtd":null}],"var_txt":null,"var_catgry":[{"value":"1","labl":"Si","is_missing":null,"stats":[]},{"value":"2","labl":"No","is_missing":null,"stats":[]}],"var_codinstr":null,"var_concept":[],"var_format":{"type":"numeric","schema":"other","category":null,"name":null},"var_notes":null,"var_val_range":{"min":"1","max":"2"},"fid":"F4","sid":"465","survey_idno":"PROFAMILIA-ENDS-2010"}

Alguna persona estuvo hospitalizada en el último año

En los ultimos treinta días,alguna persona de este hogar estuvo enferma, tuvo un accidente, tuvo algún problema odontológico u otro problema de salud, que no haya implicado hospitalización?

1	Si
2	No

Durante los últimos 12 meses, alguna persona de este hogar estuvo hospitalizada? 

1	Si
2	No

Cuál fue la causa más importante/grave por la que estuvo hospitalizado?

1	Embarazo
2	Cirugía
3	Enfermedad
4	Accidente de trabajo
5	Accidente de tránsito
6	Otro accidente
7	Herida de arma
8	Violencia intrafamiliar
96	Otra

Alguna persona del hogar  estuvo hospitalizada, es decir, que estuvo por al menos undía en un hospital o clínica para tratarse la causa de la hospitalización, ya sea embarazo, cirugía, enfermedad, accidente de trabajo, accidente de transito. otro tipo de accidente, heridas con arma de fuego o arma blanca, violencia intrafamiliar u otra causa.

Está constituido por el 99 por ciento de la población civil residente en hogares particulares de las zonas urbana y rural de los 32 departamentos del país y Bogotá. Por motivo de los costos elevados, se excluyó del universo, a la población rural dispersa de los departamentos de la Amazonía y Orinoquía que representa menos del 1 por ciento de la población total del país.
