{"file_id":"F4","vid":"V60","name":"P5373S12","var_intrvl":"discrete","var_dcml":"0","var_wgt":null,"var_is_wgt":null,"loc_start_pos":"30","loc_end_pos":"30","loc_width":"1","loc_rec_seg_no":"1","labl":"3. \u00bfQu\u00e9 temas lo motivaron para resolver los problemas que lo afectan a usted o su comunidad?","var_imputation":null,"var_security":"El acceso a microdatos y Mam-up se considera como de tratamiento especial respecto a la reserva estad\u00edstica por tanto estar\u00e1 sujeto a la reglamentaci\u00f3n que para el efecto defina el Comit\u00e9 de Aseguramiento de la reserva estad\u00edstica. Resoluci\u00f3n 173 de 2008","var_resp_unit":null,"var_analysis_unit":null,"var_qstn_preqtxt":"\u00bfQu\u00e9 temas lo motivaron para resolver los problemas que lo afectan a usted o su comunidad?  \n\nk. Aumento en el valor a pagar del impuesto predial\n\n 1. Si\n 2. No","var_qstn_qstnlit":"\u00bfQu\u00e9 temas lo motivaron a resolver los problemas que lo afectan a usted o su comunidad?\n\nl. Otro\n\n1. Si\n2. No","var_qstn_postqtxt":"4. En una escala de 1 a 5 donde, 1 significa Muy dif\u00edcil y 5 Muy F\u00e1cil, \u00bfCree usted que organizarse con otros ciudadanos para trabajar por una causa com\u00fan es:\n\n1. Muy dif\u00edcil\n2. Dif\u00edcil\n3. Ni f\u00e1cil \/ Ni dif\u00edcil\n4. F\u00e1cil\n5. Muy f\u00e1cil \n99. No sabe\/No informa","var_qstn_ivuinstr":null,"var_universe":null,"var_universe_clusion":null,"var_sumstat":[{"value":"0","type":"vald","wgtd":null},{"value":"0","type":"invd","wgtd":null}],"var_txt":null,"var_catgry":[],"var_codinstr":null,"var_concept":[],"var_format":{"type":"numeric","schema":"other","category":null,"name":null},"var_notes":null,"var_val_range":{"min":null,"max":null},"fid":"F4","sid":"515","survey_idno":"DANE-DIMPE-ECP-2017"}

3. ¿Qué temas lo motivaron para resolver los problemas que lo afectan a usted o su comunidad?

El acceso a microdatos y Mam-up se considera como de tratamiento especial respecto a la reserva estadística por tanto estará sujeto a la reglamentación que para el efecto defina el Comité de Aseguramiento de la reserva estadística. Resolución 173 de 2008

¿Qué temas lo motivaron para resolver los problemas que lo afectan a usted o su comunidad?  

k. Aumento en el valor a pagar del impuesto predial

 1. Si
 2. No

¿Qué temas lo motivaron a resolver los problemas que lo afectan a usted o su comunidad?

l. Otro

1. Si
2. No

4. En una escala de 1 a 5 donde, 1 significa Muy difícil y 5 Muy Fácil, ¿Cree usted que organizarse con otros ciudadanos para trabajar por una causa común es:

1. Muy difícil
2. Difícil
3. Ni fácil / Ni difícil
4. Fácil
5. Muy fácil 
99. No sabe/No informa
