{"file_id":"F2","vid":"V31","name":"PFE_EJE","var_intrvl":"discrete","var_dcml":"0","var_wgt":null,"var_is_wgt":null,"loc_start_pos":null,"loc_end_pos":null,"loc_width":"3","loc_rec_seg_no":null,"labl":"Mes de la base de datos","var_imputation":null,"var_security":null,"var_resp_unit":"Est\u00e1 constituido por las Zonas Francas Permanentes y Zonas Francas Permanentes Especiales declaradas en el pa\u00eds y que han iniciado operaciones.","var_analysis_unit":null,"var_qstn_preqtxt":"A\u00f1o de la base de datos","var_qstn_qstnlit":"Mes de la base de datos","var_qstn_postqtxt":"C\u00f3digo de la zona franca","var_qstn_ivuinstr":null,"var_universe":"Est\u00e1 constituido por las mercanc\u00edas que ingresan y salen de las Zonas Francas.","var_universe_clusion":"I","var_sumstat":[{"value":"12838","type":"vald","wgtd":null},{"value":"0","type":"invd","wgtd":null}],"var_txt":null,"var_catgry":[{"value":"125","labl":null,"is_missing":null,"stats":[{"value":"12838","type":"freq","wgtd":null}]}],"var_codinstr":null,"var_concept":[],"var_format":{"type":"numeric","schema":"other","category":null,"name":null},"var_notes":null,"var_val_range":{"min":"125","max":"125"},"fid":"F2","sid":"543","survey_idno":"DANE-DIMPE-ZF-2018-2025"}

Está constituido por las Zonas Francas Permanentes y Zonas Francas Permanentes Especiales declaradas en el país y que han iniciado operaciones.

Año de la base de datos

Código de la zona franca

Está constituido por las mercancías que ingresan y salen de las Zonas Francas.
