{"file_id":"F2","vid":"V38","name":"ACUERDO","var_intrvl":"discrete","var_dcml":null,"var_wgt":null,"var_is_wgt":null,"loc_start_pos":null,"loc_end_pos":null,"loc_width":"3","loc_rec_seg_no":null,"labl":"Acuerdo","var_imputation":null,"var_security":null,"var_resp_unit":"Est\u00e1 constituido por las Zonas Francas Permanentes y Zonas Francas Permanentes Especiales declaradas en el pa\u00eds y que han iniciado operaciones.","var_analysis_unit":null,"var_qstn_preqtxt":"C\u00f3digo de operaci\u00f3n","var_qstn_qstnlit":"Acuerdo","var_qstn_postqtxt":"Unidad","var_qstn_ivuinstr":null,"var_universe":"Est\u00e1 constituido por las mercanc\u00edas que ingresan y salen de las Zonas Francas.","var_universe_clusion":"I","var_sumstat":[{"value":"53","type":"vald","wgtd":null},{"value":"0","type":"invd","wgtd":null}],"var_txt":null,"var_catgry":[{"value":"003","labl":null,"is_missing":null,"stats":[{"value":"2","type":"freq","wgtd":null}]},{"value":"011","labl":null,"is_missing":null,"stats":[{"value":"5","type":"freq","wgtd":null}]},{"value":"021","labl":null,"is_missing":null,"stats":[{"value":"7","type":"freq","wgtd":null}]},{"value":"082","labl":null,"is_missing":null,"stats":[{"value":"4","type":"freq","wgtd":null}]},{"value":"096","labl":null,"is_missing":null,"stats":[{"value":"16","type":"freq","wgtd":null}]},{"value":"124","labl":null,"is_missing":null,"stats":[{"value":"16","type":"freq","wgtd":null}]},{"value":"214","labl":null,"is_missing":null,"stats":[{"value":"3","type":"freq","wgtd":null}]}],"var_codinstr":null,"var_concept":[],"var_format":{"type":"character","schema":"other","category":null,"name":null},"var_notes":null,"var_val_range":{"min":null,"max":null},"fid":"F2","sid":"543","survey_idno":"DANE-DIMPE-ZF-2018-2025"}

Está constituido por las Zonas Francas Permanentes y Zonas Francas Permanentes Especiales declaradas en el país y que han iniciado operaciones.

Código de operación

Está constituido por las mercancías que ingresan y salen de las Zonas Francas.
