{"file_id":"F2","vid":"V52","name":"VACIFP","var_intrvl":"contin","var_dcml":"2","var_wgt":null,"var_is_wgt":null,"loc_start_pos":null,"loc_end_pos":null,"loc_width":"15","loc_rec_seg_no":null,"labl":"Valor CIF en pesos","var_imputation":null,"var_security":null,"var_resp_unit":"Est\u00e1 constituido por las Zonas Francas Permanentes y Zonas Francas Permanentes Especiales declaradas en el pa\u00eds y que han iniciado operaciones.","var_analysis_unit":null,"var_qstn_preqtxt":"Valor CIF en d\u00f3lares","var_qstn_qstnlit":"Valor CIF en pesos","var_qstn_postqtxt":"Fletes","var_qstn_ivuinstr":null,"var_universe":"Est\u00e1 constituido por las mercanc\u00edas que ingresan y salen de las Zonas Francas.","var_universe_clusion":"I","var_sumstat":[{"value":"5642","type":"vald","wgtd":null},{"value":"7196","type":"invd","wgtd":null},{"value":"0","type":"min","wgtd":null},{"value":"173050000000","type":"max","wgtd":null},{"value":"172148974.714","type":"mean","wgtd":null},{"value":"3211910057.293","type":"stdev","wgtd":null}],"var_txt":null,"var_catgry":[],"var_codinstr":null,"var_concept":[],"var_format":{"type":"numeric","schema":"other","category":null,"name":null},"var_notes":null,"var_val_range":{"min":"0","max":"173050000000"},"fid":"F2","sid":"543","survey_idno":"DANE-DIMPE-ZF-2018-2025"}

Está constituido por las Zonas Francas Permanentes y Zonas Francas Permanentes Especiales declaradas en el país y que han iniciado operaciones.

Valor CIF en dólares

Está constituido por las mercancías que ingresan y salen de las Zonas Francas.
