{"file_id":"F81","vid":"V4107","name":"P8595","var_intrvl":"discrete","var_dcml":"0","var_wgt":null,"var_is_wgt":null,"loc_start_pos":"43","loc_end_pos":"43","loc_width":"1","loc_rec_seg_no":"1","labl":"En general, considera que la calidad de la prestaci\u00f3n del servicio de salud cuando acude por prevenci\u00f3n es:","var_imputation":null,"var_security":null,"var_resp_unit":null,"var_analysis_unit":null,"var_qstn_preqtxt":"13.\u00bf A d\u00f3nde acude ... por prevenci\u00f3n?\n\n1\tAcude a la entidad de seguridad social de la cual es afiliado\n2\tAcude de forma particular a un m\u00e9dico general, especialista, odont\u00f3logo, terapeuta o prfesional de la salud\n3\tOtros","var_qstn_qstnlit":"14. En general, considera que la calidad de la prestaci\u00f3n del servicio de salud cuando acude por prevenci\u00f3n es:\t\n\n1\tMuy buena \t\n2\tBuena\t\n3\tMala \t\n4\tMuy Mala","var_qstn_postqtxt":"16. Dada su condici\u00f3n f\u00edsica y mental, y sin ning\u00fan tipo de ayuda, \u00bf ____ puede:","var_qstn_ivuinstr":"Esta pregunta proporciona una medida de la calidad de los servicios de medicina preventiva prestados por las entidades de salud. \n\nDespu\u00e9s de diligenciar, pase a pregunta 16.","var_universe":null,"var_universe_clusion":null,"var_sumstat":[{"value":"0","type":"vald","wgtd":null},{"value":"0","type":"invd","wgtd":null}],"var_txt":null,"var_catgry":[{"value":"4","labl":"Muy Mala","is_missing":null,"stats":[]},{"value":"3","labl":"Mala","is_missing":null,"stats":[]},{"value":"2","labl":"Buena","is_missing":null,"stats":[]},{"value":"1","labl":"Muy buena","is_missing":null,"stats":[]}],"var_codinstr":null,"var_concept":[],"var_format":{"type":"numeric","schema":"other","category":null,"name":null},"var_notes":null,"var_val_range":{"min":null,"max":null},"fid":"F81","sid":"544","survey_idno":"DANE-DIMPE-ECV-2017"}

En general, considera que la calidad de la prestación del servicio de salud cuando acude por prevención es:

13.¿ A dónde acude ... por prevención?

1	Acude a la entidad de seguridad social de la cual es afiliado
2	Acude de forma particular a un médico general, especialista, odontólogo, terapeuta o prfesional de la salud
3	Otros

14. En general, considera que la calidad de la prestación del servicio de salud cuando acude por prevención es:	

1	Muy buena 	
2	Buena	
3	Mala 	
4	Muy Mala

16. Dada su condición física y mental, y sin ningún tipo de ayuda, ¿ ____ puede:

Esta pregunta proporciona una medida de la calidad de los servicios de medicina preventiva prestados por las entidades de salud. 

Después de diligenciar, pase a pregunta 16.
