{"file_id":"F81","vid":"V4178","name":"P6161","var_intrvl":"discrete","var_dcml":"0","var_wgt":null,"var_is_wgt":null,"loc_start_pos":"124","loc_end_pos":"124","loc_width":"1","loc_rec_seg_no":"1","labl":"\u00bfLlevan a ... a control de crecimiento y desarrollo?","var_imputation":null,"var_security":null,"var_resp_unit":null,"var_analysis_unit":null,"var_qstn_preqtxt":"48. \u00bf... tiene el esquema completo de vacunaci\u00f3n, seg\u00fan su edad?\t\n\n1\tSi\t\n2\tNo","var_qstn_qstnlit":"49. \u00bfLlevan a ... a control de crecimiento y desarrollo?\t\n\n1\tSi\t\n2\tNo","var_qstn_postqtxt":"49. \u00bfLlevan a ... a control de crecimiento y desarrollo?\t\n\nCu\u00e1ntas veces lo llevaron durante los \u00daLTIMOS 12 MESES","var_qstn_ivuinstr":"Aplique las preguntas E48 a E50 solo a los ni\u00f1os y ni\u00f1as menores de 6 a\u00f1os.\n\nEl objetivo de la pregunta es determinar la proporci\u00f3n de menores que son llevados a control de crecimiento y desarrollo. Algunos programas del gobierno como Familias en Acci\u00f3n condicionan la entrega de incentivos a la asistencia oportuna del menor a los controles de crecimiento y desarrollo, sin embargo el inter\u00e9s no es medir solo a esta poblaci\u00f3n sino considerar a todos los menores. Por esta raz\u00f3n, si un menor es llevado a control donde su pediatra ya sea en la EPS, en la entidad de medicina Prepagada o de forma particular, en esta pregunta debe registrarse con opci\u00f3n 1 \u201cS\u00ed\u201d.\nTenga en cuenta la siguiente definici\u00f3n:\n\n\nSi la respuesta es \u201cS\u00ed\u201d, diligencie las veces que han llevado al menor en los \u00faltimos 12 meses y termine cap\u00edtulo para esta persona.","var_universe":null,"var_universe_clusion":null,"var_sumstat":[{"value":"0","type":"vald","wgtd":null},{"value":"0","type":"invd","wgtd":null}],"var_txt":"\u00b7Control de crecimiento y desarrollo: es el conjunto de actividades, procedimientos e intervenciones mediante las cuales se garantiza la atenci\u00f3n peri\u00f3dica y sistem\u00e1tica de los menores, con el prop\u00f3sito de detectar oportunamente la enfermedad, facilitar su diagn\u00f3stico y tratamiento, reducir la duraci\u00f3n de la enfermedad, evitar secuelas, disminuir la incapacidad y prevenir la muerte.","var_catgry":[{"value":"1","labl":"Si","is_missing":null,"stats":[]},{"value":"2","labl":"No","is_missing":null,"stats":[]}],"var_codinstr":null,"var_concept":[],"var_format":{"type":"numeric","schema":"other","category":null,"name":null},"var_notes":null,"var_val_range":{"min":"1","max":"2"},"fid":"F81","sid":"544","survey_idno":"DANE-DIMPE-ECV-2017"}

48. ¿... tiene el esquema completo de vacunación, según su edad?	

1	Si	
2	No

49. ¿Llevan a ... a control de crecimiento y desarrollo?	

Cuántas veces lo llevaron durante los ÚLTIMOS 12 MESES

Aplique las preguntas E48 a E50 solo a los niños y niñas menores de 6 años.

El objetivo de la pregunta es determinar la proporción de menores que son llevados a control de crecimiento y desarrollo. Algunos programas del gobierno como Familias en Acción condicionan la entrega de incentivos a la asistencia oportuna del menor a los controles de crecimiento y desarrollo, sin embargo el interés no es medir solo a esta población sino considerar a todos los menores. Por esta razón, si un menor es llevado a control donde su pediatra ya sea en la EPS, en la entidad de medicina Prepagada o de forma particular, en esta pregunta debe registrarse con opción 1 “Sí”.
Tenga en cuenta la siguiente definición:


Si la respuesta es “Sí”, diligencie las veces que han llevado al menor en los últimos 12 meses y termine capítulo para esta persona.

·Control de crecimiento y desarrollo: es el conjunto de actividades, procedimientos e intervenciones mediante las cuales se garantiza la atención periódica y sistemática de los menores, con el propósito de detectar oportunamente la enfermedad, facilitar su diagnóstico y tratamiento, reducir la duración de la enfermedad, evitar secuelas, disminuir la incapacidad y prevenir la muerte.
