{"file_id":"F12","vid":"V180","name":"P10270S3","var_intrvl":"discrete","var_dcml":null,"var_wgt":null,"var_is_wgt":null,"loc_start_pos":"38","loc_end_pos":"39","loc_width":"2","loc_rec_seg_no":"1","labl":"Frecuencia de compra de:","var_imputation":null,"var_security":"El acceso a microdatos y mam-up se considera como de tratamiento especial respecto a la reserva estad\u00edstica por tanto estar\u00e1 sujeto a la reglamentaci\u00f3n que para el efecto defina el comit\u00e9 de aseguramiento de la reserva estad\u00edstica. Resoluci\u00f3n 173 de 2008.","var_resp_unit":"Encuestado directo: Directamente de la persona jefe(a) de hogar, c\u00f3nyuge o una persona del hogar de 18 a\u00f1os o m\u00e1s, con mayor conocimiento sobre las adquisiciones menos frecuentes que realiza el hogar.","var_analysis_unit":null,"var_qstn_preqtxt":null,"var_qstn_qstnlit":"Frecuencia de compra de:\n\n3 \u00bb 3. Semanal\n4 \u00bb 4. Quincenal\n5 \u00bb 5. Mensual\n6 \u00bb 6. Bimestral\n7 \u00bb 7. Trimestral\n8 \u00bb 8. Anual\n9 \u00bb 9. Espor\u00e1dica\n10 \u00bb 10. Semestral","var_qstn_postqtxt":null,"var_qstn_ivuinstr":null,"var_universe":"El universo para la Encuesta Nacional de Presupuesto a los Hogares  est\u00e1 conformado por la poblaci\u00f3n civil no institucional residente en todo el territorio nacional.","var_universe_clusion":"I","var_sumstat":[{"value":"0","type":"vald","wgtd":null},{"value":"0","type":"invd","wgtd":null}],"var_txt":"Frecuencia de compra de:\n\n3 \u00bb 3. Semanal\n4 \u00bb 4. Quincenal\n5 \u00bb 5. Mensual\n6 \u00bb 6. Bimestral\n7 \u00bb 7. Trimestral\n8 \u00bb 8. Anual\n9 \u00bb 9. Espor\u00e1dica\n10 \u00bb 10. Semestral","var_catgry":[{"value":"10","labl":"Semestral","is_missing":null,"stats":[]},{"value":"3","labl":"Semana","is_missing":null,"stats":[]},{"value":"4","labl":"Quincenal","is_missing":null,"stats":[]},{"value":"5","labl":"Mensual","is_missing":null,"stats":[]},{"value":"6","labl":"Bimestral","is_missing":null,"stats":[]},{"value":"7","labl":"Trimestral","is_missing":null,"stats":[]},{"value":"8","labl":"Anual","is_missing":null,"stats":[]},{"value":"9","labl":"Espor\u00e1dica","is_missing":null,"stats":[]}],"var_codinstr":null,"var_concept":[],"var_format":{"type":"character","schema":"other","category":null,"name":null},"var_notes":null,"var_val_range":{"min":null,"max":null},"fid":"F12","sid":"566","survey_idno":"DANE-DIMPE-ENPH-2016-2017"}

El acceso a microdatos y mam-up se considera como de tratamiento especial respecto a la reserva estadística por tanto estará sujeto a la reglamentación que para el efecto defina el comité de aseguramiento de la reserva estadística. Resolución 173 de 2008.

Encuestado directo: Directamente de la persona jefe(a) de hogar, cónyuge o una persona del hogar de 18 años o más, con mayor conocimiento sobre las adquisiciones menos frecuentes que realiza el hogar.

Frecuencia de compra de:

3 » 3. Semanal
4 » 4. Quincenal
5 » 5. Mensual
6 » 6. Bimestral
7 » 7. Trimestral
8 » 8. Anual
9 » 9. Esporádica
10 » 10. Semestral

El universo para la Encuesta Nacional de Presupuesto a los Hogares  está conformado por la población civil no institucional residente en todo el territorio nacional.

Esporádica
