{"file_id":"F124","vid":"V6238","name":"P6126S3","var_intrvl":"discrete","var_dcml":"0","var_wgt":null,"var_is_wgt":null,"loc_start_pos":"82","loc_end_pos":"82","loc_width":"1","loc_rec_seg_no":"1","labl":"\u00bfEsta persona tuvo que dejar de trabajar para dedicarse al cuidado de?","var_imputation":null,"var_security":null,"var_resp_unit":null,"var_analysis_unit":null,"var_qstn_preqtxt":"20A. \u00bfQui\u00e9n se ocupa principalmente del cuidado de ...?\n\n2\tUna persona de otro hogar no remunerada\t\n3\tUna persona de otro hogar remunerada\t\n\nSexo","var_qstn_qstnlit":"20A. \u00bfEsta persona tuvo que dejar de trabajar para dedicarse al cuidado de?","var_qstn_postqtxt":"21. En los \u00faltimos 30 d\u00edas, _____ \u00bftuvo alguna enfermedad, accidente , problema odontol\u00f3gico o alg\u00fan otro problema de salud que no haya implicado hospitalizaci\u00f3n?\n\n1.\tS\u00ed\n2.\tNo","var_qstn_ivuinstr":"Si la persona encargada del cuidado pertenece al hogar, aplique la pregunta: \u00bfEsta persona tuvo que dejar de trabajar para dedicarse al cuidado de\u2026?","var_universe":null,"var_universe_clusion":null,"var_sumstat":[{"value":"0","type":"vald","wgtd":null},{"value":"0","type":"invd","wgtd":null}],"var_txt":null,"var_catgry":[{"value":"1","labl":"S\u00ed","is_missing":null,"stats":[]},{"value":"2","labl":"No","is_missing":null,"stats":[]}],"var_codinstr":null,"var_concept":[],"var_format":{"type":"numeric","schema":"other","category":null,"name":null},"var_notes":null,"var_val_range":{"min":"1","max":"2"},"fid":"F124","sid":"607","survey_idno":"DANE-DIMPE-ECV-2018"}

20A. ¿Quién se ocupa principalmente del cuidado de ...?

2	Una persona de otro hogar no remunerada	
3	Una persona de otro hogar remunerada	

Sexo

21. En los últimos 30 días, _____ ¿tuvo alguna enfermedad, accidente , problema odontológico o algún otro problema de salud que no haya implicado hospitalización?

1.	Sí
2.	No

Sí
