{"file_id":"F6","vid":"V342","name":"P7458S1","var_intrvl":"discrete","var_dcml":null,"var_wgt":null,"var_is_wgt":null,"loc_start_pos":"66","loc_end_pos":"117","loc_width":"52","loc_rec_seg_no":"1","labl":"Otro \u00bfcu\u00e1l?","var_imputation":null,"var_security":"El acceso a microdatos y Mam-up se considera como de tratamiento especial respecto a la reserva estad\u00edstica por tanto estar\u00e1 sujeto a la reglamentaci\u00f3n que para el efecto defina el Comit\u00e9 de Aseguramiento de la reserva estad\u00edstica. Resoluci\u00f3n 173 de 2008","var_resp_unit":"La encuesta utiliza informante directo para las personas de 18 a\u00f1os y m\u00e1s, y para aquellas de 10 a 17 a\u00f1os que trabajen o est\u00e9n buscando trabajo. Para los dem\u00e1s se acepta informante id\u00f3neo (persona del hogar mayor de 18 a\u00f1os, que a falta del informante directo pueda responder correctamente las preguntas). No se acepta informaci\u00f3n de empleados del servicio dom\u00e9stico, pensionistas, vecinos o menores, excepto cuando el menor de edad es el jefe del hogar o c\u00f3nyuge.","var_analysis_unit":null,"var_qstn_preqtxt":"7. \u00bfPor qu\u00e9 raz\u00f3n principal ... dej\u00f3 de buscar trabajo?\n\nl.\tOtra","var_qstn_qstnlit":"7. \u00bfPor qu\u00e9 raz\u00f3n principal ... dej\u00f3 de buscar trabajo?\n\n\u00bfcu\u00e1l? ____________","var_qstn_postqtxt":"8. \u00bfEst\u00e1... afiliado actualmente a un fondo de pensiones?\n\n1\tS\u00ed\n2\tNo\n3\tYa es pensionado \n9\tNo sabe no informa","var_qstn_ivuinstr":"Esta pregunta se responde siempre y cuando se haya marcado la opci\u00f3n 12 (l. Otra) en la pregunta 7(P7458) del cap\u00edtulo K. INACTIVOS.\n\nEl objetivo de esta pregunta es conocer los motivos por los cuales las personas inactivas dejaron de buscar trabajo.","var_universe":"El universo para la Gran Encuesta Integrada de Hogares est\u00e1 conformado por la poblaci\u00f3n civil no institucional, residente en todo el territorio nacional; va dirigida a todos los hogares encontrados en la vivienda y solamente para personas de 10 a\u00f1os y m\u00e1s que hayan marcado la opci\u00f3n 12 (l. Otra) en la pregunta 7(P7458) del cap\u00edtulo K. INACTIVOS.","var_universe_clusion":"I","var_sumstat":[{"value":"516","type":"vald","wgtd":null},{"value":"0","type":"invd","wgtd":null}],"var_txt":null,"var_catgry":[{"value":".","labl":null,"is_missing":null,"stats":[{"value":"489","type":"freq","wgtd":null}]},{"value":"EMBARAZO","labl":null,"is_missing":null,"stats":[{"value":"5","type":"freq","wgtd":null}]},{"value":"ESTA EMBARAZADA","labl":null,"is_missing":null,"stats":[{"value":"2","type":"freq","wgtd":null}]},{"value":"ESTA DE VIAJE","labl":null,"is_missing":null,"stats":[{"value":"2","type":"freq","wgtd":null}]},{"value":"VIAJE - SALIO DE LA CIUDAD","labl":null,"is_missing":null,"stats":[{"value":"1","type":"freq","wgtd":null}]},{"value":"POR TENER  PROCESON PENALES CON LA JUSTICIA","labl":null,"is_missing":null,"stats":[{"value":"1","type":"freq","wgtd":null}]},{"value":"POR NO TENER OCRE","labl":null,"is_missing":null,"stats":[{"value":"1","type":"freq","wgtd":null}]},{"value":"POR NO TENER OCCRE","labl":null,"is_missing":null,"stats":[{"value":"1","type":"freq","wgtd":null}]},{"value":"POR NO TENER EL DOCUMENTO DE RESIDENCIA OCREE","labl":null,"is_missing":null,"stats":[{"value":"1","type":"freq","wgtd":null}]},{"value":"POR MOTIVO DE VIAJE","labl":null,"is_missing":null,"stats":[{"value":"1","type":"freq","wgtd":null}]},{"value":"POR FALTAS DE REQUISITO","labl":null,"is_missing":null,"stats":[{"value":"1","type":"freq","wgtd":null}]},{"value":"POR FALTA DE REQUISITOS PARATRABAJAR (OCRE)","labl":null,"is_missing":null,"stats":[{"value":"1","type":"freq","wgtd":null}]},{"value":"POR ESTAR DE VIAJE","labl":null,"is_missing":null,"stats":[{"value":"1","type":"freq","wgtd":null}]},{"value":"POR CALAMIDAD FAMILIAR","labl":null,"is_missing":null,"stats":[{"value":"1","type":"freq","wgtd":null}]},{"value":"POR  LA  EDAD","labl":null,"is_missing":null,"stats":[{"value":"1","type":"freq","wgtd":null}]},{"value":"NO TIENE PERMISO DE LA OCCRE","labl":null,"is_missing":null,"stats":[{"value":"1","type":"freq","wgtd":null}]},{"value":"NO TIENE LA TARJETA DE RESIDENCIA (OCRE)","labl":null,"is_missing":null,"stats":[{"value":"1","type":"freq","wgtd":null}]},{"value":"LA OCCRE NO LEDA PERMISO PARA TRABAJAR","labl":null,"is_missing":null,"stats":[{"value":"1","type":"freq","wgtd":null}]},{"value":"ESTA ESPERANDO QUE TERMINE LA REMODELACION DEL LOCAL","labl":null,"is_missing":null,"stats":[{"value":"1","type":"freq","wgtd":null}]},{"value":"DROGADICCION","labl":null,"is_missing":null,"stats":[{"value":"1","type":"freq","wgtd":null}]},{"value":"DESEA DESCANSAR UNO DOS MESES","labl":null,"is_missing":null,"stats":[{"value":"1","type":"freq","wgtd":null}]},{"value":"CALAMIDAD DOMESTICA","labl":null,"is_missing":null,"stats":[{"value":"1","type":"freq","wgtd":null}]}],"var_codinstr":null,"var_concept":[],"var_format":{"type":"character","schema":"other","category":null,"name":null},"var_notes":null,"var_val_range":{"min":null,"max":null},"fid":"F6","sid":"624","survey_idno":"DANE-DIMPE-GEIH-I-SEMESTRE-2015"}

Otro ¿cuál?

El acceso a microdatos y Mam-up se considera como de tratamiento especial respecto a la reserva estadística por tanto estará sujeto a la reglamentación que para el efecto defina el Comité de Aseguramiento de la reserva estadística. Resolución 173 de 2008

La encuesta utiliza informante directo para las personas de 18 años y más, y para aquellas de 10 a 17 años que trabajen o estén buscando trabajo. Para los demás se acepta informante idóneo (persona del hogar mayor de 18 años, que a falta del informante directo pueda responder correctamente las preguntas). No se acepta información de empleados del servicio doméstico, pensionistas, vecinos o menores, excepto cuando el menor de edad es el jefe del hogar o cónyuge.

7. ¿Por qué razón principal ... dejó de buscar trabajo?

l.	Otra

7. ¿Por qué razón principal ... dejó de buscar trabajo?

¿cuál? ____________

8. ¿Está... afiliado actualmente a un fondo de pensiones?

1	Sí
2	No
3	Ya es pensionado 
9	No sabe no informa

Esta pregunta se responde siempre y cuando se haya marcado la opción 12 (l. Otra) en la pregunta 7(P7458) del capítulo K. INACTIVOS.

El objetivo de esta pregunta es conocer los motivos por los cuales las personas inactivas dejaron de buscar trabajo.

El universo para la Gran Encuesta Integrada de Hogares está conformado por la población civil no institucional, residente en todo el territorio nacional; va dirigida a todos los hogares encontrados en la vivienda y solamente para personas de 10 años y más que hayan marcado la opción 12 (l. Otra) en la pregunta 7(P7458) del capítulo K. INACTIVOS.
