{"file_id":"F12","vid":"V539","name":"UP_AREA","var_intrvl":"discrete","var_dcml":"0","var_wgt":null,"var_is_wgt":null,"loc_start_pos":"132","loc_end_pos":"132","loc_width":"1","loc_rec_seg_no":"1","labl":"\u00bfCual es el area de la unidad productora (TOTAL)\u00a0","var_imputation":null,"var_security":"El acceso a microdatos y mam-up se considera como de tratamiento especial respecto a la reserva estad\u00edstica por tanto estar\u00e1 sujeto a la reglamentaci\u00f3n que para el efecto defina el comit\u00e9 de aseguramiento de la reserva estad\u00edstica. Resoluci\u00f3n 173 de 2008.","var_resp_unit":"Est\u00e1 constituido por toda la zona rural del pa\u00eds, deduciendo la superficie que no es utilizada con fines agropecuarios, la cual est\u00e1 representada aproximadamente por 51 millones de hect\u00e1reas agropecuarias planimetradas.","var_analysis_unit":null,"var_qstn_preqtxt":null,"var_qstn_qstnlit":null,"var_qstn_postqtxt":null,"var_qstn_ivuinstr":null,"var_universe":"Est\u00e1 constituido por toda la zona rural del pa\u00eds, deduciendo la superficie que no es utilizada con fines agropecuarios, la cual est\u00e1 representada aproximadamente por 51 millones de hect\u00e1reas agropecuarias planimetradas.","var_universe_clusion":"I","var_sumstat":[{"value":"0","type":"vald","wgtd":null},{"value":"0","type":"invd","wgtd":null}],"var_txt":null,"var_catgry":[{"value":"1","labl":"Rango (0, 1000000 m2)","is_missing":null,"stats":[]},{"value":"2","labl":"(1000001, 2000000 m2)","is_missing":null,"stats":[]},{"value":"3","labl":"(2000001, 3000000 m2)","is_missing":null,"stats":[]},{"value":"4","labl":"(3000001, 4000000 m2)","is_missing":null,"stats":[]},{"value":"5","labl":"(4000001, 5000000 m2)","is_missing":null,"stats":[]},{"value":"6","labl":"(5000001, 7000000 m2)","is_missing":null,"stats":[]},{"value":"7","labl":"(7000001, 10000000 m2)","is_missing":null,"stats":[]},{"value":"8","labl":"(10000001, 20000000 m2)","is_missing":null,"stats":[]},{"value":"9","labl":"(>= 20000001 m2)","is_missing":null,"stats":[]}],"var_codinstr":null,"var_concept":[],"var_format":{"type":"numeric","schema":"other","category":null,"name":null},"var_notes":null,"var_val_range":{"min":"1","max":"9"},"fid":"F12","sid":"675","survey_idno":"DANE-DIMPE-ENA-2013-II-SEMESTRE"}

El acceso a microdatos y mam-up se considera como de tratamiento especial respecto a la reserva estadística por tanto estará sujeto a la reglamentación que para el efecto defina el comité de aseguramiento de la reserva estadística. Resolución 173 de 2008.

Está constituido por toda la zona rural del país, deduciendo la superficie que no es utilizada con fines agropecuarios, la cual está representada aproximadamente por 51 millones de hectáreas agropecuarias planimetradas.
