{"file_id":"F8","vid":"V163","name":"P7572","var_intrvl":"discrete","var_dcml":"0","var_wgt":null,"var_is_wgt":null,"loc_start_pos":"45","loc_end_pos":"45","loc_width":"1","loc_rec_seg_no":"1","labl":"\u00bfEn este \u00faltimo viaje por trabajo o negocios recibi\u00f3 vi\u00e1ticos?","var_imputation":null,"var_security":"El acceso a microdatos y Mam-up se considera como de tratamiento especial respecto a la reserva estad\u00edstica por tanto estar\u00e1 sujeto a la reglamentaci\u00f3n que para el efecto defina el Comit\u00e9 de Aseguramiento de la reserva estad\u00edstica. Resoluci\u00f3n 173 de 2008.","var_resp_unit":"Personas de 10 a\u00f1os y mas","var_analysis_unit":null,"var_qstn_preqtxt":"3. \u00bfCu\u00e1l fue el motivo principal del \u00faltimo viaje que usted realiz\u00f3, el mes pasado?\n\n1\tTrabajo o negocios\n2\tRecreaci\u00f3n, vacaciones\n3\tVisita a parientes o amigos\n4\tEducaci\u00f3n y\/o formaci\u00f3n\n5\tSalud y atenci\u00f3n medica\n6\tReligion, Peregrinaciones\n7\tCompras\n8\tOtro motivo, \u00bfcu\u00e1l?","var_qstn_qstnlit":"4.  \u00bfEn ese \u00faltimo viaje por trabajo o negocios recibi\u00f3 vi\u00e1ticos?\n\n1\tSi\n2\tNo","var_qstn_postqtxt":"5.  \u00bfCu\u00e1l fue el monto de estos vi\u00e1ticos?","var_qstn_ivuinstr":null,"var_universe":"Corresponde a la poblaci\u00f3n civil no institucional residente en las ciudades o \u00e1reas metropolitanas de veinticuatro principales ciudades del pa\u00eds.","var_universe_clusion":"I","var_sumstat":[{"value":"0","type":"vald","wgtd":null},{"value":"0","type":"invd","wgtd":null}],"var_txt":"Esta pregunta busca conocer qui\u00e9n o qui\u00e9nes efectuaron los gastos de este \u00faltimo viaje y el monto, en caso de que la respuesta sea afirmativa.\nVi\u00e1ticos: Solo debe incluir en este rubro los recibidos en el lugar de procedencia.","var_catgry":[{"value":"2","labl":"No","is_missing":null,"stats":[]},{"value":"1","labl":"Si","is_missing":null,"stats":[]}],"var_codinstr":null,"var_concept":[],"var_format":{"type":"numeric","schema":"other","category":null,"name":null},"var_notes":null,"var_val_range":{"min":"1","max":"2"},"fid":"F8","sid":"682","survey_idno":"DANE-DIMPE-EGIT-2014-2015"}

¿En este último viaje por trabajo o negocios recibió viáticos?

El acceso a microdatos y Mam-up se considera como de tratamiento especial respecto a la reserva estadística por tanto estará sujeto a la reglamentación que para el efecto defina el Comité de Aseguramiento de la reserva estadística. Resolución 173 de 2008.

Personas de 10 años y mas

3. ¿Cuál fue el motivo principal del último viaje que usted realizó, el mes pasado?

1	Trabajo o negocios
2	Recreación, vacaciones
3	Visita a parientes o amigos
4	Educación y/o formación
5	Salud y atención medica
6	Religion, Peregrinaciones
7	Compras
8	Otro motivo, ¿cuál?

4.  ¿En ese último viaje por trabajo o negocios recibió viáticos?

1	Si
2	No

5.  ¿Cuál fue el monto de estos viáticos?

Corresponde a la población civil no institucional residente en las ciudades o áreas metropolitanas de veinticuatro principales ciudades del país.

Esta pregunta busca conocer quién o quiénes efectuaron los gastos de este último viaje y el monto, en caso de que la respuesta sea afirmativa.
Viáticos: Solo debe incluir en este rubro los recibidos en el lugar de procedencia.
