{"file_id":"F8","vid":"V382","name":"P549","var_intrvl":"discrete","var_dcml":null,"var_wgt":null,"var_is_wgt":null,"loc_start_pos":"356","loc_end_pos":"365","loc_width":"10","loc_rec_seg_no":"1","labl":"Fecha de inicio","var_imputation":null,"var_security":null,"var_resp_unit":null,"var_analysis_unit":null,"var_qstn_preqtxt":"6. \u00bfCu\u00e1l fue su destino principal en este \u00faltimo viaje dentro del pa\u00eds?\n\nDepartamento\nMunicipio","var_qstn_qstnlit":"6A. \u00bfCu\u00e1l fue la fecha de inicio y terminaci\u00f3n del \u00faltimo viaje que realiz\u00f3 el mes pasado dentro del pa\u00eds?","var_qstn_postqtxt":"7. \u00bfEn d\u00f3nde se aloj\u00f3 la mayor parte del tiempo durante el \u00faltimo viaje y cu\u00e1ntas noches pas\u00f3 all\u00ed?","var_qstn_ivuinstr":null,"var_universe":"Corresponde a la poblaci\u00f3n civil no institucional residente en las ciudades o \u00e1reas metropolitanas de veinticuatro principales ciudades del pa\u00eds.","var_universe_clusion":"I","var_sumstat":[{"value":"0","type":"vald","wgtd":null},{"value":"0","type":"invd","wgtd":null}],"var_txt":"Registra la fecha (d\u00eda, mes y a\u00f1o) de inicio del \u00faltimo viaje realizado en el mes anterior al de la encuesta.","var_catgry":[],"var_codinstr":null,"var_concept":[],"var_format":{"type":"character","schema":"other","category":null,"name":null},"var_notes":null,"var_val_range":{"min":null,"max":null},"fid":"F8","sid":"682","survey_idno":"DANE-DIMPE-EGIT-2014-2015"}

6. ¿Cuál fue su destino principal en este último viaje dentro del país?

Departamento
Municipio

6A. ¿Cuál fue la fecha de inicio y terminación del último viaje que realizó el mes pasado dentro del país?

7. ¿En dónde se alojó la mayor parte del tiempo durante el último viaje y cuántas noches pasó allí?

Corresponde a la población civil no institucional residente en las ciudades o áreas metropolitanas de veinticuatro principales ciudades del país.

Registra la fecha (día, mes y año) de inicio del último viaje realizado en el mes anterior al de la encuesta.
