{"file_id":"F29","vid":"V1041","name":"P1995S1","var_intrvl":"discrete","var_dcml":null,"var_wgt":null,"var_is_wgt":null,"loc_start_pos":"57","loc_end_pos":"66","loc_width":"10","loc_rec_seg_no":"1","labl":"\u00bfCu\u00e1l fue la fecha de inicio y terminaci\u00f3n del \u00faltimo viaje que realiz\u00f3 el mes \u2026 dentro del pa\u00eds ?","var_imputation":null,"var_security":"El acceso a microdatos y Mam-up se considera como de tratamiento especial respecto a la reserva estad\u00edstica por tanto estar\u00e1 sujeto a la reglamentaci\u00f3n que para el efecto defina el Comit\u00e9 de Aseguramiento de la reserva estad\u00edstica. Resoluci\u00f3n 173 de 2008.","var_resp_unit":null,"var_analysis_unit":null,"var_qstn_preqtxt":null,"var_qstn_qstnlit":"4. \u00bfCu\u00e1l fue la fecha de inicio y terminaci\u00f3n del \u00faltimo viaje que realiz\u00f3 el mes \u2026 dentro del pa\u00eds ? \n\nFecha terminaci\u00f3n","var_qstn_postqtxt":null,"var_qstn_ivuinstr":"Nota: recuerde que la fecha de terminaci\u00f3n del viaje debe estar dentro del mes anterior al mes de referencia para poder continuar con la encuesta. Por ejemplo, si el mes de referencia es el mes de junio del 2020 el mes anterior va a ser el de mayo del 2020, por lo tanto, el viaje debi\u00f3 haber terminado en el mes de mayo entre el 01 y 31 de mayo del 2020.\n\nTenga en cuenta que el viaje puede tener como fecha de inicio un mes distinto al mes anterior al mes de referencia, siempre y cuando no tenga una duraci\u00f3n mayor a 12 meses. Por ejemplo, si el mes de referencia es junio del 2020 el mes anterior va a ser el de mayo del 2020, se puede diligenciar un viaje que haya iniciado el 01 de enero del 2020 y terminado el 31 de mayo del 2020.","var_universe":null,"var_universe_clusion":null,"var_sumstat":[{"value":"0","type":"vald","wgtd":null}],"var_txt":"Tiene por objeto captar el periodo de tiempo en el cual se realiz\u00f3 el \u00faltimo viaje en el mes anterior al mes de referencia. Registrar la fecha (d\u00eda, mes y a\u00f1o) tanto de inicio como de terminaci\u00f3n del \u00faltimo viaje realizado en el pen\u00faltimo mes.","var_catgry":[],"var_codinstr":null,"var_concept":[],"var_format":{"type":"character","schema":"other","category":"date","name":"Nesstar.date"},"var_notes":null,"var_val_range":{"min":null,"max":null},"fid":"F29","sid":"690","survey_idno":"DANE-DIMPE-EGIT-2020-I-TRIMESTRE"}

¿Cuál fue la fecha de inicio y terminación del último viaje que realizó el mes … dentro del país ?

El acceso a microdatos y Mam-up se considera como de tratamiento especial respecto a la reserva estadística por tanto estará sujeto a la reglamentación que para el efecto defina el Comité de Aseguramiento de la reserva estadística. Resolución 173 de 2008.

4. ¿Cuál fue la fecha de inicio y terminación del último viaje que realizó el mes … dentro del país ? 

Fecha terminación

Nota: recuerde que la fecha de terminación del viaje debe estar dentro del mes anterior al mes de referencia para poder continuar con la encuesta. Por ejemplo, si el mes de referencia es el mes de junio del 2020 el mes anterior va a ser el de mayo del 2020, por lo tanto, el viaje debió haber terminado en el mes de mayo entre el 01 y 31 de mayo del 2020.

Tenga en cuenta que el viaje puede tener como fecha de inicio un mes distinto al mes anterior al mes de referencia, siempre y cuando no tenga una duración mayor a 12 meses. Por ejemplo, si el mes de referencia es junio del 2020 el mes anterior va a ser el de mayo del 2020, se puede diligenciar un viaje que haya iniciado el 01 de enero del 2020 y terminado el 31 de mayo del 2020.

Tiene por objeto captar el periodo de tiempo en el cual se realizó el último viaje en el mes anterior al mes de referencia. Registrar la fecha (día, mes y año) tanto de inicio como de terminación del último viaje realizado en el penúltimo mes.
