{"file_id":"F1","vid":"V117","name":"ict_10_a","var_intrvl":"discrete","var_dcml":null,"var_wgt":null,"var_is_wgt":null,"loc_start_pos":"717","loc_end_pos":"719","loc_width":"3","loc_rec_seg_no":"1","labl":"En una escala del 1 al 5, donde un 1 es \u201cNo me siento capacitado\/a\u201d y un 5 es \u201cMe siento perfectamente capacitado\/a\u201d, c\u00f3mo calificar\u00eda su nivel de capacitaci\u00f3n con relaci\u00f3n a las siguientes competencias:\n\nManejo de plataformas de colaboraci\u00f3n virtual (por ejemplo, Microsoft Teams, Slack)","var_imputation":null,"var_security":"El acceso a microdatos y Mam-up se considera como de tratamiento especial respecto a la reserva estad\u00edstica por tanto estar\u00e1 sujeto a la reglamentaci\u00f3n que para el efecto defina el Comit\u00e9 de Aseguramiento de la reserva estad\u00edstica. Resoluci\u00f3n 173 de 2008.","var_resp_unit":null,"var_analysis_unit":null,"var_qstn_preqtxt":null,"var_qstn_qstnlit":"En una escala del 1 al 5, donde un 1 es \u201cNo me siento capacitado\/a\u201d y un 5 es \u201cMe siento perfectamente capacitado\/a\u201d, c\u00f3mo calificar\u00eda su nivel de capacitaci\u00f3n con relaci\u00f3n a las siguientes competencias:\n\nManejo de plataformas de colaboraci\u00f3n virtual (por ejemplo, Microsoft Teams, Slack) \n\n01 = No me siento capacitado\/a \n02 \n03 \n04 \n05 = Me siento perfectamente capacitado\/a \n900=NS\/NR","var_qstn_postqtxt":null,"var_qstn_ivuinstr":"Es una pregunta que indaga la percepci\u00f3n de los encuestados frente qu\u00e9 tan capacitados se sienten en el uso de diferentes tecnolog\u00edas utilizadas para el trabajo remoto.\nLas opciones de respuesta corresponden en una escala valorativa en los valores 1 y 5 responden a las categorias extremas de percepci\u00f3n (No me siento capacitado - Me siento perfectamente capacitado). Los valores intermedios no cuentan con categorias descriptivas.","var_universe":"Servidores(as) p\u00fablicos(as) y contratistas pertenecientes a las entidades de la Rama ejecutiva del orden nacional, gobernaciones y alcald\u00edas de ciudades capitales.\nSe excluyen a los encuestados que en la pregunta CIT.8= contestaron No (2) o NS\/NR (900) .","var_universe_clusion":"I","var_sumstat":[{"value":"0","type":"vald","wgtd":null},{"value":"0","type":"invd","wgtd":null}],"var_txt":null,"var_catgry":[{"value":"1","labl":"No me siento capacitado\/a","is_missing":null,"stats":[]},{"value":"2","labl":"2","is_missing":null,"stats":[]},{"value":"3","labl":"3","is_missing":null,"stats":[]},{"value":"4","labl":"4","is_missing":null,"stats":[]},{"value":"5","labl":"Me siento perfectamente capacitado\/a","is_missing":null,"stats":[]},{"value":"900","labl":"NS\/NR","is_missing":null,"stats":[]}],"var_codinstr":null,"var_concept":[],"var_format":{"type":"character","schema":"other","category":null,"name":null},"var_notes":null,"var_val_range":{"min":null,"max":null},"fid":"F1","sid":"714","survey_idno":"DANE-DIMPE-EDCEPC-2019"}

En una escala del 1 al 5, donde un 1 es “No me siento capacitado/a” y un 5 es “Me siento perfectamente capacitado/a”, cómo calificaría su nivel de capacitación con relación a las siguientes competencias:

Manejo de plataformas de colaboración virtual (por ejemplo, Microsoft Teams, Slack)

El acceso a microdatos y Mam-up se considera como de tratamiento especial respecto a la reserva estadística por tanto estará sujeto a la reglamentación que para el efecto defina el Comité de Aseguramiento de la reserva estadística. Resolución 173 de 2008.

En una escala del 1 al 5, donde un 1 es “No me siento capacitado/a” y un 5 es “Me siento perfectamente capacitado/a”, cómo calificaría su nivel de capacitación con relación a las siguientes competencias:

Manejo de plataformas de colaboración virtual (por ejemplo, Microsoft Teams, Slack) 

01 = No me siento capacitado/a 
02 
03 
04 
05 = Me siento perfectamente capacitado/a 
900=NS/NR

Es una pregunta que indaga la percepción de los encuestados frente qué tan capacitados se sienten en el uso de diferentes tecnologías utilizadas para el trabajo remoto.
Las opciones de respuesta corresponden en una escala valorativa en los valores 1 y 5 responden a las categorias extremas de percepción (No me siento capacitado - Me siento perfectamente capacitado). Los valores intermedios no cuentan con categorias descriptivas.

Servidores(as) públicos(as) y contratistas pertenecientes a las entidades de la Rama ejecutiva del orden nacional, gobernaciones y alcaldías de ciudades capitales.
Se excluyen a los encuestados que en la pregunta CIT.8= contestaron No (2) o NS/NR (900) .
