{"file_id":"F1","vid":"V145","name":"fut_1_b","var_intrvl":"discrete","var_dcml":null,"var_wgt":null,"var_is_wgt":null,"loc_start_pos":"798","loc_end_pos":"800","loc_width":"3","loc_rec_seg_no":"1","labl":"Pensando en el futuro post-pandemia, indique hasta qu\u00e9 punto est\u00e1 de acuerdo o en desacuerdo con las siguientes afirmaciones: \n\nPost pandemia me gustar\u00eda que mi entidad estableciera o mantuviera la posibilidad de teletrabajo o trabajo en casa.","var_imputation":null,"var_security":"El acceso a microdatos y Mam-up se considera como de tratamiento especial respecto a la reserva estad\u00edstica por tanto estar\u00e1 sujeto a la reglamentaci\u00f3n que para el efecto defina el Comit\u00e9 de Aseguramiento de la reserva estad\u00edstica. Resoluci\u00f3n 173 de 2008.","var_resp_unit":null,"var_analysis_unit":null,"var_qstn_preqtxt":null,"var_qstn_qstnlit":"Pensando en el futuro post-pandemia, indique hasta qu\u00e9 punto est\u00e1 de acuerdo o en desacuerdo con las siguientes afirmaciones: \n\nPost pandemia me gustar\u00eda que mi entidad estableciera o mantuviera la posibilidad de teletrabajo o trabajo en casa. \n\n01=Muy en desacuerdo \n02=En desacuerdo \n03 =Ni de acuerdo, ni en desacuerdo \n04=De acuerdo \n05=Muy de acuerdo \n900=NS\/NR","var_qstn_postqtxt":null,"var_qstn_ivuinstr":"Es una pregunta que indaga por la expectativas a futuro de los encuestados frente a un escenario post-pandemia en el entorno laboral tras su experiencia desde la declaratoria de emergencia en el mes de marzo de 2020.","var_universe":"Servidores(as) p\u00fablicos(as) y contratistas pertenecientes a las entidades de la Rama ejecutiva del orden nacional, gobernaciones y alcald\u00edas de ciudades capitales.","var_universe_clusion":"I","var_sumstat":[{"value":"0","type":"vald","wgtd":null},{"value":"0","type":"invd","wgtd":null}],"var_txt":null,"var_catgry":[{"value":"1","labl":"Muy en desacuerdo","is_missing":null,"stats":[]},{"value":"2","labl":"En desacuerdo","is_missing":null,"stats":[]},{"value":"3","labl":"Ni de acuerdo, ni en desacuerdo","is_missing":null,"stats":[]},{"value":"4","labl":"De acuerdo","is_missing":null,"stats":[]},{"value":"5","labl":"Muy de acuerdo","is_missing":null,"stats":[]},{"value":"900","labl":"NS\/NR","is_missing":null,"stats":[]}],"var_codinstr":null,"var_concept":[],"var_format":{"type":"character","schema":"other","category":null,"name":null},"var_notes":null,"var_val_range":{"min":null,"max":null},"fid":"F1","sid":"714","survey_idno":"DANE-DIMPE-EDCEPC-2019"}

Pensando en el futuro post-pandemia, indique hasta qué punto está de acuerdo o en desacuerdo con las siguientes afirmaciones: 

Post pandemia me gustaría que mi entidad estableciera o mantuviera la posibilidad de teletrabajo o trabajo en casa.

El acceso a microdatos y Mam-up se considera como de tratamiento especial respecto a la reserva estadística por tanto estará sujeto a la reglamentación que para el efecto defina el Comité de Aseguramiento de la reserva estadística. Resolución 173 de 2008.

Pensando en el futuro post-pandemia, indique hasta qué punto está de acuerdo o en desacuerdo con las siguientes afirmaciones: 

Post pandemia me gustaría que mi entidad estableciera o mantuviera la posibilidad de teletrabajo o trabajo en casa. 

01=Muy en desacuerdo 
02=En desacuerdo 
03 =Ni de acuerdo, ni en desacuerdo 
04=De acuerdo 
05=Muy de acuerdo 
900=NS/NR

Servidores(as) públicos(as) y contratistas pertenecientes a las entidades de la Rama ejecutiva del orden nacional, gobernaciones y alcaldías de ciudades capitales.
