{"file_id":"F1","vid":"V151","name":"adp_2","var_intrvl":"discrete","var_dcml":null,"var_wgt":null,"var_is_wgt":null,"loc_start_pos":"816","loc_end_pos":"818","loc_width":"3","loc_rec_seg_no":"1","labl":"A partir de sus funciones de jefatura y\/o supervisi\u00f3n de personal, indique hasta qu\u00e9 punto est\u00e1 de acuerdo o en desacuerdo con las siguientes afirmaciones sobre su equipo durante los meses de julio a septiembre: \n\nMi equipo tuvo la capacidad de adquirir r\u00e1pidamente las habilidades y conocimientos requeridos para poder teletrabajar o trabajar desde casa durante la pandemia del COVID-19.","var_imputation":null,"var_security":"El acceso a microdatos y Mam-up se considera como de tratamiento especial respecto a la reserva estad\u00edstica por tanto estar\u00e1 sujeto a la reglamentaci\u00f3n que para el efecto defina el Comit\u00e9 de Aseguramiento de la reserva estad\u00edstica. Resoluci\u00f3n 173 de 2008.","var_resp_unit":null,"var_analysis_unit":null,"var_qstn_preqtxt":"idn_6 \u00bfEn su cargo ejerce funciones de jefatura o supervisi\u00f3n de personal? \nSolo aplica para quienes contestaron 1=Si\nEsta pregunta no se incluy\u00f3 en la base debido a que fue descartada para el proceso de anonimizaci\u00f3n de microdatos.","var_qstn_qstnlit":"\u00bfQu\u00e9 proporci\u00f3n del trabajo de su equipo est\u00e1 actualmente paralizado o en pausa a causa de la pandemia del COVID-19?   \n\n01=Ninguna parte de nuestro trabajo est\u00e1 actualmente en pausa o paralizada  \n02=Menos del 25% \n03=Entre el 25 y el 50% \n04=Entre el 50 y el 75% \n05=M\u00e1s del 75% \n06=Todo nuestro trabajo est\u00e1 actualmente paralizado  \n900=NS\/NR\nNA=No aplica","var_qstn_postqtxt":null,"var_qstn_ivuinstr":"Es una pregunta que indaga la percepci\u00f3n de los encuestados que ejercen funciones de jefatura o supervisi\u00f3n de personal sobre el impacto que ha tenido el trabajo remoto en sus equipos de trabajo y las labores que desempe\u00f1an.\n\nPregunta sujeta a la respuesta de la pregunta:\nidn_6 \u00bfEn su cargo ejerce funciones de jefatura o supervisi\u00f3n de personal? \nSolo aplica para quienes contestaron 1=Si\nEsta pregunta no se incluy\u00f3 en la base debido a que fue descartada para el proceso de anonimizaci\u00f3n de microdatos.\n\nResponsabilidades de jefatura y supervisi\u00f3n de personal","var_universe":"Servidores(as) p\u00fablicos(as) y contratistas pertenecientes a las entidades de la Rama ejecutiva del orden nacional, gobernaciones y alcald\u00edas de ciudades capitales.\nEsta pregunta solo se realiz\u00f3 a quienes tienen resposanbilidades de jefatura o supervisi\u00f3n de personal.","var_universe_clusion":"I","var_sumstat":[{"value":"0","type":"vald","wgtd":null},{"value":"0","type":"invd","wgtd":null}],"var_txt":null,"var_catgry":[{"value":"1","labl":"Ninguna parte de nuestro trabajo est\u00e1 actualmente en pausa o paralizada","is_missing":null,"stats":[]},{"value":"2","labl":"Menos del 25%","is_missing":null,"stats":[]},{"value":"3","labl":"Entre el 25 y el 50%","is_missing":null,"stats":[]},{"value":"4","labl":"Entre el 50 y el 75%","is_missing":null,"stats":[]},{"value":"5","labl":"M\u00e1s del 75%","is_missing":null,"stats":[]},{"value":"6","labl":"Todo nuestro trabajo est\u00e1 actualmente paralizado","is_missing":null,"stats":[]},{"value":"900","labl":"NS\/NR","is_missing":null,"stats":[]},{"value":"NA","labl":"No aplica","is_missing":null,"stats":[]}],"var_codinstr":null,"var_concept":[],"var_format":{"type":"character","schema":"other","category":null,"name":null},"var_notes":null,"var_val_range":{"min":null,"max":null},"fid":"F1","sid":"714","survey_idno":"DANE-DIMPE-EDCEPC-2019"}

A partir de sus funciones de jefatura y/o supervisión de personal, indique hasta qué punto está de acuerdo o en desacuerdo con las siguientes afirmaciones sobre su equipo durante los meses de julio a septiembre: 

Mi equipo tuvo la capacidad de adquirir rápidamente las habilidades y conocimientos requeridos para poder teletrabajar o trabajar desde casa durante la pandemia del COVID-19.

El acceso a microdatos y Mam-up se considera como de tratamiento especial respecto a la reserva estadística por tanto estará sujeto a la reglamentación que para el efecto defina el Comité de Aseguramiento de la reserva estadística. Resolución 173 de 2008.

idn_6 ¿En su cargo ejerce funciones de jefatura o supervisión de personal? 
Solo aplica para quienes contestaron 1=Si
Esta pregunta no se incluyó en la base debido a que fue descartada para el proceso de anonimización de microdatos.

¿Qué proporción del trabajo de su equipo está actualmente paralizado o en pausa a causa de la pandemia del COVID-19?   

01=Ninguna parte de nuestro trabajo está actualmente en pausa o paralizada  
02=Menos del 25% 
03=Entre el 25 y el 50% 
04=Entre el 50 y el 75% 
05=Más del 75% 
06=Todo nuestro trabajo está actualmente paralizado  
900=NS/NR
NA=No aplica

Es una pregunta que indaga la percepción de los encuestados que ejercen funciones de jefatura o supervisión de personal sobre el impacto que ha tenido el trabajo remoto en sus equipos de trabajo y las labores que desempeñan.

Pregunta sujeta a la respuesta de la pregunta:
idn_6 ¿En su cargo ejerce funciones de jefatura o supervisión de personal? 
Solo aplica para quienes contestaron 1=Si
Esta pregunta no se incluyó en la base debido a que fue descartada para el proceso de anonimización de microdatos.

Responsabilidades de jefatura y supervisión de personal

Servidores(as) públicos(as) y contratistas pertenecientes a las entidades de la Rama ejecutiva del orden nacional, gobernaciones y alcaldías de ciudades capitales.
Esta pregunta solo se realizó a quienes tienen resposanbilidades de jefatura o supervisión de personal.

Ninguna parte de nuestro trabajo está actualmente en pausa o paralizada

Más del 75%

Todo nuestro trabajo está actualmente paralizado
