{"file_id":"F1","vid":"V21","name":"con_4","var_intrvl":"discrete","var_dcml":"0","var_wgt":null,"var_is_wgt":null,"loc_start_pos":"51","loc_end_pos":"53","loc_width":"3","loc_rec_seg_no":"1","labl":"Durante los meses de julio a septiembre, en promedio, \u00bfcu\u00e1ntas veces por semana ha ido presencialmente a su lugar habitual de trabajo?","var_imputation":null,"var_security":"El acceso a microdatos y Mam-up se considera como de tratamiento especial respecto a la reserva estad\u00edstica por tanto estar\u00e1 sujeto a la reglamentaci\u00f3n que para el efecto defina el Comit\u00e9 de Aseguramiento de la reserva estad\u00edstica. Resoluci\u00f3n 173 de 2008.","var_resp_unit":null,"var_analysis_unit":null,"var_qstn_preqtxt":null,"var_qstn_qstnlit":"Durante los meses de julio a septiembre, en promedio, \u00bfcu\u00e1ntas veces por semana ha ido presencialmente a su lugar habitual de trabajo? \n\n01= Ninguna. \n02= Ocasionalmente (Menos de una vez por semana) \n03= 1 vez por semana. \n04= De 2 a 4 veces por semana. \n05= Todos los d\u00edas de la semana. \n900=No estoy seguro \/ prefiero no responder","var_qstn_postqtxt":null,"var_qstn_ivuinstr":"La pregunta indaga por la asistencia presencial de los encuestados a sus lugares de trabajo durante los meses de julio a septiembre de 2020. Corresponde a un promedio que hace el encuestado de las veces a la semana a ido a su lugar de trabajo.","var_universe":"Servidores(as) p\u00fablicos(as) y contratistas pertenecientes a las entidades de la Rama ejecutiva del orden nacional, gobernaciones y alcald\u00edas de ciudades capitales.","var_universe_clusion":"I","var_sumstat":[{"value":"0","type":"vald","wgtd":null},{"value":"0","type":"invd","wgtd":null}],"var_txt":null,"var_catgry":[{"value":"1","labl":"Ninguna.","is_missing":null,"stats":[]},{"value":"2","labl":"Ocasionalmente (Menos de una vez por semana)","is_missing":null,"stats":[]},{"value":"3","labl":"1 vez por semana.","is_missing":null,"stats":[]},{"value":"4","labl":"De 2 a 4 veces por semana","is_missing":null,"stats":[]},{"value":"5","labl":"Todos los d\u00edas de la semana.","is_missing":null,"stats":[]},{"value":"900","labl":"NS\/NR","is_missing":null,"stats":[]}],"var_codinstr":null,"var_concept":[],"var_format":{"type":"numeric","schema":"other","category":null,"name":null},"var_notes":null,"var_val_range":{"min":null,"max":null},"fid":"F1","sid":"714","survey_idno":"DANE-DIMPE-EDCEPC-2019"}

Durante los meses de julio a septiembre, en promedio, ¿cuántas veces por semana ha ido presencialmente a su lugar habitual de trabajo?

El acceso a microdatos y Mam-up se considera como de tratamiento especial respecto a la reserva estadística por tanto estará sujeto a la reglamentación que para el efecto defina el Comité de Aseguramiento de la reserva estadística. Resolución 173 de 2008.

Durante los meses de julio a septiembre, en promedio, ¿cuántas veces por semana ha ido presencialmente a su lugar habitual de trabajo? 

01= Ninguna. 
02= Ocasionalmente (Menos de una vez por semana) 
03= 1 vez por semana. 
04= De 2 a 4 veces por semana. 
05= Todos los días de la semana. 
900=No estoy seguro / prefiero no responder

Servidores(as) públicos(as) y contratistas pertenecientes a las entidades de la Rama ejecutiva del orden nacional, gobernaciones y alcaldías de ciudades capitales.

Todos los días de la semana.
