{"file_id":"F1","vid":"V33","name":"con_5_7","var_intrvl":"discrete","var_dcml":null,"var_wgt":null,"var_is_wgt":null,"loc_start_pos":"105","loc_end_pos":"112","loc_width":"8","loc_rec_seg_no":"1","labl":"Dificultad - Fallas frecuentes con mi conexi\u00f3n a internet.","var_imputation":null,"var_security":"El acceso a microdatos y Mam-up se considera como de tratamiento especial respecto a la reserva estad\u00edstica por tanto estar\u00e1 sujeto a la reglamentaci\u00f3n que para el efecto defina el Comit\u00e9 de Aseguramiento de la reserva estad\u00edstica. Resoluci\u00f3n 173 de 2008.","var_resp_unit":null,"var_analysis_unit":null,"var_qstn_preqtxt":"\u00bfQu\u00e9 dificultades se le han presentado a la hora de trabajar remotamente?","var_qstn_qstnlit":"\u00bfQu\u00e9 dificultades se le han presentado a la hora de trabajar remotamente?  \n\n Fallas frecuentes con mi conexi\u00f3n a internet. \n08=Falta de habilidad o conocimientos para utilizar aplicaciones o herramientas de trabajo virtual. \n09= Las personas con quienes trabajo o a quienes presto alg\u00fan servicio no tienen el equipo adecuado para interactuar a distancia. \n10= Sensaci\u00f3n de aislamiento o soledad por la falta de contacto con los compa\u00f1eros de trabajo. \n11= Mis responsabilidades como cuidador\/a de ni\u00f1os, dependientes, o adultos mayores interfieren con mi trabajo. \n12=No tengo impedimentos para trabajar remotamente. \n800=Otro (\u00bfCu\u00e1l?) \n900=No estoy seguro \/ prefiero no responder \nNI= No informa.\n\n1= Si\n2= No\nNi= No informa","var_qstn_postqtxt":null,"var_qstn_ivuinstr":"Es una pregunta compuesta por m\u00faltiples opciones correspondientes a posibles dificultades que pueden haber experimentado los encuestados durante el trabajo remoto. Los encuestados pueden contestar tantas opciones como considere necesarias.","var_universe":"Servidores(as) p\u00fablicos(as) y contratistas pertenecientes a las entidades de la Rama ejecutiva del orden nacional, gobernaciones y alcald\u00edas de ciudades capitales.","var_universe_clusion":"I","var_sumstat":[{"value":"0","type":"vald","wgtd":null},{"value":"0","type":"invd","wgtd":null}],"var_txt":null,"var_catgry":[{"value":"1","labl":"Si","is_missing":null,"stats":[]},{"value":"2","labl":"No","is_missing":null,"stats":[]},{"value":"NI","labl":"No informa","is_missing":null,"stats":[]}],"var_codinstr":null,"var_concept":[],"var_format":{"type":"character","schema":"other","category":null,"name":null},"var_notes":null,"var_val_range":{"min":null,"max":null},"fid":"F1","sid":"714","survey_idno":"DANE-DIMPE-EDCEPC-2019"}

Dificultad - Fallas frecuentes con mi conexión a internet.

El acceso a microdatos y Mam-up se considera como de tratamiento especial respecto a la reserva estadística por tanto estará sujeto a la reglamentación que para el efecto defina el Comité de Aseguramiento de la reserva estadística. Resolución 173 de 2008.

¿Qué dificultades se le han presentado a la hora de trabajar remotamente?

¿Qué dificultades se le han presentado a la hora de trabajar remotamente?  

 Fallas frecuentes con mi conexión a internet. 
08=Falta de habilidad o conocimientos para utilizar aplicaciones o herramientas de trabajo virtual. 
09= Las personas con quienes trabajo o a quienes presto algún servicio no tienen el equipo adecuado para interactuar a distancia. 
10= Sensación de aislamiento o soledad por la falta de contacto con los compañeros de trabajo. 
11= Mis responsabilidades como cuidador/a de niños, dependientes, o adultos mayores interfieren con mi trabajo. 
12=No tengo impedimentos para trabajar remotamente. 
800=Otro (¿Cuál?) 
900=No estoy seguro / prefiero no responder 
NI= No informa.

1= Si
2= No
Ni= No informa

Es una pregunta compuesta por múltiples opciones correspondientes a posibles dificultades que pueden haber experimentado los encuestados durante el trabajo remoto. Los encuestados pueden contestar tantas opciones como considere necesarias.

Servidores(as) públicos(as) y contratistas pertenecientes a las entidades de la Rama ejecutiva del orden nacional, gobernaciones y alcaldías de ciudades capitales.
