{"file_id":"F1","vid":"V42","name":"con_5","var_intrvl":"discrete","var_dcml":"0","var_wgt":null,"var_is_wgt":null,"loc_start_pos":"54","loc_end_pos":"56","loc_width":"3","loc_rec_seg_no":"1","labl":"\u00bfQu\u00e9 dificultades se le han presentado a la hora de trabajar remotamente?","var_imputation":null,"var_security":"El acceso a microdatos y Mam-up se considera como de tratamiento especial respecto a la reserva estad\u00edstica por tanto estar\u00e1 sujeto a la reglamentaci\u00f3n que para el efecto defina el Comit\u00e9 de Aseguramiento de la reserva estad\u00edstica. Resoluci\u00f3n 173 de 2008.","var_resp_unit":null,"var_analysis_unit":null,"var_qstn_preqtxt":null,"var_qstn_qstnlit":"\u00bfQu\u00e9 dificultades se le han presentado a la hora de trabajar remotamente?  \n\nSeleccione todas las opciones pertinentes. \n\n01=Algunas de mis funciones solo se pueden efectuar de manera presencial. \n02=No estoy autorizado\/a para teletrabajar o realizar trabajo en casa. \n03= No deseo teletrabajar o trabajar en casa. \n04=Mi trabajo conlleva asuntos de datos confidenciales que me obligan a trabajar desde la oficina. \n05=No tengo el equipo adecuado para hacer mi trabajo desde casa (por ejemplo, computador, acceso a internet) a pesar de que el tipo de trabajo s\u00ed podr\u00eda hacerse desde casa. \n06=No tengo un espacio de trabajo f\u00edsico adecuado en casa. \n07= Fallas frecuentes con mi conexi\u00f3n a internet. \n08=Falta de habilidad o conocimientos para utilizar aplicaciones o herramientas de trabajo virtual. \n09= Las personas con quienes trabajo o a quienes presto alg\u00fan servicio no tienen el equipo adecuado para interactuar a distancia. \n10= Sensaci\u00f3n de aislamiento o soledad por la falta de contacto con los compa\u00f1eros de trabajo. \n11= Mis responsabilidades como cuidador\/a de ni\u00f1os, dependientes, o adultos mayores interfieren con mi trabajo. \n12=No tengo impedimentos para trabajar remotamente. \n800=Otro (\u00bfCu\u00e1l?) \n900=No sabe \/No responde\nNI= No informa.","var_qstn_postqtxt":null,"var_qstn_ivuinstr":"Es una pregunta compuesta por m\u00faltiples opciones correspondientes a posibles dificultades que pueden haber experimentado los encuestados durante el trabajo remoto. Los encuestados pueden contestar tantas opciones como considere necesarias.","var_universe":"Servidores(as) p\u00fablicos(as) y contratistas pertenecientes a las entidades de la Rama ejecutiva del orden nacional, gobernaciones y alcald\u00edas de ciudades capitales.","var_universe_clusion":"I","var_sumstat":[{"value":"0","type":"vald","wgtd":null},{"value":"0","type":"invd","wgtd":null}],"var_txt":null,"var_catgry":[{"value":"1","labl":"Algunas de mis funciones solo se pueden efectuar de manera presencial.","is_missing":null,"stats":[]},{"value":"2","labl":"No estoy autorizado\/a para teletrabajar o realizar trabajo en casa.","is_missing":null,"stats":[]},{"value":"3","labl":"No deseo teletrabajar o trabajar en casa.","is_missing":null,"stats":[]},{"value":"4","labl":"Mi trabajo conlleva asuntos de datos confidenciales que me obligan a trabajar desde la oficina.","is_missing":null,"stats":[]},{"value":"5","labl":"No tengo el equipo adecuado para hacer mi trabajo desde casa (por ejemplo, computador, acceso a internet) a pesar de que el tipo de trabajo s\u00ed podr\u00eda hacerse desde casa.","is_missing":null,"stats":[]},{"value":"6","labl":"No tengo un espacio de trabajo f\u00edsico adecuado en casa","is_missing":null,"stats":[]},{"value":"7","labl":"Fallas frecuentes con mi conexi\u00f3n a internet.","is_missing":null,"stats":[]},{"value":"8","labl":"Falta de habilidad o conocimientos para utilizar aplicaciones o herramientas de trabajo virtual.","is_missing":null,"stats":[]},{"value":"9","labl":"Las personas con quienes trabajo o a quienes presto alg\u00fan servicio no tienen el equipo adecuado para interactuar a distancia.","is_missing":null,"stats":[]},{"value":"10","labl":"Sensaci\u00f3n de aislamiento o soledad por la falta de contacto con los compa\u00f1eros de trabajo.","is_missing":null,"stats":[]},{"value":"11","labl":"Mis responsabilidades como cuidador\/a de ni\u00f1os, dependientes, o adultos mayores interfieren con mi trabajo.","is_missing":null,"stats":[]},{"value":"12","labl":"No tengo impedimentos para trabajar remotamente.","is_missing":null,"stats":[]},{"value":"800","labl":"Otro","is_missing":null,"stats":[]},{"value":"900","labl":"NS\/NR","is_missing":null,"stats":[]}],"var_codinstr":null,"var_concept":[],"var_format":{"type":"numeric","schema":"other","category":null,"name":null},"var_notes":null,"var_val_range":{"min":null,"max":null},"fid":"F1","sid":"714","survey_idno":"DANE-DIMPE-EDCEPC-2019"}

¿Qué dificultades se le han presentado a la hora de trabajar remotamente?

El acceso a microdatos y Mam-up se considera como de tratamiento especial respecto a la reserva estadística por tanto estará sujeto a la reglamentación que para el efecto defina el Comité de Aseguramiento de la reserva estadística. Resolución 173 de 2008.

¿Qué dificultades se le han presentado a la hora de trabajar remotamente?  

Seleccione todas las opciones pertinentes. 

01=Algunas de mis funciones solo se pueden efectuar de manera presencial. 
02=No estoy autorizado/a para teletrabajar o realizar trabajo en casa. 
03= No deseo teletrabajar o trabajar en casa. 
04=Mi trabajo conlleva asuntos de datos confidenciales que me obligan a trabajar desde la oficina. 
05=No tengo el equipo adecuado para hacer mi trabajo desde casa (por ejemplo, computador, acceso a internet) a pesar de que el tipo de trabajo sí podría hacerse desde casa. 
06=No tengo un espacio de trabajo físico adecuado en casa. 
07= Fallas frecuentes con mi conexión a internet. 
08=Falta de habilidad o conocimientos para utilizar aplicaciones o herramientas de trabajo virtual. 
09= Las personas con quienes trabajo o a quienes presto algún servicio no tienen el equipo adecuado para interactuar a distancia. 
10= Sensación de aislamiento o soledad por la falta de contacto con los compañeros de trabajo. 
11= Mis responsabilidades como cuidador/a de niños, dependientes, o adultos mayores interfieren con mi trabajo. 
12=No tengo impedimentos para trabajar remotamente. 
800=Otro (¿Cuál?) 
900=No sabe /No responde
NI= No informa.

Es una pregunta compuesta por múltiples opciones correspondientes a posibles dificultades que pueden haber experimentado los encuestados durante el trabajo remoto. Los encuestados pueden contestar tantas opciones como considere necesarias.

Servidores(as) públicos(as) y contratistas pertenecientes a las entidades de la Rama ejecutiva del orden nacional, gobernaciones y alcaldías de ciudades capitales.

No tengo el equipo adecuado para hacer mi trabajo desde casa (por ejemplo, computador, acceso a internet) a pesar de que el tipo de trabajo sí podría hacerse desde casa.

No tengo un espacio de trabajo físico adecuado en casa

Fallas frecuentes con mi conexión a internet.

Las personas con quienes trabajo o a quienes presto algún servicio no tienen el equipo adecuado para interactuar a distancia.

Sensación de aislamiento o soledad por la falta de contacto con los compañeros de trabajo.

Mis responsabilidades como cuidador/a de niños, dependientes, o adultos mayores interfieren con mi trabajo.
