{"file_id":"F1","vid":"V5","name":"agegroup","var_intrvl":"discrete","var_dcml":null,"var_wgt":null,"var_is_wgt":null,"loc_start_pos":"5","loc_end_pos":"7","loc_width":"3","loc_rec_seg_no":"1","labl":"\u00bfCu\u00e1ntos a\u00f1os cumplidos tiene?","var_imputation":null,"var_security":"El acceso a microdatos y Mam-up se considera como de tratamiento especial respecto a la reserva estad\u00edstica por tanto estar\u00e1 sujeto a la reglamentaci\u00f3n que para el efecto defina el Comit\u00e9 de Aseguramiento de la reserva estad\u00edstica. Resoluci\u00f3n 173 de 2008.","var_resp_unit":null,"var_analysis_unit":null,"var_qstn_preqtxt":null,"var_qstn_qstnlit":"\u00bfCu\u00e1ntos a\u00f1os cumplidos tiene? \n[Respuesta num\u00e9rica abierta] \n__ __ a\u00f1os \n\n(Rango v\u00e1lido entre menor de 18 a mayor de 70 a\u00f1os) \n\n900=No estoy seguro \/ prefiero no responder \n\nLos resultados se presentan agrupados por rango de edad","var_qstn_postqtxt":null,"var_qstn_ivuinstr":"Esta pregunta indaga por la edad de los encuestados, el encuestado responde los a\u00f1os cumplidos que tiene y en la base anonimizada se agrupa por rangos de edad","var_universe":"Servidores(as) p\u00fablicos(as) y contratistas pertenecientes a las entidades de la Rama ejecutiva del orden nacional, gobernaciones y alcald\u00edas de ciudades capitales.","var_universe_clusion":"I","var_sumstat":[{"value":"0","type":"vald","wgtd":null},{"value":"0","type":"invd","wgtd":null}],"var_txt":null,"var_catgry":[{"value":"1","labl":"Menor de 29 a\u00f1os","is_missing":null,"stats":[]},{"value":"2","labl":"29 -40 a\u00f1os","is_missing":null,"stats":[]},{"value":"3","labl":"41 -50 a\u00f1os","is_missing":null,"stats":[]},{"value":"4","labl":"Mayor de 50 a\u00f1os","is_missing":null,"stats":[]},{"value":"900","labl":"No informa","is_missing":null,"stats":[]}],"var_codinstr":null,"var_concept":[],"var_format":{"type":"character","schema":"other","category":null,"name":null},"var_notes":null,"var_val_range":{"min":null,"max":null},"fid":"F1","sid":"714","survey_idno":"DANE-DIMPE-EDCEPC-2019"}

¿Cuántos años cumplidos tiene?

El acceso a microdatos y Mam-up se considera como de tratamiento especial respecto a la reserva estadística por tanto estará sujeto a la reglamentación que para el efecto defina el Comité de Aseguramiento de la reserva estadística. Resolución 173 de 2008.

¿Cuántos años cumplidos tiene? 
[Respuesta numérica abierta] 
__ __ años 

(Rango válido entre menor de 18 a mayor de 70 años) 

900=No estoy seguro / prefiero no responder 

Los resultados se presentan agrupados por rango de edad

Esta pregunta indaga por la edad de los encuestados, el encuestado responde los años cumplidos que tiene y en la base anonimizada se agrupa por rangos de edad

Servidores(as) públicos(as) y contratistas pertenecientes a las entidades de la Rama ejecutiva del orden nacional, gobernaciones y alcaldías de ciudades capitales.

Menor de 29 años

29 -40 años

41 -50 años

Mayor de 50 años
