{"file_id":"F1","vid":"V70","name":"ict_3_7","var_intrvl":"discrete","var_dcml":null,"var_wgt":null,"var_is_wgt":null,"loc_start_pos":"364","loc_end_pos":"371","loc_width":"8","loc_rec_seg_no":"1","labl":"Provisto- Servidor VPN\/Conexi\u00f3n remota","var_imputation":null,"var_security":"El acceso a microdatos y Mam-up se considera como de tratamiento especial respecto a la reserva estad\u00edstica por tanto estar\u00e1 sujeto a la reglamentaci\u00f3n que para el efecto defina el Comit\u00e9 de Aseguramiento de la reserva estad\u00edstica. Resoluci\u00f3n 173 de 2008.","var_resp_unit":null,"var_analysis_unit":null,"var_qstn_preqtxt":"Para teletrabajar o trabajar en casa \u00bftiene acceso a estos recursos en este momento?","var_qstn_qstnlit":"\u00bfFueron estos recursos fueron provistos, financiados o subvencionados por su entidad? \n\nServidor VPN\/Conexi\u00f3n remota\n\n1= Si\n2= No\n900= NS\/NR\nNA=  No aplica","var_qstn_postqtxt":"\u00bfEs la calidad de cada uno de estos recursos suficiente para hacer su trabajo eficazmente? \n\nSeleccione todas las opciones pertinentes. \n\n1= Si\n2= No\n900= NS\/NR\nNA=  No aplica","var_qstn_ivuinstr":"Esta pregunta indaga si la entidad en la que trabajan los encuestados ha brindado o apoyado la consecuci\u00f3n de las herramientas que usan para realizar sus actividades durante el trabajo remoto.","var_universe":"Servidores(as) p\u00fablicos(as) y contratistas pertenecientes a las entidades de la Rama ejecutiva del orden nacional, gobernaciones y alcald\u00edas de ciudades capitales.\n\n[Opci\u00f3n seleccionada en ict_2_7]","var_universe_clusion":"I","var_sumstat":[{"value":"0","type":"vald","wgtd":null},{"value":"0","type":"invd","wgtd":null}],"var_txt":null,"var_catgry":[{"value":"1","labl":"Si","is_missing":null,"stats":[]},{"value":"2","labl":"No","is_missing":null,"stats":[]},{"value":"900","labl":"NS\/NR","is_missing":null,"stats":[]},{"value":"NA","labl":"No aplica","is_missing":null,"stats":[]}],"var_codinstr":null,"var_concept":[],"var_format":{"type":"character","schema":"other","category":null,"name":null},"var_notes":null,"var_val_range":{"min":null,"max":null},"fid":"F1","sid":"714","survey_idno":"DANE-DIMPE-EDCEPC-2019"}

Provisto- Servidor VPN/Conexión remota

El acceso a microdatos y Mam-up se considera como de tratamiento especial respecto a la reserva estadística por tanto estará sujeto a la reglamentación que para el efecto defina el Comité de Aseguramiento de la reserva estadística. Resolución 173 de 2008.

¿Fueron estos recursos fueron provistos, financiados o subvencionados por su entidad? 

Servidor VPN/Conexión remota

1= Si
2= No
900= NS/NR
NA=  No aplica

Esta pregunta indaga si la entidad en la que trabajan los encuestados ha brindado o apoyado la consecución de las herramientas que usan para realizar sus actividades durante el trabajo remoto.

Servidores(as) públicos(as) y contratistas pertenecientes a las entidades de la Rama ejecutiva del orden nacional, gobernaciones y alcaldías de ciudades capitales.

[Opción seleccionada en ict_2_7]
