{"file_id":"F22","vid":"V663","name":"P6040","var_intrvl":"contin","var_dcml":"0","var_wgt":null,"var_is_wgt":null,"loc_start_pos":"44","loc_end_pos":"46","loc_width":"3","loc_rec_seg_no":"1","labl":"\u00bfCu\u00e1ntos a\u00f1os cumplidos tiene...?","var_imputation":null,"var_security":"El acceso a microdatos y Mam-up se considera como de tratamiento especial respecto a la reserva estad\u00edstica por tanto estar\u00e1 sujeto a la reglamentaci\u00f3n que para el efecto defina el Comit\u00e9 de Aseguramiento de la reserva estad\u00edstica. Resoluci\u00f3n 173 de 2008.","var_resp_unit":null,"var_analysis_unit":null,"var_qstn_preqtxt":"3. \u00bfCu\u00e1l es la fecha de nacimiento de \u2026 ? A\u00f1o (aaaa):","var_qstn_qstnlit":"4. \u00bfCu\u00e1ntos a\u00f1os cumplidos tiene...?","var_qstn_postqtxt":"5. \u00bfCu\u00e1l es el parentesco de ... con el jefe o jefa del hogar?\n\n1. Jefe (a) del hogar\t\n2. Pareja, esposo (a), c\u00f3nyuge, compa\u00f1ero(a)\t\n3. Hijo(a) o hijastro(a)\t\n4. Nieto(a)\t\n5. Otro pariente\t\n6. Empleado(a) del servicio dom\u00e9stico y sus parientes\t\n7. Pensionista\t\n8. Trabajador\t\n9. Otro no pariente","var_qstn_ivuinstr":"El dato a registrar es el del \u00faltimo cumplea\u00f1os de la persona y no el que est\u00e1 por cumplir. \nSi se trata de menores de un a\u00f1o, registre 000. \nSolo se acepta valores entre 000 y 108. Para los de 108 a\u00f1os y m\u00e1s, registre 108. \nEl aplicativo validar\u00e1 la edad con la pregunta anterior.","var_universe":null,"var_universe_clusion":null,"var_sumstat":[{"value":"36944","type":"vald","wgtd":null},{"value":"0","type":"invd","wgtd":null},{"value":"0","type":"min","wgtd":null},{"value":"106","type":"max","wgtd":null},{"value":"35.071","type":"mean","wgtd":null},{"value":"21.687","type":"stdev","wgtd":null}],"var_txt":null,"var_catgry":[],"var_codinstr":null,"var_concept":[],"var_format":{"type":"numeric","schema":"other","category":null,"name":null},"var_notes":null,"var_val_range":{"min":"0","max":"105"},"fid":"F22","sid":"715","survey_idno":"DANE-DIMPE-EGIT-2021"}

¿Cuántos años cumplidos tiene...?

El acceso a microdatos y Mam-up se considera como de tratamiento especial respecto a la reserva estadística por tanto estará sujeto a la reglamentación que para el efecto defina el Comité de Aseguramiento de la reserva estadística. Resolución 173 de 2008.

3. ¿Cuál es la fecha de nacimiento de … ? Año (aaaa):

4. ¿Cuántos años cumplidos tiene...?

5. ¿Cuál es el parentesco de ... con el jefe o jefa del hogar?

1. Jefe (a) del hogar	
2. Pareja, esposo (a), cónyuge, compañero(a)	
3. Hijo(a) o hijastro(a)	
4. Nieto(a)	
5. Otro pariente	
6. Empleado(a) del servicio doméstico y sus parientes	
7. Pensionista	
8. Trabajador	
9. Otro no pariente

El dato a registrar es el del último cumpleaños de la persona y no el que está por cumplir. 
Si se trata de menores de un año, registre 000. 
Solo se acepta valores entre 000 y 108. Para los de 108 años y más, registre 108. 
El aplicativo validará la edad con la pregunta anterior.
