{"file_id":"F38","vid":"V1337","name":"P756S3","var_intrvl":"discrete","var_dcml":"0","var_wgt":null,"var_is_wgt":null,"loc_start_pos":"37","loc_end_pos":"38","loc_width":"2","loc_rec_seg_no":"1","labl":"En otro pa\u00eds","var_imputation":null,"var_security":"El acceso a microdatos y mam-up se considera como de tratamiento especial respecto a la reserva estad\u00edstica por tanto estar\u00e1 sujeto a la reglamentaci\u00f3n que para el efecto defina el comit\u00e9 de aseguramiento de la reserva estad\u00edstica. Resoluci\u00f3n 173 de 2008.","var_resp_unit":"Responden las personas de 15 a\u00f1os y m\u00e1s que conforman el hogar.","var_analysis_unit":null,"var_qstn_preqtxt":null,"var_qstn_qstnlit":"3. D\u00f3nde naci\u00f3 ...:\n\nEn otro pa\u00eds\n\n1\tEstados Unidos \t\n2\tEspa\u00f1a\t\n3\tVenezuela\t\n4\tEcuador\t\n5\tPanam\u00e1\t\n6\tPer\u00fa\t\n7\tCosta Rica\t\n8\tArgentina\t\n9\tFrancia\t\n10\tItalia\t\n11\tOtro pais","var_qstn_postqtxt":null,"var_qstn_ivuinstr":null,"var_universe":"Est\u00e1 compuesto por la poblaci\u00f3n civil no institucional residente habitual de los hogares en todo el territorio nacional.","var_universe_clusion":"I","var_sumstat":[{"value":"0","type":"vald","wgtd":null},{"value":"0","type":"invd","wgtd":null}],"var_txt":null,"var_catgry":[{"value":"1","labl":"Estados Unidos","is_missing":null,"stats":[]},{"value":"2","labl":"Espa\u00f1a","is_missing":null,"stats":[]},{"value":"3","labl":"Venezuela","is_missing":null,"stats":[]},{"value":"4","labl":"Ecuador","is_missing":null,"stats":[]},{"value":"5","labl":"Panam\u00e1","is_missing":null,"stats":[]},{"value":"6","labl":"Per\u00fa","is_missing":null,"stats":[]},{"value":"7","labl":"Costa Rica","is_missing":null,"stats":[]},{"value":"8","labl":"Argentina","is_missing":null,"stats":[]},{"value":"9","labl":"Francia","is_missing":null,"stats":[]},{"value":"10","labl":"Italia","is_missing":null,"stats":[]},{"value":"11","labl":"Otro pais","is_missing":null,"stats":[]}],"var_codinstr":null,"var_concept":[],"var_format":{"type":"numeric","schema":"other","category":null,"name":null},"var_notes":null,"var_val_range":{"min":"1","max":"11"},"fid":"F38","sid":"727","survey_idno":"DANE-DIMPE-ECSC-2020"}

En otro país

El acceso a microdatos y mam-up se considera como de tratamiento especial respecto a la reserva estadística por tanto estará sujeto a la reglamentación que para el efecto defina el comité de aseguramiento de la reserva estadística. Resolución 173 de 2008.

Responden las personas de 15 años y más que conforman el hogar.

3. Dónde nació ...:

En otro país

1	Estados Unidos 	
2	España	
3	Venezuela	
4	Ecuador	
5	Panamá	
6	Perú	
7	Costa Rica	
8	Argentina	
9	Francia	
10	Italia	
11	Otro pais

Está compuesto por la población civil no institucional residente habitual de los hogares en todo el territorio nacional.

España

Panamá

Perú
