{"file_id":"F38","vid":"V1342","name":"P1662","var_intrvl":"discrete","var_dcml":"0","var_wgt":null,"var_is_wgt":null,"loc_start_pos":"45","loc_end_pos":"46","loc_width":"2","loc_rec_seg_no":"1","labl":"\u00bfCu\u00e1l fue el principal motivo por el que ... cambi\u00f3 el lugar donde resid\u00eda hace 12 meses?","var_imputation":null,"var_security":"El acceso a microdatos y mam-up se considera como de tratamiento especial respecto a la reserva estad\u00edstica por tanto estar\u00e1 sujeto a la reglamentaci\u00f3n que para el efecto defina el comit\u00e9 de aseguramiento de la reserva estad\u00edstica. Resoluci\u00f3n 173 de 2008.","var_resp_unit":"Responden las personas de 15 a\u00f1os y m\u00e1s que conforman el hogar.","var_analysis_unit":null,"var_qstn_preqtxt":null,"var_qstn_qstnlit":"6. \u00bfCu\u00e1l fue el principal motivo por el que ... cambi\u00f3 el lugar donde resid\u00eda hace 12 meses?\n\n\n1\tTrabajo\t\n2\tEstudio\t\n3\tSalud\t\n4\tAmenaza o riesgo para su vida o integridad f\u00edsica ocasionada por conflicto armado\t\n5\tAmenaza o riesgo para su vida o integridad f\u00edsica por violencia NO asociada al conflicto armado\t\n6\tDesastres naturales\t\n7\tConformaci\u00f3n de un nuevo hogar\t\n8\tAcompa\u00f1ar a otros miembros del hogar\t\n9\tMotivos culturales asociados a grupos \u00e9tnicos\t\n10\tOtro","var_qstn_postqtxt":null,"var_qstn_ivuinstr":null,"var_universe":"Est\u00e1 compuesto por la poblaci\u00f3n civil no institucional residente habitual de los hogares en todo el territorio nacional.","var_universe_clusion":"I","var_sumstat":[{"value":"0","type":"vald","wgtd":null},{"value":"0","type":"invd","wgtd":null}],"var_txt":null,"var_catgry":[{"value":"1","labl":"Trabajo","is_missing":null,"stats":[]},{"value":"2","labl":"Estudio","is_missing":null,"stats":[]},{"value":"3","labl":"Salud","is_missing":null,"stats":[]},{"value":"4","labl":"Amenaza o riesgo para su vida o integridad f\u00edsica ocasionada por conflicto armado","is_missing":null,"stats":[]},{"value":"5","labl":"Amenaza o riesgo para su vida o integridad f\u00edsica por violencia NO asociada al conflicto armado","is_missing":null,"stats":[]},{"value":"6","labl":"Desastres naturales","is_missing":null,"stats":[]},{"value":"7","labl":"Conformaci\u00f3n de un nuevo hogar","is_missing":null,"stats":[]},{"value":"8","labl":"Acompa\u00f1ar a otros miembros del hogar","is_missing":null,"stats":[]},{"value":"9","labl":"Motivos culturales asociados a grupos \u00e9tnicos","is_missing":null,"stats":[]},{"value":"10","labl":"Otro","is_missing":null,"stats":[]}],"var_codinstr":null,"var_concept":[],"var_format":{"type":"numeric","schema":"other","category":null,"name":null},"var_notes":null,"var_val_range":{"min":"1","max":"10"},"fid":"F38","sid":"727","survey_idno":"DANE-DIMPE-ECSC-2020"}

¿Cuál fue el principal motivo por el que ... cambió el lugar donde residía hace 12 meses?

El acceso a microdatos y mam-up se considera como de tratamiento especial respecto a la reserva estadística por tanto estará sujeto a la reglamentación que para el efecto defina el comité de aseguramiento de la reserva estadística. Resolución 173 de 2008.

Responden las personas de 15 años y más que conforman el hogar.

6. ¿Cuál fue el principal motivo por el que ... cambió el lugar donde residía hace 12 meses?


1	Trabajo	
2	Estudio	
3	Salud	
4	Amenaza o riesgo para su vida o integridad física ocasionada por conflicto armado	
5	Amenaza o riesgo para su vida o integridad física por violencia NO asociada al conflicto armado	
6	Desastres naturales	
7	Conformación de un nuevo hogar	
8	Acompañar a otros miembros del hogar	
9	Motivos culturales asociados a grupos étnicos	
10	Otro

Está compuesto por la población civil no institucional residente habitual de los hogares en todo el territorio nacional.

Amenaza o riesgo para su vida o integridad física ocasionada por conflicto armado

Amenaza o riesgo para su vida o integridad física por violencia NO asociada al conflicto armado

Conformación de un nuevo hogar

Acompañar a otros miembros del hogar

Motivos culturales asociados a grupos étnicos
