{"file_id":"F18","vid":"V1504","name":"P1178","var_intrvl":"discrete","var_dcml":"0","var_wgt":null,"var_is_wgt":null,"loc_start_pos":"41","loc_end_pos":"48","loc_width":"8","loc_rec_seg_no":"1","labl":"El d\u00eda [\u2026], \u00bf\u2026 Asisti\u00f3 al hogar comunitario, jard\u00edn, Centro de Desarrollo Infantil o colegio?","var_imputation":null,"var_security":null,"var_resp_unit":"La informaci\u00f3n para este cap\u00edtulo deber\u00e1 ser suministrada por la madre o el padre del ni\u00f1o o ni\u00f1a, o la persona del hogar, de 18 a\u00f1os o m\u00e1s encargada de su cuidado, cuando el ni\u00f1o o ni\u00f1a no viva con sus padres. No se acepta informaci\u00f3n de \u00e9l o la empleada dom\u00e9stica.","var_analysis_unit":null,"var_qstn_preqtxt":"F.2. \u00bfA qu\u00e9 tipo de hogar comunitario, guarder\u00eda o preescolar asiste?\n\n1\tHogar comunitario de bienestar familiar\n2\tGuarder\u00eda, hogar infantil o jard\u00edn de bienestar familiar\n3\tOtra guarder\u00eda, preescolar o jard\u00edn oficial.\n4\tGuarder\u00eda, preescolar o jard\u00edn privado.","var_qstn_qstnlit":"F.3. El d\u00eda [\u2026], \u00bf\u2026 Asisti\u00f3 al hogar comunitario, jard\u00edn, Centro de Desarrollo Infantil o colegio?\n\n1            S\u00ed\n2            No","var_qstn_postqtxt":"F.3. El d\u00eda [\u2026], \u00bf\u2026 Asistio a la guarderia o jard\u00edn?\n\n1.        S\u00ed\n\n\u00bfCu\u00e1ntas horas?","var_qstn_ivuinstr":"Lea la pregunta, espere la respuesta y marque la opci\u00f3n correspondiente a la informaci\u00f3n dada por la persona. Esta pregunta admite \u00fanica respuesta.\n\nRECUERDE QUE\u2026\n\n-\tPara las opciones con respuesta afirmativa se debe preguntar el n\u00famero de horas que \u00e9l o la menor pas\u00f3 en el lugar.\n-\tCuando la persona responde en t\u00e9rminos de medias horas (por ejemplo una hora y media), p\u00eddale a la persona encuestada que le aclare si fue m\u00e1s o menos de media hora. \n-\tEn caso de ser m\u00e1s de media hora, ajuste a la hora siguiente (por ejemplo: una hora y m\u00e1s de med\u00eda = dos horas) \n-\tEn caso contrario, ajuste a la misma hora (por ejemplo una hora y menos de media= una hora) \n-\tPara el caso en que el encuestado exprese que fue media hora exacta, ajuste a la hora siguiente.","var_universe":null,"var_universe_clusion":null,"var_sumstat":[{"value":"0","type":"vald","wgtd":null},{"value":"0","type":"invd","wgtd":null}],"var_txt":null,"var_catgry":[{"value":"1","labl":"S\u00ed","is_missing":null,"stats":[]},{"value":"2","labl":"No","is_missing":null,"stats":[]}],"var_codinstr":null,"var_concept":[],"var_format":{"type":"numeric","schema":"other","category":null,"name":null},"var_notes":null,"var_val_range":{"min":"1","max":"2"},"fid":"F18","sid":"729","survey_idno":"DANE-DIMPE-ENUT-2020-2021"}

El día […], ¿… Asistió al hogar comunitario, jardín, Centro de Desarrollo Infantil o colegio?

La información para este capítulo deberá ser suministrada por la madre o el padre del niño o niña, o la persona del hogar, de 18 años o más encargada de su cuidado, cuando el niño o niña no viva con sus padres. No se acepta información de él o la empleada doméstica.

F.2. ¿A qué tipo de hogar comunitario, guardería o preescolar asiste?

1	Hogar comunitario de bienestar familiar
2	Guardería, hogar infantil o jardín de bienestar familiar
3	Otra guardería, preescolar o jardín oficial.
4	Guardería, preescolar o jardín privado.

F.3. El día […], ¿… Asistió al hogar comunitario, jardín, Centro de Desarrollo Infantil o colegio?

1            Sí
2            No

F.3. El día […], ¿… Asistio a la guarderia o jardín?

1.        Sí

¿Cuántas horas?

Lea la pregunta, espere la respuesta y marque la opción correspondiente a la información dada por la persona. Esta pregunta admite única respuesta.

RECUERDE QUE…

-	Para las opciones con respuesta afirmativa se debe preguntar el número de horas que él o la menor pasó en el lugar.
-	Cuando la persona responde en términos de medias horas (por ejemplo una hora y media), pídale a la persona encuestada que le aclare si fue más o menos de media hora. 
-	En caso de ser más de media hora, ajuste a la hora siguiente (por ejemplo: una hora y más de medía = dos horas) 
-	En caso contrario, ajuste a la misma hora (por ejemplo una hora y menos de media= una hora) 
-	Para el caso en que el encuestado exprese que fue media hora exacta, ajuste a la hora siguiente.

Sí
