{"file_id":"F18","vid":"V1505","name":"P1178S1","var_intrvl":"discrete","var_dcml":"0","var_wgt":null,"var_is_wgt":null,"loc_start_pos":"49","loc_end_pos":"56","loc_width":"8","loc_rec_seg_no":"1","labl":"\u00bfCu\u00e1ntas horas?","var_imputation":null,"var_security":null,"var_resp_unit":"La informaci\u00f3n para este cap\u00edtulo deber\u00e1 ser suministrada por la madre o el padre del ni\u00f1o o ni\u00f1a, o la persona del hogar, de 18 a\u00f1os o m\u00e1s encargada de su cuidado, cuando el ni\u00f1o o ni\u00f1a no viva con sus padres. No se acepta informaci\u00f3n de \u00e9l o la empleada dom\u00e9stica.","var_analysis_unit":null,"var_qstn_preqtxt":"F.3. El d\u00eda [\u2026], \u00bf\u2026 Asistio a la guarderia o jard\u00edn?\n\n1.        S\u00ed\n2.        No","var_qstn_qstnlit":"F.3. El d\u00eda [\u2026], \u00bf\u2026 Asisti\u00f3 al hogar comunitario, jard\u00edn, Centro de Desarrollo Infantil o colegio?\n\n1            S\u00ed\n\n\u00bfCu\u00e1ntas horas?","var_qstn_postqtxt":"F.4. El d\u00eda (...) \u00bfCu\u00e1ntas horas permaneci\u00f3 ... en:\n\na. Su casa?\n\n1.    S\u00ed\n   \n\u00bfCu\u00e1ntas horas?","var_qstn_ivuinstr":"Lea la pregunta, espere respuesta y marque la opci\u00f3n correspondiente a la informaci\u00f3n dada por la persona. Esta pregunta admite \u00fanica respuesta. Para el diligenciamiento de la pregunta tenga en cuenta las definiciones dadas en la pregunta anterior.","var_universe":null,"var_universe_clusion":null,"var_sumstat":[{"value":"0","type":"vald","wgtd":null},{"value":"0","type":"invd","wgtd":null}],"var_txt":null,"var_catgry":[],"var_codinstr":null,"var_concept":[],"var_format":{"type":"numeric","schema":"other","category":null,"name":null},"var_notes":null,"var_val_range":{"min":"1","max":"14"},"fid":"F18","sid":"729","survey_idno":"DANE-DIMPE-ENUT-2020-2021"}

¿Cuántas horas?

La información para este capítulo deberá ser suministrada por la madre o el padre del niño o niña, o la persona del hogar, de 18 años o más encargada de su cuidado, cuando el niño o niña no viva con sus padres. No se acepta información de él o la empleada doméstica.

F.3. El día […], ¿… Asistio a la guarderia o jardín?

1.        Sí
2.        No

F.3. El día […], ¿… Asistió al hogar comunitario, jardín, Centro de Desarrollo Infantil o colegio?

1            Sí

¿Cuántas horas?

F.4. El día (...) ¿Cuántas horas permaneció ... en:

a. Su casa?

1.    Sí
   
¿Cuántas horas?

Lea la pregunta, espere respuesta y marque la opción correspondiente a la información dada por la persona. Esta pregunta admite única respuesta. Para el diligenciamiento de la pregunta tenga en cuenta las definiciones dadas en la pregunta anterior.
