{"file_id":"F20","vid":"V1614","name":"P6352","var_intrvl":"discrete","var_dcml":"0","var_wgt":null,"var_is_wgt":null,"loc_start_pos":"105","loc_end_pos":"112","loc_width":"8","loc_rec_seg_no":"1","labl":"En la b\u00fasqueda de empleo, \u00bfpor qu\u00e9 raz\u00f3n principal \u2026 no acept\u00f3 la \u00faltima oferta de trabajo que le hicieron?","var_imputation":null,"var_security":null,"var_resp_unit":"La informaci\u00f3n la suministra directamente cada una de las personas de 10 a\u00f1os y m\u00e1s. En el caso de personas que por su condici\u00f3n de discapacidad no est\u00e9n en posibilidades de brindar la informaci\u00f3n, \u00e9sta podr\u00e1 ser dada por la persona mayor de 18 a\u00f1os encargada de su cuidado.","var_analysis_unit":null,"var_qstn_preqtxt":null,"var_qstn_qstnlit":"H.11. En la b\u00fasqueda de empleo, \u00bfpor qu\u00e9 raz\u00f3n principal \u2026 no acept\u00f3 la \u00faltima oferta de trabajo que le hicieron?\n\n1\tSalario insuficiente.\n2\tEl salario no inclu\u00eda prestaciones.\n3\tEl horario era inconveniente.\n4\tUbicaci\u00f3n geogr\u00e1fica.\n5\tNo se consideraba calificado\/a para desempe\u00f1ar ese trabajo.\n6\tPor razones personales o familiares\n7\tTiene a cargo el cuidado de dependientes (ni\u00f1os, ni\u00f1as, adultos mayores y\/o personas con discapacidad).\n8\tSu pareja no estaba de acuerdo.\n9\tNo recibi\u00f3 ninguna oferta.\n10\t Otra, \u00bfcu\u00e1l?_____","var_qstn_postqtxt":null,"var_qstn_ivuinstr":"Con esta pregunta se busca establecer los motivos de rechazo frente a ofertas laborales realizadas a las personas que no buscaron trabajo durante las \u00faltimas 4 semanas, pero buscaron durante los \u00faltimos 12 meses y tuvieron un motivo de desaliento de mercado.","var_universe":"El universo para la Encuesta Nacional de Uso del Tiempo est\u00e1 conformado por la poblaci\u00f3n civil no institucional residente en todo el territorio nacional. \n\nEste cap\u00edtulo va dirigido a todas las personas de 10 a\u00f1os y m\u00e1s.","var_universe_clusion":"I","var_sumstat":[{"value":"0","type":"vald","wgtd":null},{"value":"0","type":"invd","wgtd":null}],"var_txt":null,"var_catgry":[{"value":"1","labl":"Salario insuficiente.","is_missing":null,"stats":[]},{"value":"2","labl":"El salario no inclu\u00eda prestaciones.","is_missing":null,"stats":[]},{"value":"3","labl":"El horario era inconveniente.","is_missing":null,"stats":[]},{"value":"4","labl":"Ubicaci\u00f3n geogr\u00e1fica.","is_missing":null,"stats":[]},{"value":"5","labl":"No se consideraba calificado\/a para desempe\u00f1ar ese trabajo.","is_missing":null,"stats":[]},{"value":"6","labl":"Por razones personales o familiares","is_missing":null,"stats":[]},{"value":"7","labl":"Tiene a cargo el cuidado de dependientes (ni\u00f1os, ni\u00f1as, adultos mayores y\/o personas con discapacidad).","is_missing":null,"stats":[]},{"value":"8","labl":"Su pareja no estaba de acuerdo.","is_missing":null,"stats":[]},{"value":"9","labl":"No recibi\u00f3 ninguna oferta.","is_missing":null,"stats":[]},{"value":"10","labl":"Otra, \u00bfcu\u00e1l?_____","is_missing":null,"stats":[]}],"var_codinstr":null,"var_concept":[],"var_format":{"type":"numeric","schema":"other","category":null,"name":null},"var_notes":null,"var_val_range":{"min":"1","max":"7"},"fid":"F20","sid":"729","survey_idno":"DANE-DIMPE-ENUT-2020-2021"}

En la búsqueda de empleo, ¿por qué razón principal … no aceptó la última oferta de trabajo que le hicieron?

La información la suministra directamente cada una de las personas de 10 años y más. En el caso de personas que por su condición de discapacidad no estén en posibilidades de brindar la información, ésta podrá ser dada por la persona mayor de 18 años encargada de su cuidado.

H.11. En la búsqueda de empleo, ¿por qué razón principal … no aceptó la última oferta de trabajo que le hicieron?

1	Salario insuficiente.
2	El salario no incluía prestaciones.
3	El horario era inconveniente.
4	Ubicación geográfica.
5	No se consideraba calificado/a para desempeñar ese trabajo.
6	Por razones personales o familiares
7	Tiene a cargo el cuidado de dependientes (niños, niñas, adultos mayores y/o personas con discapacidad).
8	Su pareja no estaba de acuerdo.
9	No recibió ninguna oferta.
10	 Otra, ¿cuál?_____

Con esta pregunta se busca establecer los motivos de rechazo frente a ofertas laborales realizadas a las personas que no buscaron trabajo durante las últimas 4 semanas, pero buscaron durante los últimos 12 meses y tuvieron un motivo de desaliento de mercado.

El universo para la Encuesta Nacional de Uso del Tiempo está conformado por la población civil no institucional residente en todo el territorio nacional. 

Este capítulo va dirigido a todas las personas de 10 años y más.

El salario no incluía prestaciones.

Ubicación geográfica.

No se consideraba calificado/a para desempeñar ese trabajo.

Tiene a cargo el cuidado de dependientes (niños, niñas, adultos mayores y/o personas con discapacidad).

No recibió ninguna oferta.

Otra, ¿cuál?_____
