{"file_id":"F22","vid":"V2019","name":"P1184","var_intrvl":"discrete","var_dcml":"0","var_wgt":null,"var_is_wgt":null,"loc_start_pos":"25","loc_end_pos":"32","loc_width":"8","loc_rec_seg_no":"1","labl":"Como resultado de la emergencia sanitaria\/aislamiento preventivo causada por la pandemia de COVID 19, \u00bfdurante el \u00faltimo mes y comparado con el mismo mes del a\u00f1o anterior, sus ingresos o ganancias personales provenientes de un trabajo remunerado \u2026?\nComo resultado de la emergencia sanitaria\/aislamiento preventivo causada por la pandemia de COVID 19, \u00bfdurante el \u00faltimo mes y comparado con el mismo mes del a\u00f1o anterior, sus ingresos o ganancias personales provenientes de un trabajo remunerado \u2026?\nComo resultado de la emergencia sanitaria\/aislamiento preventivo causada por la pandemia de COVID 19, \u00bfdurante el \u00faltimo mes y comparado con el mismo mes del a\u00f1o anterior, sus ingresos o ganancias personales provenientes de un trabajo remunerado \u2026?","var_imputation":null,"var_security":"El acceso a microdatos y Mam-up se considera como de tratamiento especial respecto a la reserva estad\u00edstica por tanto estar\u00e1 sujeto a la reglamentaci\u00f3n que para el efecto defina el Comit\u00e9 de Aseguramiento de la reserva estad\u00edstica. Resoluci\u00f3n 173 de 2008.","var_resp_unit":"La informaci\u00f3n la suministra directamente cada una de las personas de 10 a\u00f1os y m\u00e1s. En el caso de personas que por su situaci\u00f3n de discapacidad no est\u00e9n en posibilidades de brindar la informaci\u00f3n, esta podr\u00e1 ser dada por la persona mayor de 18 a\u00f1os encargada de su cuidado.","var_analysis_unit":null,"var_qstn_preqtxt":null,"var_qstn_qstnlit":"J.1. Como resultado de la emergencia sanitaria\/aislamiento preventivo causada por la pandemia de COVID 19, \u00bfdurante el \u00faltimo mes y comparado con el mismo mes del a\u00f1o anterior, sus ingresos o ganancias personales provenientes de un trabajo remunerado \u2026?\n\n1\tAumentaron.\t\n2\tDisminuyeron, pero a\u00fan tiene ingresos laborales.\t\n3\tYa no tiene ingresos laborales.\t\n4\tMantiene los mismos ingresos","var_qstn_postqtxt":null,"var_qstn_ivuinstr":"Mediante esta pregunta se busca indagar sobre la perspectiva que tienen las personas del hogar, de 10 a\u00f1os y m\u00e1s, sobre la afectaci\u00f3n de la situaci\u00f3n causada por la pandemia de COVID 19 en sus ingresos personales provenientes de actividades de trabajo remunerado. En esta pregunta es importante tener en cuenta que se hace referencia a los ingresos propios, y no a los ingresos totales del hogar.\n\nLea la pregunta y cada una de las opciones de respuesta, registre la informaci\u00f3n reportada por la persona encuestada, s\u00f3lo admite una \u00fanica respuesta.","var_universe":"El universo para la Encuesta Nacional de Uso del Tiempo est\u00e1 conformado por la poblaci\u00f3n civil no institucional residente en todo el territorio nacional. \n\nEste cap\u00edtulo va dirigido a todas las personas de 10 a\u00f1os y m\u00e1s.","var_universe_clusion":"I","var_sumstat":[{"value":"0","type":"vald","wgtd":null},{"value":"0","type":"invd","wgtd":null}],"var_txt":null,"var_catgry":[{"value":"1","labl":"Aumentaron.","is_missing":null,"stats":[]},{"value":"2","labl":"Disminuyeron, pero a\u00fan tiene ingresos laborales.","is_missing":null,"stats":[]},{"value":"3","labl":"Ya no tiene ingresos laborales.","is_missing":null,"stats":[]},{"value":"4","labl":"Mantiene los mismos ingresos","is_missing":null,"stats":[]}],"var_codinstr":null,"var_concept":[],"var_format":{"type":"numeric","schema":"other","category":null,"name":null},"var_notes":null,"var_val_range":{"min":"1","max":"4"},"fid":"F22","sid":"729","survey_idno":"DANE-DIMPE-ENUT-2020-2021"}

Como resultado de la emergencia sanitaria/aislamiento preventivo causada por la pandemia de COVID 19, ¿durante el último mes y comparado con el mismo mes del año anterior, sus ingresos o ganancias personales provenientes de un trabajo remunerado …?
Como resultado de la emergencia sanitaria/aislamiento preventivo causada por la pandemia de COVID 19, ¿durante el último mes y comparado con el mismo mes del año anterior, sus ingresos o ganancias personales provenientes de un trabajo remunerado …?
Como resultado de la emergencia sanitaria/aislamiento preventivo causada por la pandemia de COVID 19, ¿durante el último mes y comparado con el mismo mes del año anterior, sus ingresos o ganancias personales provenientes de un trabajo remunerado …?

El acceso a microdatos y Mam-up se considera como de tratamiento especial respecto a la reserva estadística por tanto estará sujeto a la reglamentación que para el efecto defina el Comité de Aseguramiento de la reserva estadística. Resolución 173 de 2008.

La información la suministra directamente cada una de las personas de 10 años y más. En el caso de personas que por su situación de discapacidad no estén en posibilidades de brindar la información, esta podrá ser dada por la persona mayor de 18 años encargada de su cuidado.

J.1. Como resultado de la emergencia sanitaria/aislamiento preventivo causada por la pandemia de COVID 19, ¿durante el último mes y comparado con el mismo mes del año anterior, sus ingresos o ganancias personales provenientes de un trabajo remunerado …?

1	Aumentaron.	
2	Disminuyeron, pero aún tiene ingresos laborales.	
3	Ya no tiene ingresos laborales.	
4	Mantiene los mismos ingresos

Mediante esta pregunta se busca indagar sobre la perspectiva que tienen las personas del hogar, de 10 años y más, sobre la afectación de la situación causada por la pandemia de COVID 19 en sus ingresos personales provenientes de actividades de trabajo remunerado. En esta pregunta es importante tener en cuenta que se hace referencia a los ingresos propios, y no a los ingresos totales del hogar.

Lea la pregunta y cada una de las opciones de respuesta, registre la información reportada por la persona encuestada, sólo admite una única respuesta.

El universo para la Encuesta Nacional de Uso del Tiempo está conformado por la población civil no institucional residente en todo el territorio nacional. 

Este capítulo va dirigido a todas las personas de 10 años y más.

Disminuyeron, pero aún tiene ingresos laborales.
