{"file_id":"F22","vid":"V2020","name":"P1185","var_intrvl":"discrete","var_dcml":"0","var_wgt":null,"var_is_wgt":null,"loc_start_pos":"33","loc_end_pos":"40","loc_width":"8","loc_rec_seg_no":"1","labl":"Usted dir\u00eda que por la distribuci\u00f3n de tareas dom\u00e9sticas y de cuidados en el interior de su hogar desde el inicio de la emergencia sanitaria\/ aislamiento preventivo causada por la pandemia de COVID-19 se han generado\u2026:","var_imputation":null,"var_security":"El acceso a microdatos y Mam-up se considera como de tratamiento especial respecto a la reserva estad\u00edstica por tanto estar\u00e1 sujeto a la reglamentaci\u00f3n que para el efecto defina el Comit\u00e9 de Aseguramiento de la reserva estad\u00edstica. Resoluci\u00f3n 173 de 2008.","var_resp_unit":"La informaci\u00f3n la suministra directamente cada una de las personas de 10 a\u00f1os y m\u00e1s. En el caso de personas que por su situaci\u00f3n de discapacidad no est\u00e9n en posibilidades de brindar la informaci\u00f3n, esta podr\u00e1 ser dada por la persona mayor de 18 a\u00f1os encargada de su cuidado. En la pregunta J2 s\u00f3lo deben responder los hogares que tengan m\u00e1s de un individuo.","var_analysis_unit":null,"var_qstn_preqtxt":null,"var_qstn_qstnlit":"J.2. Usted dir\u00eda que por la distribuci\u00f3n de tareas dom\u00e9sticas y de cuidados en el interior de su hogar desde el inicio de la emergencia sanitaria\/ aislamiento preventivo causada por la pandemia de COVID-19 se han generado\u2026:\n\n\n1\tMuchos problemas de convivencia o conflictos entre los miembros del hogar.\t\n2\tAlgunos problemas de convivencia o conflictos entre los miembros del hogar.\t\n3\tNo ha generado problemas de convivencia entre los miembros del hogar.\t\n4\tHa mejorado la convivencia entre los miembros del hogar.","var_qstn_postqtxt":null,"var_qstn_ivuinstr":"Mediante esta pregunta se busca indagar sobre la perspectiva que tienen las personas del hogar, de 10 a\u00f1os y m\u00e1s, sobre la afectaci\u00f3n de la situaci\u00f3n causada por la pandemia de COVID 19 en la convivencia de acuerdo con la distribuci\u00f3n de tareas dom\u00e9sticas y de cuidados en el hogar. Por ejemplo, dentro de esto se incluyen conflictos en la toma de decisiones para la distribuci\u00f3n de estas tareas, recriminaciones o discusiones porque unas personas sienten que otras hacen muy poco de tareas dom\u00e9sticas, y dem\u00e1s conflictos relacionados.\n\nLea la pregunta y cada una de las opciones de respuesta, registre la informaci\u00f3n reportada por la persona encuestada, s\u00f3lo admite una \u00fanica respuesta.","var_universe":"El universo para la Encuesta Nacional de Uso del Tiempo est\u00e1 conformado por la poblaci\u00f3n civil no institucional residente en todo el territorio nacional. \n\nEste cap\u00edtulo va dirigido a todas las personas de 10 a\u00f1os y m\u00e1s.","var_universe_clusion":"I","var_sumstat":[{"value":"0","type":"vald","wgtd":null},{"value":"0","type":"invd","wgtd":null}],"var_txt":null,"var_catgry":[{"value":"1","labl":"Muchos problemas de convivencia o conflictos entre los miembros del hogar.","is_missing":null,"stats":[]},{"value":"2","labl":"Algunos problemas de convivencia o conflictos entre los miembros del hogar.","is_missing":null,"stats":[]},{"value":"3","labl":"No ha generado problemas de convivencia entre los miembros del hogar.","is_missing":null,"stats":[]},{"value":"4","labl":"Ha mejorado la convivencia entre los miembros del hogar.","is_missing":null,"stats":[]}],"var_codinstr":null,"var_concept":[],"var_format":{"type":"numeric","schema":"other","category":null,"name":null},"var_notes":null,"var_val_range":{"min":"1","max":"4"},"fid":"F22","sid":"729","survey_idno":"DANE-DIMPE-ENUT-2020-2021"}

Usted diría que por la distribución de tareas domésticas y de cuidados en el interior de su hogar desde el inicio de la emergencia sanitaria/ aislamiento preventivo causada por la pandemia de COVID-19 se han generado…:

El acceso a microdatos y Mam-up se considera como de tratamiento especial respecto a la reserva estadística por tanto estará sujeto a la reglamentación que para el efecto defina el Comité de Aseguramiento de la reserva estadística. Resolución 173 de 2008.

La información la suministra directamente cada una de las personas de 10 años y más. En el caso de personas que por su situación de discapacidad no estén en posibilidades de brindar la información, esta podrá ser dada por la persona mayor de 18 años encargada de su cuidado. En la pregunta J2 sólo deben responder los hogares que tengan más de un individuo.

J.2. Usted diría que por la distribución de tareas domésticas y de cuidados en el interior de su hogar desde el inicio de la emergencia sanitaria/ aislamiento preventivo causada por la pandemia de COVID-19 se han generado…:


1	Muchos problemas de convivencia o conflictos entre los miembros del hogar.	
2	Algunos problemas de convivencia o conflictos entre los miembros del hogar.	
3	No ha generado problemas de convivencia entre los miembros del hogar.	
4	Ha mejorado la convivencia entre los miembros del hogar.

Mediante esta pregunta se busca indagar sobre la perspectiva que tienen las personas del hogar, de 10 años y más, sobre la afectación de la situación causada por la pandemia de COVID 19 en la convivencia de acuerdo con la distribución de tareas domésticas y de cuidados en el hogar. Por ejemplo, dentro de esto se incluyen conflictos en la toma de decisiones para la distribución de estas tareas, recriminaciones o discusiones porque unas personas sienten que otras hacen muy poco de tareas domésticas, y demás conflictos relacionados.

Lea la pregunta y cada una de las opciones de respuesta, registre la información reportada por la persona encuestada, sólo admite una única respuesta.

El universo para la Encuesta Nacional de Uso del Tiempo está conformado por la población civil no institucional residente en todo el territorio nacional. 

Este capítulo va dirigido a todas las personas de 10 años y más.
