{"file_id":"F24","vid":"V2198","name":"P6536","var_intrvl":"contin","var_dcml":"0","var_wgt":null,"var_is_wgt":null,"loc_start_pos":"473","loc_end_pos":"480","loc_width":"8","loc_rec_seg_no":"1","labl":"Normalmente, \u00bfcu\u00e1ntas horas a la semana trabaja... en este segundo trabajo o empleo?","var_imputation":null,"var_security":null,"var_resp_unit":"La informaci\u00f3n la suministra directamente cada una de las personas de 10 a\u00f1os y m\u00e1s. En el caso de personas que por su condici\u00f3n de discapacidad no est\u00e9n en posibilidades de brindar la informaci\u00f3n, \u00e9sta podr\u00e1 ser dada por la persona mayor de 18 a\u00f1os encargada de su cuidado.","var_analysis_unit":null,"var_qstn_preqtxt":null,"var_qstn_qstnlit":"H.33. Normalmente, \u00bfcu\u00e1ntas horas a la semana trabaja... en este segundo trabajo o empleo?\n\nHoras","var_qstn_postqtxt":null,"var_qstn_ivuinstr":"Esta pregunta busca establecer el tiempo que generalmente le dedican las personas ocupadas a su empleo secundario. Formule la pregunta espere la respuesta y registre el n\u00famero de horas.","var_universe":"El universo para la Encuesta Nacional de Uso del Tiempo est\u00e1 conformado por la poblaci\u00f3n civil no institucional residente en todo el territorio nacional. \n\nEste cap\u00edtulo va dirigido a todas las personas de 10 a\u00f1os y m\u00e1s.","var_universe_clusion":"I","var_sumstat":[{"value":"0","type":"vald","wgtd":null},{"value":"0","type":"invd","wgtd":null}],"var_txt":null,"var_catgry":[],"var_codinstr":null,"var_concept":[],"var_format":{"type":"numeric","schema":"other","category":null,"name":null},"var_notes":null,"var_val_range":{"min":"1","max":"30"},"fid":"F24","sid":"729","survey_idno":"DANE-DIMPE-ENUT-2020-2021"}

Normalmente, ¿cuántas horas a la semana trabaja... en este segundo trabajo o empleo?

La información la suministra directamente cada una de las personas de 10 años y más. En el caso de personas que por su condición de discapacidad no estén en posibilidades de brindar la información, ésta podrá ser dada por la persona mayor de 18 años encargada de su cuidado.

H.33. Normalmente, ¿cuántas horas a la semana trabaja... en este segundo trabajo o empleo?

Horas

Esta pregunta busca establecer el tiempo que generalmente le dedican las personas ocupadas a su empleo secundario. Formule la pregunta espere la respuesta y registre el número de horas.

El universo para la Encuesta Nacional de Uso del Tiempo está conformado por la población civil no institucional residente en todo el territorio nacional. 

Este capítulo va dirigido a todas las personas de 10 años y más.
