{"file_id":"F24","vid":"V2209","name":"P6530S1A1","var_intrvl":"discrete","var_dcml":"0","var_wgt":null,"var_is_wgt":null,"loc_start_pos":"561","loc_end_pos":"568","loc_width":"8","loc_rec_seg_no":"1","labl":"Horas","var_imputation":null,"var_security":null,"var_resp_unit":"La informaci\u00f3n la suministra directamente cada una de las personas de 10 a\u00f1os y m\u00e1s. En el caso de personas que por su condici\u00f3n de discapacidad no est\u00e9n en posibilidades de brindar la informaci\u00f3n, \u00e9sta podr\u00e1 ser dada por la persona mayor de 18 a\u00f1os encargada de su cuidado.","var_analysis_unit":null,"var_qstn_preqtxt":null,"var_qstn_qstnlit":"H.39. El d\u00eda [...], \u00bf\u2026 trabaj\u00f3 o le colabor\u00f3 a alguien en alg\u00fan empleo o negocio?: \n\n1\tS\u00ed\n\n\u00bfCu\u00e1nto tiempo?\n\nHoras","var_qstn_postqtxt":null,"var_qstn_ivuinstr":"El objetivo de esta pregunta es obtener informaci\u00f3n sobre actividades de trabajo en calidad de auxiliar o asistente para aquellas personas que no fueron clasificadas como ocupadas en el mercado laboral, pues en la semana de referencia no se encontraba trabajando.\n\nLea la pregunta y espere respuesta, en caso afirmativo proceda a preguntar el tiempo en horas y minutos que la persona dedic\u00f3 a realizar esa actividad espec\u00edfica.","var_universe":"El universo para la Encuesta Nacional de Uso del Tiempo est\u00e1 conformado por la poblaci\u00f3n civil no institucional residente en todo el territorio nacional. \n\nEste cap\u00edtulo va dirigido a todas las personas de 10 a\u00f1os y m\u00e1s.","var_universe_clusion":"I","var_sumstat":[{"value":"0","type":"vald","wgtd":null},{"value":"0","type":"invd","wgtd":null}],"var_txt":null,"var_catgry":[{"value":"1","labl":"S\u00ed","is_missing":null,"stats":[]}],"var_codinstr":null,"var_concept":[],"var_format":{"type":"numeric","schema":"other","category":null,"name":null},"var_notes":null,"var_val_range":{"min":"0","max":"12"},"fid":"F24","sid":"729","survey_idno":"DANE-DIMPE-ENUT-2020-2021"}

La información la suministra directamente cada una de las personas de 10 años y más. En el caso de personas que por su condición de discapacidad no estén en posibilidades de brindar la información, ésta podrá ser dada por la persona mayor de 18 años encargada de su cuidado.

H.39. El día [...], ¿… trabajó o le colaboró a alguien en algún empleo o negocio?: 

1	Sí

¿Cuánto tiempo?

Horas

El objetivo de esta pregunta es obtener información sobre actividades de trabajo en calidad de auxiliar o asistente para aquellas personas que no fueron clasificadas como ocupadas en el mercado laboral, pues en la semana de referencia no se encontraba trabajando.

Lea la pregunta y espere respuesta, en caso afirmativo proceda a preguntar el tiempo en horas y minutos que la persona dedicó a realizar esa actividad específica.

El universo para la Encuesta Nacional de Uso del Tiempo está conformado por la población civil no institucional residente en todo el territorio nacional. 

Este capítulo va dirigido a todas las personas de 10 años y más.

Sí
