{"file_id":"F7","vid":"V453","name":"P6230","var_intrvl":"discrete","var_dcml":"0","var_wgt":null,"var_is_wgt":null,"loc_start_pos":"42","loc_end_pos":"44","loc_width":"3","loc_rec_seg_no":"1","labl":"Registre el n\u00famero de orden de la persona que suministra la informaci\u00f3n.","var_imputation":null,"var_security":"El acceso a microdatos y Mam-up se considera como de tratamiento especial respecto a la reserva estad\u00edstica por tanto estar\u00e1 sujeto a la reglamentaci\u00f3n que para el efecto defina el Comit\u00e9 de Aseguramiento de la reserva estad\u00edstica. Resoluci\u00f3n 173 de 2008.","var_resp_unit":"Las personas de 12 a\u00f1os o m\u00e1s. Las personas de 18 a\u00f1os y m\u00e1s suministrar\u00e1n la informaci\u00f3n directamente. Las personas que tengan entre 12 y 17 a\u00f1os y trabajen o sean estudiantes universitarios deben suministrar directamente su informaci\u00f3n. La informaci\u00f3n de los j\u00f3venes entre 12 y 17 a\u00f1os que no trabajen ni estudien en la universidad, ser\u00e1 suministrada por los padres o la persona del hogar que est\u00e1 a cargo de su cuidado, excluyendo el servicio dom\u00e9stico.","var_analysis_unit":null,"var_qstn_preqtxt":"30. \u00bfCual es el nivel educativo de esta persona?\t\n\n1\tAlgunos a\u00f1os de primaria\n2\tToda la primaria\n3\tAlgunos a\u00f1os de secundaria\n4\tToda la secundaria\n5\tUno o m\u00e1s a\u00f1os de t\u00e9cnica o tecnol\u00f3gica\n6\tT\u00e9cnica o tecnol\u00f3gica completa\n7\tUno o m\u00e1s a\u00f1os de universidad\n8\tUniversitaria completa\n9\tNinguno\n10\tNo sabe","var_qstn_qstnlit":"1. Registre el n\u00famero de orden de la persona que suministra la informaci\u00f3n.","var_qstn_postqtxt":"2.\u00bfEn que actividad ocup\u00f3...... la mayor parte del tiempo LA SEMANA PASADA?\n\n1\tTrabajando\n2\tBuscando trabajo\n3\tEstudiando\n4\tOficios del hogar\n5\tIncapacitado permanentemente para trabajar\n6\tOtra actividad \u00bfcu\u00e1l?","var_qstn_ivuinstr":null,"var_universe":"El universo para la ECV est\u00e1 conformado por la poblaci\u00f3n civil no institucional resi\u00addente en todo el territorio nacional.\n\nEste cap\u00edtulo va dirigido a personas de 12 a\u00f1os y m\u00e1s","var_universe_clusion":"I","var_sumstat":[{"value":"0","type":"vald","wgtd":null},{"value":"0","type":"invd","wgtd":null}],"var_txt":null,"var_catgry":[],"var_codinstr":null,"var_concept":[],"var_format":{"type":"numeric","schema":"other","category":null,"name":null},"var_notes":null,"var_val_range":{"min":null,"max":null},"fid":"F7","sid":"734","survey_idno":"DANE-DIMPE-ECV-2021"}

Registre el número de orden de la persona que suministra la información.

El acceso a microdatos y Mam-up se considera como de tratamiento especial respecto a la reserva estadística por tanto estará sujeto a la reglamentación que para el efecto defina el Comité de Aseguramiento de la reserva estadística. Resolución 173 de 2008.

Las personas de 12 años o más. Las personas de 18 años y más suministrarán la información directamente. Las personas que tengan entre 12 y 17 años y trabajen o sean estudiantes universitarios deben suministrar directamente su información. La información de los jóvenes entre 12 y 17 años que no trabajen ni estudien en la universidad, será suministrada por los padres o la persona del hogar que está a cargo de su cuidado, excluyendo el servicio doméstico.

30. ¿Cual es el nivel educativo de esta persona?	

1	Algunos años de primaria
2	Toda la primaria
3	Algunos años de secundaria
4	Toda la secundaria
5	Uno o más años de técnica o tecnológica
6	Técnica o tecnológica completa
7	Uno o más años de universidad
8	Universitaria completa
9	Ninguno
10	No sabe

1. Registre el número de orden de la persona que suministra la información.

2.¿En que actividad ocupó...... la mayor parte del tiempo LA SEMANA PASADA?

1	Trabajando
2	Buscando trabajo
3	Estudiando
4	Oficios del hogar
5	Incapacitado permanentemente para trabajar
6	Otra actividad ¿cuál?

El universo para la ECV está conformado por la población civil no institucional resi­dente en todo el territorio nacional.

Este capítulo va dirigido a personas de 12 años y más
