{"file_id":"F3","vid":"V1030","name":"F03b","var_intrvl":"discrete","var_dcml":"0","var_wgt":null,"var_is_wgt":null,"loc_start_pos":"175","loc_end_pos":"175","loc_width":"1","loc_rec_seg_no":"1","labl":"Ley de Transparencia y del Derecho de Acceso a la Informaci\u00f3n P\u00fablica Nacional.","var_imputation":null,"var_security":"El acceso a microdatos y Mam-up se considera como de tratamiento especial respecto a la reserva estad\u00edstica por tanto estar\u00e1 sujeto a la reglamentaci\u00f3n que para el efecto defina el Comit\u00e9 de Aseguramiento de la reserva estad\u00edstica. Resoluci\u00f3n 173 de 2008.","var_resp_unit":null,"var_analysis_unit":null,"var_qstn_preqtxt":null,"var_qstn_qstnlit":"Durante los \u00faltimos doce meses recibi\u00f3 capacitaci\u00f3n en los siguientes temas:\n\nb. Ley de Transparencia y del Derecho de Acceso a la Informaci\u00f3n P\u00fablica Nacional.\n\n\n1\tS\u00ed\n2\tNo","var_qstn_postqtxt":null,"var_qstn_ivuinstr":"La pregunta tiene como objetivo identificar si las y los servidores recibieron formaci\u00f3n sobre algunos instrumentos relacionados con cultura de legalidad y transparencia en la entidad.\nb. Ley de Transparencia y del Derecho de Acceso a la Informaci\u00f3n P\u00fablica Nacional: la Ley 1712 de 2014 es la herramienta normativa que regula el ejercicio del derecho fundamental a la informaci\u00f3n p\u00fablica en Colombia.","var_universe":"Servidores p\u00fablicos pertenecientes al nivel central de las gobernaciones del territorio nacional, Alcald\u00edas de capital de departamento y del Distrito Capital (Bogot\u00e1 D.C.).","var_universe_clusion":"I","var_sumstat":[{"value":"0","type":"vald","wgtd":null},{"value":"0","type":"invd","wgtd":null}],"var_txt":null,"var_catgry":[{"value":"1","labl":"Si","is_missing":null,"stats":[]},{"value":"2","labl":"No","is_missing":null,"stats":[]}],"var_codinstr":null,"var_concept":[],"var_format":{"type":"numeric","schema":"other","category":null,"name":null},"var_notes":null,"var_val_range":{"min":null,"max":null},"fid":"F3","sid":"740","survey_idno":"DANE-DIMPE-EDID-ENTIDAD-2021"}

Ley de Transparencia y del Derecho de Acceso a la Información Pública Nacional.

El acceso a microdatos y Mam-up se considera como de tratamiento especial respecto a la reserva estadística por tanto estará sujeto a la reglamentación que para el efecto defina el Comité de Aseguramiento de la reserva estadística. Resolución 173 de 2008.

Durante los últimos doce meses recibió capacitación en los siguientes temas:

b. Ley de Transparencia y del Derecho de Acceso a la Información Pública Nacional.


1	Sí
2	No

La pregunta tiene como objetivo identificar si las y los servidores recibieron formación sobre algunos instrumentos relacionados con cultura de legalidad y transparencia en la entidad.
b. Ley de Transparencia y del Derecho de Acceso a la Información Pública Nacional: la Ley 1712 de 2014 es la herramienta normativa que regula el ejercicio del derecho fundamental a la información pública en Colombia.

Servidores públicos pertenecientes al nivel central de las gobernaciones del territorio nacional, Alcaldías de capital de departamento y del Distrito Capital (Bogotá D.C.).
