{"file_id":"F58","vid":"V5741","name":"NPCKP1","var_intrvl":"discrete","var_dcml":"2","var_wgt":null,"var_is_wgt":null,"loc_start_pos":"44","loc_end_pos":"47","loc_width":"4","loc_rec_seg_no":"1","labl":"1. \u00bfEn qu\u00e9 actividad ocup\u00f3 ...la mayor parte del tiempo la SEMANA PASADA?","var_imputation":null,"var_security":"El acceso a microdatos y Mam-up se considera como de tratamiento especial respecto a la reserva estad\u00edstica por tanto estar\u00e1 sujeto a la reglamentaci\u00f3n que para el efecto defina el Comit\u00e9 de Aseguramiento de la reserva estad\u00edstica. Resoluci\u00f3n 173 de 2008.","var_resp_unit":"La informaci\u00f3n del cap\u00edtulo ser\u00e1 suministrada por cada uno de los miembros del hogar de 10 a\u00f1os y \nm\u00e1s.","var_analysis_unit":null,"var_qstn_preqtxt":null,"var_qstn_qstnlit":"1. \u00bfEn qu\u00e9 actividad ocup\u00f3 ...la mayor parte del tiempo la SEMANA PASADA?\n\n1. Trabajando\n2. Buscando trabajo\n3. Estudiando\n4. Oficios del hogar\n5. Incapacitado(a) permanente para trabajar\n6. Otra actividad","var_qstn_postqtxt":null,"var_qstn_ivuinstr":"Tener en cuenta lo siguiente:\n\n1. Trabajando. Estuvo trabajando la mayor parte del tiempo durante la semana de referencia, ya sea como asalariado\/a, como trabajador\/a por cuenta propia o como patr\u00f3n\/a. Considere trabajando a:\n\n\u2022 Los m\u00e9dicos en su a\u00f1o rural ya que este es un servicio que es remunerado.\n\u2022 Los polic\u00edas bachilleres y los guardas bachilleres penitenciarios que prestan servicio militar (pero pernoctan en sus casas), sin importar que en la semana en que se realiza la encuesta ya hayan terminado su servicio militar.\n\u2022 Las personas que en la semana de referencia prestaban el servicio militar internos en batallones.\n\u2022 Los\/as trabajadores\/as por cuenta propia que en la semana de referencia se encontraban atendiendo un negocio o ejerciendo una profesi\u00f3n aun cuando no hayan efectuado ventas o prestado servicios profesionales durante en esa semana. \n\u2022 Las personas que tienen en su hogar uno o m\u00e1s pensionistas.\n\n2. Buscando trabajo. Si la mayor parte del tiempo, en la semana de referencia, la persona estuvo consiguiendo empleo, busc\u00f3 establecerse en un negocio o ejercer una profesi\u00f3n. Reg\u00edstrela tambi\u00e9n cuando una persona busc\u00f3 trabajo la mayor parte del tiempo en la semana pasada, o de referencia, y en el momento de la encuesta ya est\u00e1 trabajando.Las diligencias para buscar trabajo comprenden las gestiones tanto formales como informales e incluye las aplicables al empleo asalariado y al empleo independiente. Una persona busca trabajo s\u00ed:\n\n\u2022 Se registra en una agencia de empleo p\u00fablica o privada.\n\u2022 Est\u00e1 a la espera de que se le llame de una oficina de personal, registro de empleos u otros sitios de registro.\n\u2022 Visita oficinas o establecimientos en los cuales los empleadores seleccionan y contratan personal (tripulaciones, contratistas de construcci\u00f3n, agricultores, asesores, etc.).\n\u2022 Busc\u00f3 establecerse en un negocio o ejercer su profesi\u00f3n.\n\u2022 Acuerda citas con posibles empleadores.\n\u2022 Publica, contesta o consulta avisos clasificados o llena solicitudes. \n\u2022 Pide ayuda a amigos, parientes, colegas, sindicatos, etc.\n\u2022 Llena solicitudes de empleo.\n\u2022 Busca terrenos, edificios, maquinaria, equipos, materia prima o mercanc\u00edas a fin de establecer un negocio propio.\n\u2022 Realiza preparativos financieros, pide permisos, licencias para establecer un negocio. \n\u2022 Realiza diligencias para entrar a trabajar como soldado o polic\u00eda. \n\u2022 Desarrolla actividades para conseguir por medio del voto popular un cargo p\u00fablico (proselitismo pol\u00edtico).\n\n3. Estudiando. Registre c\u00f3digo 3 para las personas que pasaron la mayor parte de la semana de referencia estudiando en cualquier tipo de colegio, escuela, universidad o academia, o que hayan dedicado la mayor parte del tiempo de esa semana al estudio en una instituci\u00f3n o en su propia casa. Se incluye todo tipo de educaci\u00f3n e \ninstrucci\u00f3n: formal, no formal, religiosa, Sena, etc.Los estudiantes que en periodo de vacaciones que no est\u00e1n trabajando o buscando trabajo, se considerar\u00e1n estudiando si van a seguir asistiendo.\n\nLos estudiantes de medicina, enfermer\u00eda, odontolog\u00eda, derecho, etc. que realizan pr\u00e1cticas NO REMUNERADAS deben considerarse \u201cEstudiando\u201d. Si, por el contrario, las pr\u00e1cticas, pasant\u00edas o internado est\u00e1n siendo remuneradas EN DINERO deber\u00e1 considerarse \u201cTrabajando\u201d (opci\u00f3n 1).\n\n4. Oficios del hogar. Quienes durante la semana de referencia tuvieron como principal actividad la atenci\u00f3n y manejo de su propio hogar. La categor\u00eda \u201cOficios del hogar\u201d, incluye el cuidado de los ni\u00f1os, la preparaci\u00f3n de comidas, lavar ropa, cortar el c\u00e9sped, pintar la propia casa y muchas labores similares no remuneradas \nrealizadas en el hogar. \n\n5. Incapacitado permanente para trabajar. Personas que, por una enfermedad f\u00edsica, mental o ancianidad, no pueden realizar ninguna clase de trabajo de por vida.\n\n6. Otra actividad \u00bfCu\u00e1l?. Personas que en la semana de referencia dedicaron la mayor parte del tiempo a realizar actividades diferentes, que no permiten una clasificaci\u00f3n en las alternativas ya enunciadas.\n\nAlgunos casos que contempla esta alternativa son:\n\n\u2022 Las personas temporalmente enfermas o incapacitadas, y que volver\u00e1n a su actividad normal dentro de un tiempo.\n\u2022 Las personas que teniendo un empleo no estuvieron trabajando en la semana de referencia debido a conflicto de trabajo, vacaciones u otra clase de permiso, interrupci\u00f3n del trabajo como huelgas, etc.\n\u2022 Los\/as trabajadores\/as que durante el per\u00edodo de referencia hayan sido suspendidos temporal o indefinidamente, sin goce de remuneraci\u00f3n y no est\u00e9n activamente buscando empleo.\n\u2022 Personas que no ten\u00edan trabajo, ni lo buscaron en la semana de referencia y que esperan iniciar pr\u00f3ximamente un empleo, negocio o explotaci\u00f3n agr\u00edcola (as\u00ed lo hayan iniciado en el momento de la encuesta).\n\u2022 Trabajadores\/as voluntarios\/as sin remuneraci\u00f3n en organizaciones de beneficencia, acci\u00f3n comunal o para un amigo\/a.\n\u2022 Las personas que durante la semana de referencia se encontraban arreglando (pintando, estucando etc.) una casa de su propiedad para ser arrendada, no se consideran trabajando por realizar esta actividad. \n\u2022 Las personas que durante la semana de referencia eran rentistas o pensionados.\n\u2022 Los trabajadores familiares sin remuneraci\u00f3n.\n\u2022 Otros casos no contemplados en los anteriores, tales como deportistas aficionados, vagos, mendigos, etc.","var_universe":"El universo de estudio para la Encuesta Multiprop\u00f3sito Bogot\u00e1 - Cundinamarca est\u00e1 conformado por la poblaci\u00f3n civil no institucional residente en la cabecera, centro poblado y rural disperso de Bogot\u00e1, Soacha, Ch\u00eda, Cota, Funza, La Calera, Mosquera y Sop\u00f3. As\u00ed mismo, exclusivamente la cabecera de los municipios de Facatativ\u00e1, Zipaquir\u00e1, Fusagasug\u00e1, Madrid, Cajic\u00e1, Sibat\u00e9, El Rosal, Tocancip\u00e1, Tabio, Tenjo, Bojac\u00e1, Gachancip\u00e1, Subachoque y Zipac\u00f3n.\n\nEste cap\u00edtulo eta dirigido para personas de 10 a\u00f1os y m\u00e1s.","var_universe_clusion":"I","var_sumstat":[{"value":"0","type":"vald","wgtd":null},{"value":"0","type":"invd","wgtd":null}],"var_txt":"Tener en cuenta para este cap\u00edtulo las siguientes definiciones:\n\n\u2022 Poblaci\u00f3n total (PT). Est\u00e1 constituida por la poblaci\u00f3n civil no institucional.\n\n\u2022 Poblaci\u00f3n en Edad de Trabajar (PET). Conformada por las personas de 10 a\u00f1os y m\u00e1s. Se divide en poblaci\u00f3n econ\u00f3micamente activa (PEA) y poblaci\u00f3n econ\u00f3micamente inactiva (PEI).\n\n\u2022 Poblaci\u00f3n Econ\u00f3micamente Activa (PEA). Se le llama fuerza laboral, y est\u00e1 conformada por las personas en edad de trabajar que trabajan o est\u00e1n buscando empleo.\n\n\u2022 Poblaci\u00f3n Econ\u00f3micamente Inactiva (PEI). Personas en edad de trabajar que en la semana de referencia no participaron en la producci\u00f3n de bienes y servicios porque no necesitan, no pueden o no est\u00e1n interesadas en tener actividad remunerada. A este grupo pertenecen los estudiantes, amas de casa, pensionados, jubilados, rentistas, incapacitados permanentemente para trabajar, personas a las que no les llama la atenci\u00f3n o creen que no vale la pena trabajar.\n\n\u2022 Ocupados (O). Son las personas que durante el periodo de referencia se encontraban en una de las siguientes situaciones:o Trabaj\u00f3 por lo menos una hora remunerada en la semana de referencia.\n\n-  Los que no trabajaron la semana de referencia, pero ten\u00edan un trabajo.\n-  Trabajadores familiares sin remuneraci\u00f3n que trabajaron en la semana de referencia por lo menos una hora.\n\n\u2022 Desocupados (D). Son las personas de 10 a\u00f1os y m\u00e1s que durante el per\u00edodo de referencia estuvieron simult\u00e1neamente en las siguientes condiciones:\n\n-  Sin empleo: no ten\u00edan un empleo asalariado o un trabajo independiente ni se desempe\u00f1aron como trabajador familiar sin remuneraci\u00f3n.\n-  En busca de empleo: hab\u00edan tomado medidas concretas para buscar un empleo asalariado o independiente en las \u00faltimas cuatro (4) semanas. \n-  Estaban disponibles para trabajar.","var_catgry":[{"value":"1","labl":"Trabajando","is_missing":null,"stats":[]},{"value":"2","labl":"Buscando trabajo","is_missing":null,"stats":[]},{"value":"3","labl":"Estudiando","is_missing":null,"stats":[]},{"value":"4","labl":"Oficios del hogar","is_missing":null,"stats":[]},{"value":"5","labl":"Incapacitado(a) permanente para trabajar","is_missing":null,"stats":[]},{"value":"6","labl":"Otra actividad","is_missing":null,"stats":[]}],"var_codinstr":null,"var_concept":[],"var_format":{"type":"numeric","schema":"other","category":null,"name":null},"var_notes":null,"var_val_range":{"min":"1","max":"6"},"fid":"F58","sid":"743","survey_idno":"DANE-DIMPE-EM-2021"}

1. ¿En qué actividad ocupó ...la mayor parte del tiempo la SEMANA PASADA?

El acceso a microdatos y Mam-up se considera como de tratamiento especial respecto a la reserva estadística por tanto estará sujeto a la reglamentación que para el efecto defina el Comité de Aseguramiento de la reserva estadística. Resolución 173 de 2008.

La información del capítulo será suministrada por cada uno de los miembros del hogar de 10 años y 
más.

1. ¿En qué actividad ocupó ...la mayor parte del tiempo la SEMANA PASADA?

1. Trabajando
2. Buscando trabajo
3. Estudiando
4. Oficios del hogar
5. Incapacitado(a) permanente para trabajar
6. Otra actividad

Tener en cuenta lo siguiente:

1. Trabajando. Estuvo trabajando la mayor parte del tiempo durante la semana de referencia, ya sea como asalariado/a, como trabajador/a por cuenta propia o como patrón/a. Considere trabajando a:

• Los médicos en su año rural ya que este es un servicio que es remunerado.
• Los policías bachilleres y los guardas bachilleres penitenciarios que prestan servicio militar (pero pernoctan en sus casas), sin importar que en la semana en que se realiza la encuesta ya hayan terminado su servicio militar.
• Las personas que en la semana de referencia prestaban el servicio militar internos en batallones.
• Los/as trabajadores/as por cuenta propia que en la semana de referencia se encontraban atendiendo un negocio o ejerciendo una profesión aun cuando no hayan efectuado ventas o prestado servicios profesionales durante en esa semana. 
• Las personas que tienen en su hogar uno o más pensionistas.

2. Buscando trabajo. Si la mayor parte del tiempo, en la semana de referencia, la persona estuvo consiguiendo empleo, buscó establecerse en un negocio o ejercer una profesión. Regístrela también cuando una persona buscó trabajo la mayor parte del tiempo en la semana pasada, o de referencia, y en el momento de la encuesta ya está trabajando.Las diligencias para buscar trabajo comprenden las gestiones tanto formales como informales e incluye las aplicables al empleo asalariado y al empleo independiente. Una persona busca trabajo sí:

• Se registra en una agencia de empleo pública o privada.
• Está a la espera de que se le llame de una oficina de personal, registro de empleos u otros sitios de registro.
• Visita oficinas o establecimientos en los cuales los empleadores seleccionan y contratan personal (tripulaciones, contratistas de construcción, agricultores, asesores, etc.).
• Buscó establecerse en un negocio o ejercer su profesión.
• Acuerda citas con posibles empleadores.
• Publica, contesta o consulta avisos clasificados o llena solicitudes. 
• Pide ayuda a amigos, parientes, colegas, sindicatos, etc.
• Llena solicitudes de empleo.
• Busca terrenos, edificios, maquinaria, equipos, materia prima o mercancías a fin de establecer un negocio propio.
• Realiza preparativos financieros, pide permisos, licencias para establecer un negocio. 
• Realiza diligencias para entrar a trabajar como soldado o policía. 
• Desarrolla actividades para conseguir por medio del voto popular un cargo público (proselitismo político).

3. Estudiando. Registre código 3 para las personas que pasaron la mayor parte de la semana de referencia estudiando en cualquier tipo de colegio, escuela, universidad o academia, o que hayan dedicado la mayor parte del tiempo de esa semana al estudio en una institución o en su propia casa. Se incluye todo tipo de educación e 
instrucción: formal, no formal, religiosa, Sena, etc.Los estudiantes que en periodo de vacaciones que no están trabajando o buscando trabajo, se considerarán estudiando si van a seguir asistiendo.

Los estudiantes de medicina, enfermería, odontología, derecho, etc. que realizan prácticas NO REMUNERADAS deben considerarse “Estudiando”. Si, por el contrario, las prácticas, pasantías o internado están siendo remuneradas EN DINERO deberá considerarse “Trabajando” (opción 1).

4. Oficios del hogar. Quienes durante la semana de referencia tuvieron como principal actividad la atención y manejo de su propio hogar. La categoría “Oficios del hogar”, incluye el cuidado de los niños, la preparación de comidas, lavar ropa, cortar el césped, pintar la propia casa y muchas labores similares no remuneradas 
realizadas en el hogar. 

5. Incapacitado permanente para trabajar. Personas que, por una enfermedad física, mental o ancianidad, no pueden realizar ninguna clase de trabajo de por vida.

6. Otra actividad ¿Cuál?. Personas que en la semana de referencia dedicaron la mayor parte del tiempo a realizar actividades diferentes, que no permiten una clasificación en las alternativas ya enunciadas.

Algunos casos que contempla esta alternativa son:

• Las personas temporalmente enfermas o incapacitadas, y que volverán a su actividad normal dentro de un tiempo.
• Las personas que teniendo un empleo no estuvieron trabajando en la semana de referencia debido a conflicto de trabajo, vacaciones u otra clase de permiso, interrupción del trabajo como huelgas, etc.
• Los/as trabajadores/as que durante el período de referencia hayan sido suspendidos temporal o indefinidamente, sin goce de remuneración y no estén activamente buscando empleo.
• Personas que no tenían trabajo, ni lo buscaron en la semana de referencia y que esperan iniciar próximamente un empleo, negocio o explotación agrícola (así lo hayan iniciado en el momento de la encuesta).
• Trabajadores/as voluntarios/as sin remuneración en organizaciones de beneficencia, acción comunal o para un amigo/a.
• Las personas que durante la semana de referencia se encontraban arreglando (pintando, estucando etc.) una casa de su propiedad para ser arrendada, no se consideran trabajando por realizar esta actividad. 
• Las personas que durante la semana de referencia eran rentistas o pensionados.
• Los trabajadores familiares sin remuneración.
• Otros casos no contemplados en los anteriores, tales como deportistas aficionados, vagos, mendigos, etc.

El universo de estudio para la Encuesta Multipropósito Bogotá - Cundinamarca está conformado por la población civil no institucional residente en la cabecera, centro poblado y rural disperso de Bogotá, Soacha, Chía, Cota, Funza, La Calera, Mosquera y Sopó. Así mismo, exclusivamente la cabecera de los municipios de Facatativá, Zipaquirá, Fusagasugá, Madrid, Cajicá, Sibaté, El Rosal, Tocancipá, Tabio, Tenjo, Bojacá, Gachancipá, Subachoque y Zipacón.

Este capítulo eta dirigido para personas de 10 años y más.

Tener en cuenta para este capítulo las siguientes definiciones:

• Población total (PT). Está constituida por la población civil no institucional.

• Población en Edad de Trabajar (PET). Conformada por las personas de 10 años y más. Se divide en población económicamente activa (PEA) y población económicamente inactiva (PEI).

• Población Económicamente Activa (PEA). Se le llama fuerza laboral, y está conformada por las personas en edad de trabajar que trabajan o están buscando empleo.

• Población Económicamente Inactiva (PEI). Personas en edad de trabajar que en la semana de referencia no participaron en la producción de bienes y servicios porque no necesitan, no pueden o no están interesadas en tener actividad remunerada. A este grupo pertenecen los estudiantes, amas de casa, pensionados, jubilados, rentistas, incapacitados permanentemente para trabajar, personas a las que no les llama la atención o creen que no vale la pena trabajar.

• Ocupados (O). Son las personas que durante el periodo de referencia se encontraban en una de las siguientes situaciones:o Trabajó por lo menos una hora remunerada en la semana de referencia.

-  Los que no trabajaron la semana de referencia, pero tenían un trabajo.
-  Trabajadores familiares sin remuneración que trabajaron en la semana de referencia por lo menos una hora.

• Desocupados (D). Son las personas de 10 años y más que durante el período de referencia estuvieron simultáneamente en las siguientes condiciones:

-  Sin empleo: no tenían un empleo asalariado o un trabajo independiente ni se desempeñaron como trabajador familiar sin remuneración.
-  En busca de empleo: habían tomado medidas concretas para buscar un empleo asalariado o independiente en las últimas cuatro (4) semanas. 
-  Estaban disponibles para trabajar.
