{"file_id":"F58","vid":"V5753","name":"NPCKP13","var_intrvl":"discrete","var_dcml":"2","var_wgt":null,"var_is_wgt":null,"loc_start_pos":"94","loc_end_pos":"97","loc_width":"4","loc_rec_seg_no":"1","labl":"13. Si le hubiera resultado alg\u00fan trabajo a ..., \u00bfestaba disponible la SEMANA PASADA para empezar a trabajar?","var_imputation":null,"var_security":"El acceso a microdatos y Mam-up se considera como de tratamiento especial respecto a la reserva estad\u00edstica por tanto estar\u00e1 sujeto a la reglamentaci\u00f3n que para el efecto defina el Comit\u00e9 de Aseguramiento de la reserva estad\u00edstica. Resoluci\u00f3n 173 de 2008.","var_resp_unit":"La informaci\u00f3n del cap\u00edtulo ser\u00e1 suministrada por cada uno de los miembros del hogar de 10 a\u00f1os y \nm\u00e1s.","var_analysis_unit":null,"var_qstn_preqtxt":null,"var_qstn_qstnlit":"13. Si le hubiera resultado alg\u00fan trabajo a ..., \u00bfestaba disponible la SEMANA PASADA para empezar a trabajar?\n\n1. S\u00ed\n2. No","var_qstn_postqtxt":null,"var_qstn_ivuinstr":"La disponibilidad actual para trabajar significa disposici\u00f3n para trabajar en el momento actual, si se presenta la oportunidad. La importancia de conocer la disponibilidad para trabajar radica en que ciertas personas pueden estar buscando empleo, pero para una \u00e9poca posterior; por ejemplo, estudiantes que se encuentran buscando empleo para el per\u00edodo de vacaciones, o personas que buscan trabajo, pero actualmente no podr\u00edan desempe\u00f1arlo por responsabilidades familiares.\n \nAs\u00ed es posible diferenciar entre las personas que actualmente est\u00e1n disponibles (desocupados) de aquellos que no lo est\u00e1n (inactivos).","var_universe":"El universo de estudio para la Encuesta Multiprop\u00f3sito Bogot\u00e1 - Cundinamarca est\u00e1 conformado por la poblaci\u00f3n civil no institucional residente en la cabecera, centro poblado y rural disperso de Bogot\u00e1, Soacha, Ch\u00eda, Cota, Funza, La Calera, Mosquera y Sop\u00f3. As\u00ed mismo, exclusivamente la cabecera de los municipios de Facatativ\u00e1, Zipaquir\u00e1, Fusagasug\u00e1, Madrid, Cajic\u00e1, Sibat\u00e9, El Rosal, Tocancip\u00e1, Tabio, Tenjo, Bojac\u00e1, Gachancip\u00e1, Subachoque y Zipac\u00f3n.\n\nEste cap\u00edtulo eta dirigido para personas de 10 a\u00f1os y m\u00e1s.","var_universe_clusion":"I","var_sumstat":[{"value":"0","type":"vald","wgtd":null},{"value":"0","type":"invd","wgtd":null}],"var_txt":null,"var_catgry":[{"value":"1","labl":"S\u00ed","is_missing":null,"stats":[]},{"value":"2","labl":"No","is_missing":null,"stats":[]}],"var_codinstr":null,"var_concept":[],"var_format":{"type":"numeric","schema":"other","category":null,"name":null},"var_notes":null,"var_val_range":{"min":"1","max":"2"},"fid":"F58","sid":"743","survey_idno":"DANE-DIMPE-EM-2021"}

13. Si le hubiera resultado algún trabajo a ..., ¿estaba disponible la SEMANA PASADA para empezar a trabajar?

El acceso a microdatos y Mam-up se considera como de tratamiento especial respecto a la reserva estadística por tanto estará sujeto a la reglamentación que para el efecto defina el Comité de Aseguramiento de la reserva estadística. Resolución 173 de 2008.

La información del capítulo será suministrada por cada uno de los miembros del hogar de 10 años y 
más.

13. Si le hubiera resultado algún trabajo a ..., ¿estaba disponible la SEMANA PASADA para empezar a trabajar?

1. Sí
2. No

La disponibilidad actual para trabajar significa disposición para trabajar en el momento actual, si se presenta la oportunidad. La importancia de conocer la disponibilidad para trabajar radica en que ciertas personas pueden estar buscando empleo, pero para una época posterior; por ejemplo, estudiantes que se encuentran buscando empleo para el período de vacaciones, o personas que buscan trabajo, pero actualmente no podrían desempeñarlo por responsabilidades familiares.
 
Así es posible diferenciar entre las personas que actualmente están disponibles (desocupados) de aquellos que no lo están (inactivos).

El universo de estudio para la Encuesta Multipropósito Bogotá - Cundinamarca está conformado por la población civil no institucional residente en la cabecera, centro poblado y rural disperso de Bogotá, Soacha, Chía, Cota, Funza, La Calera, Mosquera y Sopó. Así mismo, exclusivamente la cabecera de los municipios de Facatativá, Zipaquirá, Fusagasugá, Madrid, Cajicá, Sibaté, El Rosal, Tocancipá, Tabio, Tenjo, Bojacá, Gachancipá, Subachoque y Zipacón.

Este capítulo eta dirigido para personas de 10 años y más.

Sí
