{"file_id":"F57","vid":"V3949","name":"P520S10","var_intrvl":"discrete","var_dcml":"0","var_wgt":null,"var_is_wgt":null,"loc_start_pos":"156","loc_end_pos":"158","loc_width":"3","loc_rec_seg_no":"1","labl":"h. Organizaron un frente de seguridad con sus vecinos o se vincularon a uno.","var_imputation":null,"var_security":"El acceso a microdatos y mam-up se considera como de tratamiento especial respecto a la reserva estad\u00edstica por tanto estar\u00e1 sujeto a la reglamentaci\u00f3n que para el efecto defina el comit\u00e9 de aseguramiento de la reserva estad\u00edstica. Resoluci\u00f3n 173 de 2008.","var_resp_unit":"Responde el cap\u00edtulo el jefe (a) del hogar o su c\u00f3nyugue.","var_analysis_unit":null,"var_qstn_preqtxt":null,"var_qstn_qstnlit":"3. Durante 2018, es decir, de enero a diciembre de 2018, \u00bfcu\u00e1les de las siguientes medidas tomaron en este hogar para protegerse de la delincuencia:\n\nh. Organizaron un frente de seguridad con sus vecinos o se vincularon a uno..\n\n    1. S\u00ed\n    2. No","var_qstn_postqtxt":null,"var_qstn_ivuinstr":null,"var_universe":"Est\u00e1 compuesto por la poblaci\u00f3n civil no institucional residente habitual de los hogares en todo el territorio nacional.","var_universe_clusion":"I","var_sumstat":[{"value":"0","type":"vald","wgtd":null},{"value":"0","type":"invd","wgtd":null}],"var_txt":null,"var_catgry":[{"value":"1","labl":"S\u00ed","is_missing":null,"stats":[]},{"value":"2","labl":"No","is_missing":null,"stats":[]}],"var_codinstr":null,"var_concept":[],"var_format":{"type":"numeric","schema":"other","category":null,"name":null},"var_notes":null,"var_val_range":{"min":"1","max":"2"},"fid":"F57","sid":"790","survey_idno":"DANE-DIMPE-ECSC-2021"}

El acceso a microdatos y mam-up se considera como de tratamiento especial respecto a la reserva estadística por tanto estará sujeto a la reglamentación que para el efecto defina el comité de aseguramiento de la reserva estadística. Resolución 173 de 2008.

Responde el capítulo el jefe (a) del hogar o su cónyugue.

3. Durante 2018, es decir, de enero a diciembre de 2018, ¿cuáles de las siguientes medidas tomaron en este hogar para protegerse de la delincuencia:

h. Organizaron un frente de seguridad con sus vecinos o se vincularon a uno..

    1. Sí
    2. No

Está compuesto por la población civil no institucional residente habitual de los hogares en todo el territorio nacional.

Sí
