{"file_id":"F63","vid":"V4315","name":"P1595","var_intrvl":"discrete","var_dcml":"0","var_wgt":null,"var_is_wgt":null,"loc_start_pos":"166","loc_end_pos":"171","loc_width":"6","loc_rec_seg_no":"1","labl":"\u00bf... se comunic\u00f3 con las l\u00edneas de emergencia 123 o 112?","var_imputation":null,"var_security":"El acceso a microdatos y mam-up se considera como de tratamiento especial respecto a la reserva estad\u00edstica por tanto estar\u00e1 sujeto a la reglamentaci\u00f3n que para el efecto defina el comit\u00e9 de aseguramiento de la reserva estad\u00edstica. Resoluci\u00f3n 173 de 2008.","var_resp_unit":"Responden las personas de 15 a\u00f1os y m\u00e1s que conforman el hogar.","var_analysis_unit":null,"var_qstn_preqtxt":"Como consecuencia del hurto ..., \u00bfadopt\u00f3 alguna de las siguientes medidas de seguridad:\n\ne. Porta alg\u00fan elemento de defensa o arma\n\n    1. S\u00ed\n    2. No","var_qstn_qstnlit":"13. \u00bf... se comunic\u00f3 con las l\u00edneas de emergencia 123 o 112?\n\n  1. S\u00ed\n  2. No","var_qstn_postqtxt":"\u00bf... denunci\u00f3 el hurto?\n\n  1. S\u00ed\n  2. No","var_qstn_ivuinstr":null,"var_universe":"Est\u00e1 compuesto por la poblaci\u00f3n civil no institucional residente habitual de los hogares en todo el territorio nacional.","var_universe_clusion":"I","var_sumstat":[{"value":"0","type":"vald","wgtd":null},{"value":"0","type":"invd","wgtd":null}],"var_txt":null,"var_catgry":[{"value":"1","labl":"S\u00ed","is_missing":null,"stats":[]},{"value":"2","labl":"No","is_missing":null,"stats":[]}],"var_codinstr":null,"var_concept":[],"var_format":{"type":"numeric","schema":"other","category":null,"name":null},"var_notes":null,"var_val_range":{"min":"1","max":"2"},"fid":"F63","sid":"790","survey_idno":"DANE-DIMPE-ECSC-2021"}

¿... se comunicó con las líneas de emergencia 123 o 112?

El acceso a microdatos y mam-up se considera como de tratamiento especial respecto a la reserva estadística por tanto estará sujeto a la reglamentación que para el efecto defina el comité de aseguramiento de la reserva estadística. Resolución 173 de 2008.

Responden las personas de 15 años y más que conforman el hogar.

Como consecuencia del hurto ..., ¿adoptó alguna de las siguientes medidas de seguridad:

e. Porta algún elemento de defensa o arma

    1. Sí
    2. No

13. ¿... se comunicó con las líneas de emergencia 123 o 112?

  1. Sí
  2. No

¿... denunció el hurto?

  1. Sí
  2. No

Está compuesto por la población civil no institucional residente habitual de los hogares en todo el territorio nacional.

Sí
