{"file_id":"F22","vid":"V1389","name":"P2059","var_intrvl":"discrete","var_dcml":"0","var_wgt":null,"var_is_wgt":null,"loc_start_pos":null,"loc_end_pos":null,"loc_width":"23","loc_rec_seg_no":null,"labl":"\u00bfUsted considera que alguna vez fue campesino(a)?","var_imputation":null,"var_security":"El acceso a microdatos y Mam-up se considera como de tratamiento especial respecto a la reserva estad\u00edstica por tanto estar\u00e1 sujeto a la reglamentaci\u00f3n que para el efecto defina el Comit\u00e9 de Aseguramiento de la reserva estad\u00edstica. Resoluci\u00f3n 173 de 2008.","var_resp_unit":null,"var_analysis_unit":null,"var_qstn_preqtxt":"20. \u00bfUsted se considera campesino(a)? \n\n1\tSi\t\n2\tNo\t\n3\tNo informa","var_qstn_qstnlit":"21. \u00bfUsted considera que alguna vez fue campesino(a)? \n\n1\tSi\t\n2\tNo\t\n3\tNo informa","var_qstn_postqtxt":"22. \u00bfUsted considera que la comunidad en que vive es campesina? \n\n1\tSi\t\n2\tNo\t\n3\tNo informa","var_qstn_ivuinstr":"Esta pregunta solo se aplica a quienes respondieron negativamente la pregunta anterior.","var_universe":null,"var_universe_clusion":null,"var_sumstat":[{"value":"86253","type":"vald","wgtd":null},{"value":"165672","type":"invd","wgtd":null}],"var_txt":null,"var_catgry":[{"value":"1","labl":"Si","is_missing":null,"stats":[{"value":"4644","type":"freq","wgtd":null}]},{"value":"2","labl":"No","is_missing":null,"stats":[{"value":"81223","type":"freq","wgtd":null}]},{"value":"3","labl":"No informa","is_missing":null,"stats":[{"value":"0","type":"freq","wgtd":null}]},{"value":"9","labl":null,"is_missing":null,"stats":[{"value":"386","type":"freq","wgtd":null}]},{"value":"Sysmiss","labl":null,"is_missing":"Y","stats":[{"value":"165672","type":"freq","wgtd":null}]}],"var_codinstr":null,"var_concept":[],"var_format":{"type":"numeric","schema":"other","category":null,"name":null},"var_notes":null,"var_val_range":{"min":null,"max":null},"fid":"F22","sid":"793","survey_idno":"DANE-DIMPE-ECV-2022"}

El acceso a microdatos y Mam-up se considera como de tratamiento especial respecto a la reserva estadística por tanto estará sujeto a la reglamentación que para el efecto defina el Comité de Aseguramiento de la reserva estadística. Resolución 173 de 2008.
