{"file_id":"F26","vid":"V830","name":"P7583S2A1","var_intrvl":"discrete","var_dcml":"0","var_wgt":null,"var_is_wgt":null,"loc_start_pos":"41","loc_end_pos":"42","loc_width":"2","loc_rec_seg_no":"1","labl":"Estos viajes, \u00bflos realiz\u00f3 dentro o fuera del pa\u00eds?","var_imputation":null,"var_security":"El acceso a microdatos y Mam-up se considera como de tratamiento especial respecto a la reserva estad\u00edstica por tanto estar\u00e1 sujeto a la reglamentaci\u00f3n que para el efecto defina el Comit\u00e9 de Aseguramiento de la reserva estad\u00edstica. Resoluci\u00f3n 173 de 2008.","var_resp_unit":"Personas de 10 a\u00f1os y mas","var_analysis_unit":null,"var_qstn_preqtxt":"1. \u00bfDurante el mes \u2026, usted realiz\u00f3 viajes fuera de su residencia habitual regresando el mismo d\u00eda?(Excursionismo)\n\n1. Si\n2. No","var_qstn_qstnlit":"2. Estos viajes, \u00bflos realiz\u00f3 dentro o fuera del pa\u00eds? \n \n b. \u00bfcu\u00e1ntos viajes?","var_qstn_postqtxt":"3. \u00bfCu\u00e1l fue el motivo principal del  viaje que usted realiz\u00f3 el mes \u2026, dentro del pa\u00eds, regresando el mismo d\u00eda?\n\n1. Negocios o motivos profesionales remunerados en origen\t\n2. Negocios o motivos profesionales remunerados en destino\t\n3. Recreaci\u00f3n, Vacaciones\t\n4. Visita a parientes o amigos\t\n5. Educaci\u00f3n y\/o formaci\u00f3n\t\n6. Salud y atenci\u00f3n m\u00e9dica\t\n7. Religi\u00f3n, peregrinaciones\t\n8. Compras\t\n9. Otro","var_qstn_ivuinstr":null,"var_universe":"Corresponde a la poblaci\u00f3n civil no institucional residente en las ciudades o \u00e1reas metropolitanas de veinticuatro ciudades del pa\u00eds.","var_universe_clusion":"I","var_sumstat":[{"value":"0","type":"vald","wgtd":null},{"value":"0","type":"invd","wgtd":null}],"var_txt":"El prop\u00f3sito de esta pregunta es indagar por los viajes que realizan las personas de 10 a\u00f1os y m\u00e1s que hacen parte del hogar y si estos se realizaron dentro del pa\u00eds cu\u00e1ntos fueron.","var_catgry":[],"var_codinstr":null,"var_concept":[],"var_format":{"type":"numeric","schema":"other","category":null,"name":null},"var_notes":null,"var_val_range":{"min":"1","max":"20"},"fid":"F26","sid":"797","survey_idno":"DANE-DIMPE-EGIT-2023"}

Estos viajes, ¿los realizó dentro o fuera del país?

El acceso a microdatos y Mam-up se considera como de tratamiento especial respecto a la reserva estadística por tanto estará sujeto a la reglamentación que para el efecto defina el Comité de Aseguramiento de la reserva estadística. Resolución 173 de 2008.

Personas de 10 años y mas

1. ¿Durante el mes …, usted realizó viajes fuera de su residencia habitual regresando el mismo día?(Excursionismo)

1. Si
2. No

2. Estos viajes, ¿los realizó dentro o fuera del país? 
 
 b. ¿cuántos viajes?

3. ¿Cuál fue el motivo principal del  viaje que usted realizó el mes …, dentro del país, regresando el mismo día?

1. Negocios o motivos profesionales remunerados en origen	
2. Negocios o motivos profesionales remunerados en destino	
3. Recreación, Vacaciones	
4. Visita a parientes o amigos	
5. Educación y/o formación	
6. Salud y atención médica	
7. Religión, peregrinaciones	
8. Compras	
9. Otro

Corresponde a la población civil no institucional residente en las ciudades o áreas metropolitanas de veinticuatro ciudades del país.

El propósito de esta pregunta es indagar por los viajes que realizan las personas de 10 años y más que hacen parte del hogar y si estos se realizaron dentro del país cuántos fueron.
