{"file_id":"F2","vid":"V42","name":"LOCALIDAD_ID","var_intrvl":"contin","var_dcml":"0","var_wgt":null,"var_is_wgt":null,"loc_start_pos":"571","loc_end_pos":"573","loc_width":"3","loc_rec_seg_no":"1","labl":"Identificador de la localidad, comuna o distrito","var_imputation":null,"var_security":"El acceso a microdatos y Mam-up se considera como de tratamiento especial respecto a la reserva estad\u00edstica por tanto estar\u00e1 sujeto a la reglamentaci\u00f3n que para el efecto defina el Comit\u00e9 de Aseguramiento de la reserva estad\u00edstica. Resoluci\u00f3n 173 de 2008.","var_resp_unit":"La fuente primaria son las sedes educativas de Educaci\u00f3n Formal, legalmente constituidas, del sector oficial y del sector no oficial, que ofrecen los niveles de preescolar, b\u00e1sica primaria, b\u00e1sica secundaria y media localizados en el \u00e1rea urbana y rural dentro del territorio nacional. Tambi\u00e9n se incluyen las sedes que ofrecen educaci\u00f3n para adultos (CLEI), as\u00ed como, modelos educativos flexibles que contemplan procesos de aprendizaje dirigidos a grupos de poblaci\u00f3n vulnerable, j\u00f3venes en extra edad y adultos\n\nEl informante id\u00f3neo es el rector o el representante legal de la unidad de observaci\u00f3n.","var_analysis_unit":null,"var_qstn_preqtxt":null,"var_qstn_qstnlit":"- Identificador de la localidad","var_qstn_postqtxt":null,"var_qstn_ivuinstr":null,"var_universe":"Sedes educativas de educaci\u00f3n formal, legalmente constituidas, del sector oficial y del sector no oficial, que ofrecen los niveles de preescolar, b\u00e1sica primaria, b\u00e1sica secundaria y media, localizados en el \u00e1rea urbana y rural dentro del territorio nacional. Tambi\u00e9n se incluyen las sedes que ofrecen educaci\u00f3n para adultos (Decreto 3011 de 1997 donde se establecen normas para el ofrecimiento de la educaci\u00f3n de adultos y se dictan otras disposiciones). As\u00ed como,Modelos Educativos Flexibles que contemplan procesos de aprendizaje dirigidos a grupos de poblaci\u00f3n vulnerable, j\u00f3venes en extra edad y adultos.","var_universe_clusion":"I","var_sumstat":[{"value":"0","type":"vald","wgtd":null},{"value":"0","type":"invd","wgtd":null}],"var_txt":null,"var_catgry":[{"value":"1","labl":"Villa Hermosa","is_missing":null,"stats":[]},{"value":"2","labl":"Comuna 08","is_missing":null,"stats":[]},{"value":"3","labl":"Comuna 09","is_missing":null,"stats":[]},{"value":"4","labl":"Comuna 09","is_missing":null,"stats":[]},{"value":"5","labl":"Consota","is_missing":null,"stats":[]},{"value":"6","labl":"Comuna 10","is_missing":null,"stats":[]},{"value":"7","labl":"Suba","is_missing":null,"stats":[]},{"value":"8","labl":"Ferrocarril","is_missing":null,"stats":[]},{"value":"9","labl":"Comuna 12","is_missing":null,"stats":[]},{"value":"10","labl":"Oriental","is_missing":null,"stats":[]},{"value":"11","labl":"San Javier","is_missing":null,"stats":[]},{"value":"12","labl":"San Joaquin","is_missing":null,"stats":[]},{"value":"13","labl":"Teusaquillo","is_missing":null,"stats":[]},{"value":"14","labl":"Comuna 13","is_missing":null,"stats":[]},{"value":"15","labl":"Aeropuerto","is_missing":null,"stats":[]},{"value":"16","labl":"Norte","is_missing":null,"stats":[]},{"value":"17","labl":"Popular 1","is_missing":null,"stats":[]},{"value":"18","labl":"Atardeceres","is_missing":null,"stats":[]},{"value":"19","labl":"Comuna 01","is_missing":null,"stats":[]},{"value":"20","labl":"Villa Santana","is_missing":null,"stats":[]},{"value":"21","labl":"Comuna 01","is_missing":null,"stats":[]},{"value":"22","labl":"Usaquen","is_missing":null,"stats":[]},{"value":"23","labl":"Comuna 01","is_missing":null,"stats":[]},{"value":"24","labl":"Comuna 01","is_missing":null,"stats":[]},{"value":"25","labl":"Comuna 01","is_missing":null,"stats":[]},{"value":"26","labl":"Norte-Centro Historico","is_missing":null,"stats":[]},{"value":"27","labl":"Comuna 01","is_missing":null,"stats":[]},{"value":"28","labl":"Comuna 01","is_missing":null,"stats":[]},{"value":"29","labl":"Nororiental","is_missing":null,"stats":[]},{"value":"30","labl":"Santa Cruz","is_missing":null,"stats":[]},{"value":"31","labl":"San Jose","is_missing":null,"stats":[]},{"value":"32","labl":"Comuna 02","is_missing":null,"stats":[]},{"value":"33","labl":"Rio Otun","is_missing":null,"stats":[]},{"value":"35","labl":"Chapinero","is_missing":null,"stats":[]},{"value":"36","labl":"Comuna 02","is_missing":null,"stats":[]},{"value":"37","labl":"Comuna 02","is_missing":null,"stats":[]},{"value":"38","labl":"Comuna 02","is_missing":null,"stats":[]},{"value":"39","labl":"Murillo Sur-Oriente","is_missing":null,"stats":[]},{"value":"40","labl":"Comuna 02","is_missing":null,"stats":[]},{"value":"41","labl":"Comuna 02","is_missing":null,"stats":[]},{"value":"42","labl":"San Francisco","is_missing":null,"stats":[]},{"value":"43","labl":"Manrique","is_missing":null,"stats":[]},{"value":"44","labl":"Cumanday","is_missing":null,"stats":[]},{"value":"45","labl":"Comuna 03","is_missing":null,"stats":[]},{"value":"46","labl":"Centro","is_missing":null,"stats":[]},{"value":"48","labl":"Santafe","is_missing":null,"stats":[]},{"value":"49","labl":"Comuna 03","is_missing":null,"stats":[]},{"value":"50","labl":"Comuna 03","is_missing":null,"stats":[]},{"value":"51","labl":"Comuna 03","is_missing":null,"stats":[]},{"value":"52","labl":"Murillo-Sur Occidente","is_missing":null,"stats":[]},{"value":"53","labl":"Comuna 03","is_missing":null,"stats":[]},{"value":"54","labl":"Comuna 03","is_missing":null,"stats":[]},{"value":"55","labl":"Occidental","is_missing":null,"stats":[]},{"value":"56","labl":"Aranjuez","is_missing":null,"stats":[]},{"value":"57","labl":"La Estaci\u00f3n","is_missing":null,"stats":[]},{"value":"58","labl":"Comuna 04","is_missing":null,"stats":[]},{"value":"59","labl":"Villavicencio","is_missing":null,"stats":[]},{"value":"61","labl":"San Cristobal","is_missing":null,"stats":[]},{"value":"62","labl":"Comuna 04","is_missing":null,"stats":[]},{"value":"63","labl":"Comuna 04","is_missing":null,"stats":[]},{"value":"64","labl":"Comuna 04","is_missing":null,"stats":[]},{"value":"65","labl":"Comuna 04","is_missing":null,"stats":[]},{"value":"66","labl":"Comuna 04","is_missing":null,"stats":[]},{"value":"67","labl":"Garcia Rovira","is_missing":null,"stats":[]},{"value":"68","labl":"Castilla","is_missing":null,"stats":[]},{"value":"69","labl":"Ciudadela Del Norte","is_missing":null,"stats":[]},{"value":"70","labl":"Comuna 05","is_missing":null,"stats":[]},{"value":"71","labl":"Oriente","is_missing":null,"stats":[]},{"value":"72","labl":"Comuna 01","is_missing":null,"stats":[]},{"value":"73","labl":"Usme","is_missing":null,"stats":[]},{"value":"74","labl":"Comuna 05","is_missing":null,"stats":[]},{"value":"75","labl":"Comuna 05","is_missing":null,"stats":[]},{"value":"76","labl":"Comuna 05","is_missing":null,"stats":[]},{"value":"77","labl":"Comuna 05","is_missing":null,"stats":[]},{"value":"78","labl":"La Concordia","is_missing":null,"stats":[]},{"value":"79","labl":"Doce De Octubre","is_missing":null,"stats":[]},{"value":"80","labl":"Ecoturistico Cerro De Oro","is_missing":null,"stats":[]},{"value":"81","labl":"Comuna 06","is_missing":null,"stats":[]},{"value":"82","labl":"Universidad","is_missing":null,"stats":[]},{"value":"83","labl":"Comuna 01","is_missing":null,"stats":[]},{"value":"84","labl":"Tunjuelito","is_missing":null,"stats":[]},{"value":"85","labl":"Comuna 06","is_missing":null,"stats":[]},{"value":"86","labl":"Comuna 06","is_missing":null,"stats":[]},{"value":"87","labl":"Comuna 06","is_missing":null,"stats":[]},{"value":"88","labl":"Comuna 06","is_missing":null,"stats":[]},{"value":"89","labl":"Mutis-Ciudadela Real De Minas","is_missing":null,"stats":[]},{"value":"90","labl":"Robledo","is_missing":null,"stats":[]},{"value":"91","labl":"Tesorito","is_missing":null,"stats":[]},{"value":"92","labl":"Comuna 07","is_missing":null,"stats":[]},{"value":"93","labl":"Boston","is_missing":null,"stats":[]},{"value":"95","labl":"Bosa","is_missing":null,"stats":[]},{"value":"96","labl":"Comuna 07","is_missing":null,"stats":[]},{"value":"97","labl":"Comuna 07","is_missing":null,"stats":[]},{"value":"98","labl":"Comuna 07","is_missing":null,"stats":[]},{"value":"99","labl":"Suroccidente","is_missing":null,"stats":[]},{"value":"100","labl":"Palogrande","is_missing":null,"stats":[]},{"value":"101","labl":"Comuna 08","is_missing":null,"stats":[]},{"value":"102","labl":"Jardin","is_missing":null,"stats":[]},{"value":"103","labl":"Comuna 01","is_missing":null,"stats":[]},{"value":"104","labl":"Kennedy","is_missing":null,"stats":[]},{"value":"105","labl":"Comuna 08","is_missing":null,"stats":[]},{"value":"106","labl":"Comuna 08","is_missing":null,"stats":[]},{"value":"107","labl":"La Pedregosa","is_missing":null,"stats":[]},{"value":"108","labl":"Buenos Aires","is_missing":null,"stats":[]},{"value":"109","labl":"Universitaria","is_missing":null,"stats":[]},{"value":"110","labl":"Cuba","is_missing":null,"stats":[]},{"value":"112","labl":"Fontibon","is_missing":null,"stats":[]},{"value":"113","labl":"Comuna 09","is_missing":null,"stats":[]},{"value":"114","labl":"Comuna 09","is_missing":null,"stats":[]},{"value":"115","labl":"Provenza","is_missing":null,"stats":[]},{"value":"116","labl":"La Candelaria","is_missing":null,"stats":[]},{"value":"117","labl":"La Fuente","is_missing":null,"stats":[]},{"value":"118","labl":"Comuna 10","is_missing":null,"stats":[]},{"value":"120","labl":"Engativa","is_missing":null,"stats":[]},{"value":"121","labl":"Comuna 10","is_missing":null,"stats":[]},{"value":"122","labl":"Comuna 10","is_missing":null,"stats":[]},{"value":"123","labl":"Sur","is_missing":null,"stats":[]},{"value":"124","labl":"Laureles-Estadio","is_missing":null,"stats":[]},{"value":"125","labl":"La Macarena","is_missing":null,"stats":[]},{"value":"126","labl":"Olimpica","is_missing":null,"stats":[]},{"value":"127","labl":"Comuna 01","is_missing":null,"stats":[]},{"value":"128","labl":"Comuna 11","is_missing":null,"stats":[]},{"value":"129","labl":"Comuna 11","is_missing":null,"stats":[]},{"value":"130","labl":"Cabecera Del Llano","is_missing":null,"stats":[]},{"value":"131","labl":"La America","is_missing":null,"stats":[]},{"value":"132","labl":"Comuna 01","is_missing":null,"stats":[]},{"value":"133","labl":"Barrios Unidos","is_missing":null,"stats":[]},{"value":"134","labl":"Comuna 12","is_missing":null,"stats":[]},{"value":"135","labl":"Comuna 13","is_missing":null,"stats":[]},{"value":"136","labl":"Morrorico","is_missing":null,"stats":[]},{"value":"137","labl":"El Poblado","is_missing":null,"stats":[]},{"value":"138","labl":"Perla Del Otun","is_missing":null,"stats":[]},{"value":"139","labl":"Los Martires","is_missing":null,"stats":[]},{"value":"140","labl":"Comuna 14","is_missing":null,"stats":[]},{"value":"141","labl":"Comuna 14","is_missing":null,"stats":[]},{"value":"142","labl":"Centro","is_missing":null,"stats":[]},{"value":"143","labl":"Guayabal","is_missing":null,"stats":[]},{"value":"144","labl":"El Oso","is_missing":null,"stats":[]},{"value":"145","labl":"Antonio Nari\u00f1o","is_missing":null,"stats":[]},{"value":"146","labl":"Comuna 15","is_missing":null,"stats":[]},{"value":"147","labl":"Comuna 15","is_missing":null,"stats":[]},{"value":"148","labl":"Tejar","is_missing":null,"stats":[]},{"value":"149","labl":"Belen","is_missing":null,"stats":[]},{"value":"150","labl":"San Nicolas","is_missing":null,"stats":[]},{"value":"151","labl":"Puente Aranda","is_missing":null,"stats":[]},{"value":"152","labl":"Comuna 16","is_missing":null,"stats":[]},{"value":"153","labl":"El Rocio","is_missing":null,"stats":[]},{"value":"154","labl":"Candelaria","is_missing":null,"stats":[]},{"value":"155","labl":"Comuna 17","is_missing":null,"stats":[]},{"value":"156","labl":"Del Cafe","is_missing":null,"stats":[]},{"value":"157","labl":"Rafael Uribe Uribe","is_missing":null,"stats":[]},{"value":"158","labl":"Comuna 18","is_missing":null,"stats":[]},{"value":"159","labl":"El Poblado","is_missing":null,"stats":[]},{"value":"160","labl":"Ciudad Bolivar","is_missing":null,"stats":[]},{"value":"161","labl":"Comuna 19","is_missing":null,"stats":[]},{"value":"163","labl":"Comuna 20","is_missing":null,"stats":[]},{"value":"164","labl":"Comuna 21","is_missing":null,"stats":[]},{"value":"165","labl":"Comuna 22","is_missing":null,"stats":[]}],"var_codinstr":null,"var_concept":[],"var_format":{"type":"numeric","schema":"other","category":null,"name":null},"var_notes":null,"var_val_range":{"min":"1","max":"165"},"fid":"F2","sid":"801","survey_idno":"DANE-DIMPE-EDUCACIN-FORMAL-2022"}

El acceso a microdatos y Mam-up se considera como de tratamiento especial respecto a la reserva estadística por tanto estará sujeto a la reglamentación que para el efecto defina el Comité de Aseguramiento de la reserva estadística. Resolución 173 de 2008.

La fuente primaria son las sedes educativas de Educación Formal, legalmente constituidas, del sector oficial y del sector no oficial, que ofrecen los niveles de preescolar, básica primaria, básica secundaria y media localizados en el área urbana y rural dentro del territorio nacional. También se incluyen las sedes que ofrecen educación para adultos (CLEI), así como, modelos educativos flexibles que contemplan procesos de aprendizaje dirigidos a grupos de población vulnerable, jóvenes en extra edad y adultos

El informante idóneo es el rector o el representante legal de la unidad de observación.

Sedes educativas de educación formal, legalmente constituidas, del sector oficial y del sector no oficial, que ofrecen los niveles de preescolar, básica primaria, básica secundaria y media, localizados en el área urbana y rural dentro del territorio nacional. También se incluyen las sedes que ofrecen educación para adultos (Decreto 3011 de 1997 donde se establecen normas para el ofrecimiento de la educación de adultos y se dictan otras disposiciones). Así como,Modelos Educativos Flexibles que contemplan procesos de aprendizaje dirigidos a grupos de población vulnerable, jóvenes en extra edad y adultos.

La Estación

Antonio Nariño
