{"file_id":"F3","vid":"V1211","name":"C17o","var_intrvl":"discrete","var_dcml":"0","var_wgt":null,"var_is_wgt":null,"loc_start_pos":"76","loc_end_pos":"76","loc_width":"1","loc_rec_seg_no":"1","labl":"Religi\u00f3n","var_imputation":null,"var_security":null,"var_resp_unit":null,"var_analysis_unit":null,"var_qstn_preqtxt":null,"var_qstn_qstnlit":"\u00bfDurante los \u00faltimos doce meses ha tenido conocimiento de alg\u00fan caso de discriminaci\u00f3n laboral en su entidad, por al\u00adguno de estos motivos?\n\no. Religi\u00f3n\n\n1\tS\u00ed\n2\tNo\n9              Prefiere  no contestar","var_qstn_postqtxt":null,"var_qstn_ivuinstr":"La pregunta de esta secci\u00f3n tiene como objetivo identificar situaciones de discriminaci\u00f3n laboral que se hayan presentado en el interior de las entidades p\u00fablicas y las causas que las motivaron. \nLa respuesta no implica que el servidor haya sido objeto de alguna de las situaciones de discrimina\u00adci\u00f3n mencionadas; solo si conoci\u00f3 que esta situa\u00adci\u00f3n se present\u00f3 en su entidad. \n\no. Religi\u00f3n: como la identidad religiosa, culto religioso que se profesa o por no tener una religi\u00f3n o creencia religiosa","var_universe":null,"var_universe_clusion":null,"var_sumstat":[{"value":"0","type":"vald","wgtd":null},{"value":"0","type":"invd","wgtd":null}],"var_txt":null,"var_catgry":[{"value":"1","labl":"Si","is_missing":null,"stats":[]},{"value":"2","labl":"No","is_missing":null,"stats":[]},{"value":"9","labl":"Prefiere  no contestar","is_missing":null,"stats":[]}],"var_codinstr":null,"var_concept":[],"var_format":{"type":"numeric","schema":"other","category":null,"name":null},"var_notes":null,"var_val_range":{"min":null,"max":null},"fid":"F3","sid":"811","survey_idno":"DANE-DIMPE-EDI-ENTIDAD-2023"}

Religión

¿Durante los últimos doce meses ha tenido conocimiento de algún caso de discriminación laboral en su entidad, por al­guno de estos motivos?

o. Religión

1	Sí
2	No
9              Prefiere  no contestar

La pregunta de esta sección tiene como objetivo identificar situaciones de discriminación laboral que se hayan presentado en el interior de las entidades públicas y las causas que las motivaron. 
La respuesta no implica que el servidor haya sido objeto de alguna de las situaciones de discrimina­ción mencionadas; solo si conoció que esta situa­ción se presentó en su entidad. 

o. Religión: como la identidad religiosa, culto religioso que se profesa o por no tener una religión o creencia religiosa
