{"file_id":"F3","vid":"V1212","name":"F03h","var_intrvl":"discrete","var_dcml":"0","var_wgt":null,"var_is_wgt":null,"loc_start_pos":"186","loc_end_pos":"186","loc_width":"1","loc_rec_seg_no":"1","labl":"Paz total, memoria y derechos humanos.","var_imputation":null,"var_security":null,"var_resp_unit":null,"var_analysis_unit":null,"var_qstn_preqtxt":null,"var_qstn_qstnlit":"Durante los \u00faltimos doce meses recibi\u00f3 capacitaci\u00f3n en los siguientes temas:\n\nh. Paz total, memoria y derechos humanos\n\n1\tS\u00ed\n2\tNo","var_qstn_postqtxt":null,"var_qstn_ivuinstr":"La pregunta tiene como objetivo identificar si los y las servidores\/as recibieron formaci\u00f3n sobre algunos instrumentos relacionados con cultura de legalidad y transparencia en la entidad.\n\nh. Paz total, memoria y derechos humanos: de acuerdo con el PND 2022-2026, es la apuesta para que el centro de todas las decisiones de pol\u00edtica p\u00fablica sea la vida digna, de tal manera que los humanos y los ecosistemas sean respetados y protegidos. Se trata de generar transformaciones territoriales, superar el d\u00e9ficit de derechos econ\u00f3micos, sociales, culturales, ambientales, y acabar con las violencias armadas, tanto aquellas de origen sociopol\u00edtico como las que est\u00e1n marcadas por el lucro, la acumulaci\u00f3n y el aseguramiento de riqueza.","var_universe":null,"var_universe_clusion":null,"var_sumstat":[{"value":"0","type":"vald","wgtd":null},{"value":"0","type":"invd","wgtd":null}],"var_txt":null,"var_catgry":[{"value":"1","labl":"Si","is_missing":null,"stats":[]},{"value":"2","labl":"No","is_missing":null,"stats":[]}],"var_codinstr":null,"var_concept":[],"var_format":{"type":"numeric","schema":"other","category":null,"name":null},"var_notes":null,"var_val_range":{"min":null,"max":null},"fid":"F3","sid":"811","survey_idno":"DANE-DIMPE-EDI-ENTIDAD-2023"}

Durante los últimos doce meses recibió capacitación en los siguientes temas:

h. Paz total, memoria y derechos humanos

1	Sí
2	No

La pregunta tiene como objetivo identificar si los y las servidores/as recibieron formación sobre algunos instrumentos relacionados con cultura de legalidad y transparencia en la entidad.

h. Paz total, memoria y derechos humanos: de acuerdo con el PND 2022-2026, es la apuesta para que el centro de todas las decisiones de política pública sea la vida digna, de tal manera que los humanos y los ecosistemas sean respetados y protegidos. Se trata de generar transformaciones territoriales, superar el déficit de derechos económicos, sociales, culturales, ambientales, y acabar con las violencias armadas, tanto aquellas de origen sociopolítico como las que están marcadas por el lucro, la acumulación y el aseguramiento de riqueza.
