{"file_id":"F3","vid":"V1213","name":"F03g","var_intrvl":"discrete","var_dcml":"0","var_wgt":null,"var_is_wgt":null,"loc_start_pos":"185","loc_end_pos":"185","loc_width":"1","loc_rec_seg_no":"1","labl":"Mujeres, inclusi\u00f3n y diversidad.","var_imputation":null,"var_security":null,"var_resp_unit":null,"var_analysis_unit":null,"var_qstn_preqtxt":null,"var_qstn_qstnlit":"Durante los \u00faltimos doce meses recibi\u00f3 capacitaci\u00f3n en los siguientes temas:\n\ng. Mujeres, inclusi\u00f3n y diversidad \n\n1\tS\u00ed\n2\tNo","var_qstn_postqtxt":null,"var_qstn_ivuinstr":"La pregunta tiene como objetivo identificar si los y las servidores\/as recibieron formaci\u00f3n sobre algunos instrumentos relacionados con cultura de legalidad y transparencia en la entidad.\n\ng. Mujeres, inclusi\u00f3n y diversidad: sensibilizaci\u00f3n sobre a temas relacionados con la no discriminaci\u00f3n, el respeto, la tolerancia y aceptaci\u00f3n frente a las diferencias de los dem\u00e1s.","var_universe":null,"var_universe_clusion":null,"var_sumstat":[{"value":"0","type":"vald","wgtd":null},{"value":"0","type":"invd","wgtd":null}],"var_txt":null,"var_catgry":[{"value":"1","labl":"Si","is_missing":null,"stats":[]},{"value":"2","labl":"No","is_missing":null,"stats":[]}],"var_codinstr":null,"var_concept":[],"var_format":{"type":"numeric","schema":"other","category":null,"name":null},"var_notes":null,"var_val_range":{"min":null,"max":null},"fid":"F3","sid":"811","survey_idno":"DANE-DIMPE-EDI-ENTIDAD-2023"}

Mujeres, inclusión y diversidad.

Durante los últimos doce meses recibió capacitación en los siguientes temas:

g. Mujeres, inclusión y diversidad 

1	Sí
2	No

La pregunta tiene como objetivo identificar si los y las servidores/as recibieron formación sobre algunos instrumentos relacionados con cultura de legalidad y transparencia en la entidad.

g. Mujeres, inclusión y diversidad: sensibilización sobre a temas relacionados con la no discriminación, el respeto, la tolerancia y aceptación frente a las diferencias de los demás.
