{"file_id":"F3","vid":"V1226","name":"C17o","var_intrvl":"discrete","var_dcml":"0","var_wgt":null,"var_is_wgt":null,"loc_start_pos":"78","loc_end_pos":"78","loc_width":"1","loc_rec_seg_no":"1","labl":"Religi\u00f3n","var_imputation":null,"var_security":null,"var_resp_unit":null,"var_analysis_unit":null,"var_qstn_preqtxt":null,"var_qstn_qstnlit":"\u00bfDurante los \u00faltimos doce meses ha tenido conocimiento de alg\u00fan caso de discriminaci\u00f3n laboral en su entidad, por al\u00adguna de las siguientes razones? \t\n\no.  Religi\u00f3n: como la identidad religiosa, culto religioso que se profesa o por no tener una religi\u00f3n o creencia religiosa\n\n1\tS\u00ed\n2\tNo\n9              Prefiere  no contestar","var_qstn_postqtxt":null,"var_qstn_ivuinstr":"La pregunta de esta secci\u00f3n tiene como objetivo identificar situaciones de discriminaci\u00f3n laboral que hayan experimentado los y las servidores\/as al interior de las entidades p\u00fablicas.\n\no.  Religi\u00f3n: como la identidad religiosa, culto religioso que se profesa o por no tener una religi\u00f3n o creencia religiosa","var_universe":null,"var_universe_clusion":null,"var_sumstat":[{"value":"0","type":"vald","wgtd":null},{"value":"0","type":"invd","wgtd":null}],"var_txt":null,"var_catgry":[{"value":"1","labl":"Si","is_missing":null,"stats":[]},{"value":"2","labl":"No","is_missing":null,"stats":[]},{"value":"9","labl":"Prefiere  no contestar","is_missing":null,"stats":[]}],"var_codinstr":null,"var_concept":[],"var_format":{"type":"numeric","schema":"other","category":null,"name":null},"var_notes":null,"var_val_range":{"min":null,"max":null},"fid":"F3","sid":"812","survey_idno":"DANE-DIMPE-EDID-REGION-2023"}

Religión

¿Durante los últimos doce meses ha tenido conocimiento de algún caso de discriminación laboral en su entidad, por al­guna de las siguientes razones? 	

o.  Religión: como la identidad religiosa, culto religioso que se profesa o por no tener una religión o creencia religiosa

1	Sí
2	No
9              Prefiere  no contestar

La pregunta de esta sección tiene como objetivo identificar situaciones de discriminación laboral que hayan experimentado los y las servidores/as al interior de las entidades públicas.

o.  Religión: como la identidad religiosa, culto religioso que se profesa o por no tener una religión o creencia religiosa
