{"file_id":"F3","vid":"V1229","name":"F03i","var_intrvl":"discrete","var_dcml":"0","var_wgt":null,"var_is_wgt":null,"loc_start_pos":"189","loc_end_pos":"189","loc_width":"1","loc_rec_seg_no":"1","labl":"Territorio, vida y ambiente.","var_imputation":null,"var_security":null,"var_resp_unit":null,"var_analysis_unit":null,"var_qstn_preqtxt":null,"var_qstn_qstnlit":"Durante los \u00faltimos doce meses recibi\u00f3 capacitaci\u00f3n en los siguientes temas:\n\ni.Territorio, vida y ambiente\n\n1\tS\u00ed\n2\tNo","var_qstn_postqtxt":null,"var_qstn_ivuinstr":"La pregunta tiene como objetivo identificar si las y los servidores recibieron formaci\u00f3n sobre algunos instrumentos relacionados con cultura de legalidad y transparencia en la entidad.\n\ni.Territorio, vida y ambiente: sensibilizaci\u00f3n entorno a la relevancia del espacio geogr\u00e1fico en la articulaci\u00f3n y balance entre las condiciones de vida de sus habitantes y el lugar de convivencia.","var_universe":null,"var_universe_clusion":null,"var_sumstat":[{"value":"0","type":"vald","wgtd":null},{"value":"0","type":"invd","wgtd":null}],"var_txt":null,"var_catgry":[{"value":"1","labl":"Si","is_missing":null,"stats":[]},{"value":"2","labl":"No","is_missing":null,"stats":[]}],"var_codinstr":null,"var_concept":[],"var_format":{"type":"numeric","schema":"other","category":null,"name":null},"var_notes":null,"var_val_range":{"min":null,"max":null},"fid":"F3","sid":"812","survey_idno":"DANE-DIMPE-EDID-REGION-2023"}

Durante los últimos doce meses recibió capacitación en los siguientes temas:

i.Territorio, vida y ambiente

1	Sí
2	No

La pregunta tiene como objetivo identificar si las y los servidores recibieron formación sobre algunos instrumentos relacionados con cultura de legalidad y transparencia en la entidad.

i.Territorio, vida y ambiente: sensibilización entorno a la relevancia del espacio geográfico en la articulación y balance entre las condiciones de vida de sus habitantes y el lugar de convivencia.
