{"file_id":"F3","vid":"V1232","name":"F04c","var_intrvl":"discrete","var_dcml":"0","var_wgt":null,"var_is_wgt":null,"loc_start_pos":"193","loc_end_pos":"193","loc_width":"1","loc_rec_seg_no":"1","labl":"Aplicaci\u00f3n y\/o implementaci\u00f3n de soluciones innovadoras","var_imputation":null,"var_security":null,"var_resp_unit":null,"var_analysis_unit":null,"var_qstn_preqtxt":null,"var_qstn_qstnlit":"\u00bfEn cu\u00e1les tem\u00e1ticas de la gesti\u00f3n del conocimiento y la innovaci\u00f3n recibi\u00f3 capacitaci\u00f3n?\n\nc. Aplicaci\u00f3n y\/o implementaci\u00f3n de soluciones innovadoras\n\n1\tS\u00ed\n2\tNo","var_qstn_postqtxt":null,"var_qstn_ivuinstr":"La pregunta tiene como objetivo identificar las tem\u00e1ticas que sobre gesti\u00f3n del conocimiento e innovaci\u00f3n recibieron formaci\u00f3n los y las servidores\/as.\n\nc. Aplicaci\u00f3n y\/o implementaci\u00f3n de soluciones innovadoras","var_universe":null,"var_universe_clusion":null,"var_sumstat":[{"value":"0","type":"vald","wgtd":null},{"value":"0","type":"invd","wgtd":null}],"var_txt":null,"var_catgry":[{"value":"1","labl":"Si","is_missing":null,"stats":[]},{"value":"2","labl":"No","is_missing":null,"stats":[]}],"var_codinstr":null,"var_concept":[],"var_format":{"type":"numeric","schema":"other","category":null,"name":null},"var_notes":null,"var_val_range":{"min":null,"max":null},"fid":"F3","sid":"812","survey_idno":"DANE-DIMPE-EDID-REGION-2023"}

Aplicación y/o implementación de soluciones innovadoras

¿En cuáles temáticas de la gestión del conocimiento y la innovación recibió capacitación?

c. Aplicación y/o implementación de soluciones innovadoras

1	Sí
2	No

La pregunta tiene como objetivo identificar las temáticas que sobre gestión del conocimiento e innovación recibieron formación los y las servidores/as.

c. Aplicación y/o implementación de soluciones innovadoras
