{"file_id":"F30","vid":"V1485","name":"P2088","var_intrvl":"discrete","var_dcml":"0","var_wgt":null,"var_is_wgt":null,"loc_start_pos":"78","loc_end_pos":"78","loc_width":"1","loc_rec_seg_no":"1","labl":"5.  El agua para beber principalmente:","var_imputation":null,"var_security":null,"var_resp_unit":null,"var_analysis_unit":null,"var_qstn_preqtxt":null,"var_qstn_qstnlit":"5.  El agua para beber principalmente:\n\n1.\tLa usan tal como la obtienen\n2.\tLa hierven\n3.\tLe echan cloro\n4.\tUtilizan filtros\n5.\tLa decantan o usan filtros naturales\n6.\tCompran agua embotellada o en bolsa","var_qstn_postqtxt":null,"var_qstn_ivuinstr":null,"var_universe":"El universo para la Encuesta Longitudinal de Colombia (ELCO) est\u00e1 conformado por la poblaci\u00f3n civil no institucional residente en todo el territorio nacional, excluyendo San Andr\u00e9s, Providencia y los departamentos de Amazonas, Guain\u00eda y Vaup\u00e9s.","var_universe_clusion":"I","var_sumstat":[{"value":"16938","type":"vald","wgtd":null},{"value":"0","type":"invd","wgtd":null},{"value":"1","type":"min","wgtd":null},{"value":"6","type":"max","wgtd":null},{"value":"1.96","type":"mean","wgtd":null},{"value":"1.403","type":"stdev","wgtd":null}],"var_txt":null,"var_catgry":[{"value":"1","labl":"La usan tal como la obtienen","is_missing":null,"stats":[{"value":"8239","type":"freq","wgtd":null}]},{"value":"2","labl":"La hierven","is_missing":null,"stats":[{"value":"6122","type":"freq","wgtd":null}]},{"value":"3","labl":"Le echan cloro","is_missing":null,"stats":[{"value":"143","type":"freq","wgtd":null}]},{"value":"4","labl":"Utilizan filtros","is_missing":null,"stats":[{"value":"1131","type":"freq","wgtd":null}]},{"value":"5","labl":"La decantan o usan filtros naturales","is_missing":null,"stats":[{"value":"57","type":"freq","wgtd":null}]},{"value":"6","labl":"Compran agua embotellada o en bolsa","is_missing":null,"stats":[{"value":"1246","type":"freq","wgtd":null}]}],"var_codinstr":null,"var_concept":[],"var_format":{"type":"numeric","schema":"other","category":null,"name":null},"var_notes":null,"var_val_range":{"min":"1","max":"6"},"fid":"F30","sid":"814","survey_idno":"DANE-DIMPE-ELCO-2019"}

El universo para la Encuesta Longitudinal de Colombia (ELCO) está conformado por la población civil no institucional residente en todo el territorio nacional, excluyendo San Andrés, Providencia y los departamentos de Amazonas, Guainía y Vaupés.
